{"id":141,"date":"2015-03-17T07:13:24","date_gmt":"2015-03-17T07:13:24","guid":{"rendered":"http:\/\/blogsaverroes.juntadeandalucia.es\/pre\/ceip\/?page_id=141"},"modified":"2024-08-25T23:31:24","modified_gmt":"2024-08-25T23:31:24","slug":"escolarizacion","status":"publish","type":"page","link":"https:\/\/blogsaverroes.juntadeandalucia.es\/ceipmayorzaragoza\/escolarizacion\/","title":{"rendered":"Escolarizaci\u00f3n"},"content":{"rendered":"<div>\n<div><strong>ESCOLARIZACI\u00d3N 2024-2025.<\/strong><\/div>\n<\/div>\n<p class=\"western\" lang=\"es-ES-u-co-trad\" style=\"text-align: left\" align=\"center\"><span style=\"color: #000080\"><span style=\"font-family: Comic Sans MS, cursive\"><span style=\"font-size: x-large\"><b>\u00a1Muy importante para todas las familias que tienen que escolarizar a sus hijos\/as en los cursos de comienzo de las Etapas de Educaci\u00f3n Infantil y Educaci\u00f3n Primaria! <\/b><\/span><\/span><\/span><\/p>\n<ul>\n<li>\n<p class=\"western\" lang=\"es-ES-u-co-trad\"><span style=\"color: #000080\"><span style=\"font-size: large\">El <\/span><\/span><span style=\"color: #000080\"><span style=\"font-size: large\"><b>plazo de presentaci\u00f3n<\/b><\/span><\/span><span style=\"color: #000080\"><span style=\"font-size: large\"> de solicitudes para escolarizar a sus hijos\/as es del <\/span><\/span><span style=\"color: #000080\"><span style=\"font-size: large\"><b>1 de marzo al 31 de marzo.<\/b><\/span><\/span><\/p>\n<\/li>\n<li>\n<p class=\"western\" lang=\"es-ES-u-co-trad\"><span style=\"color: #000080\"><span style=\"font-size: large\">El horario para la presentaci\u00f3n de solicitudes ser\u00e1, en nuestro Centro, de <\/span><\/span><span style=\"color: #000080\"><span style=\"font-size: large\"><b>9:30 a 13:30<\/b><\/span><\/span><span style=\"color: #000080\"><span style=\"font-size: large\"> horas, en Secretar\u00eda.<\/span><\/span><\/p>\n<\/li>\n<li>\n<p class=\"western\" lang=\"es-ES-u-co-trad\"><span style=\"color: #000080\"><span style=\"font-size: large\">Previamente pueden recogerse los impresos (o descargarlos pulsando <a href=\"https:\/\/blogsaverroes.juntadeandalucia.es\/ceipmayorzaragoza\/files\/2021\/02\/Impreso_Solicitud_Admision_Anexo_III.pdf\">AQU\u00cd<\/a>), que deber\u00e1n aportarse cumplimentados y acompa\u00f1ados de la <a href=\"https:\/\/blogsaverroes.juntadeandalucia.es\/ceipmayorzaragoza\/files\/2021\/03\/ESCOLARIZACION_2122_documentacion_necesaria.pdf\">documentaci\u00f3n que se solicita<\/a>. Tambi\u00e9n se puede realizar el tr\u00e1mite de forma telem\u00e1tica a trav\u00e9s de la secretar\u00eda virtual de los centros educativos.<\/span><\/span><\/p>\n<\/li>\n<li>\n<p class=\"western\" lang=\"es-ES-u-co-trad\"><span style=\"color: #000080\"><span style=\"font-size: large\">Nuestro Centro admitir\u00e1 alumnado para las etapas de Educaci\u00f3n Infantil y Educaci\u00f3n Primaria, seg\u00fan la relaci\u00f3n de vacantes expuesta en el tabl\u00f3n de anuncios y en la documentaci\u00f3n adjunta.<\/span><\/span><\/p>\n<\/li>\n<li>\n<p class=\"western\" lang=\"es-ES-u-co-trad\"><span style=\"color: #000080\"><span style=\"font-size: large\">Nuestro Centro imparte docencia <\/span><\/span><span style=\"color: #000080\"><span style=\"font-size: large\"><b>Biling\u00fce<\/b><\/span><\/span><span style=\"color: #000080\"><span style=\"font-size: large\"> en todos los niveles de las etapas de Educaci\u00f3n Infantil y Educaci\u00f3n Primaria. <\/span><\/span><\/p>\n<\/li>\n<\/ul>\n<p class=\"western\" lang=\"es-ES-u-co-trad\"><span style=\"color: #000080\"><span style=\"font-family: Comic Sans MS, cursive\"><span style=\"font-size: large\"><b>En Direcci\u00f3n les atenderemos, solicitando cita previa en el tel\u00e9fono 958649950 o a trav\u00e9s del correo 18008117.edu@juntadeandalucia.es, para informarles sobre aquellos aspectos relacionados con nuestro Centro (Proyecto Educativo, Recursos del mismo, Transporte Escolar, Servicio de Comedor, Aula Matinal y Actividades Complementarias que ofrece, cauces de participaci\u00f3n en la vida del Centro,&#8230;) que, previamente a la escolarizaci\u00f3n de sus hijos\/as, quieran conocer<\/b><\/span><\/span><\/span><span style=\"color: #000080\"><span style=\"font-family: Comic Sans MS, cursive\"><span style=\"font-size: large\">.<\/span><\/span><\/span><\/p>\n<p lang=\"es-ES-u-co-trad\"><a href=\"https:\/\/blogsaverroes.juntadeandalucia.es\/ceipmayorzaragoza\/files\/2021\/03\/CEIP-MAYOR-ZARAGOZA-presentacion-2021.mp4\">V\u00eddeo de Presentaci\u00f3n del CEIP Biling\u00fce MAYOR ZARAGOZA<\/a><\/p>\n<p lang=\"es-ES-u-co-trad\" style=\"text-align: left\" align=\"center\"><strong>Descarga el Anexo III de Solicitud de admisi\u00f3n:<\/strong><\/p>\n<p><a href=\"https:\/\/blogsaverroes.juntadeandalucia.es\/ceipmayorzaragoza\/files\/2022\/02\/Admision_Anexo_III.pdf\">Anexo_III de solicitud de Admisi\u00f3n<\/a><\/p>\n<p><strong>Descarga del cuestionario para la escolarizaci\u00f3n del alumnado de 3 a\u00f1os.<\/strong><\/p>\n<p><a href=\"https:\/\/blogsaverroes.juntadeandalucia.es\/ceipmayorzaragoza\/files\/2022\/02\/Escolariz2223_CuestionarioInfantil3.pdf\">Cuestionario Escolarizaci\u00f3n Alumnado de Infantil 3 a\u00f1os<\/a><\/p>\n<p>Este cuestionario se puede cumplimentar de forma telem\u00e1tica en el siguiente enlace: <a href=\"https:\/\/forms.gle\/sbD1QW9ixCFdGEko8\">https:\/\/forms.gle\/sbD1QW9ixCFdGEko8<\/a><\/p>\n<p><strong>Enlace al portal de escolarizaci\u00f3n de la Junta de Andaluc\u00eda:<\/strong><\/p>\n<p><a href=\"https:\/\/www.juntadeandalucia.es\/educacion\/portals\/web\/escolarizacion\">http:\/\/www.juntadeandalucia.es\/educacion\/portals\/web\/escolarizacion&nbsp;<\/a><\/p>\n<p lang=\"es-ES-u-co-trad\" style=\"text-align: left\" align=\"center\"><strong>Enlace a la secretar\u00eda Virtual de los Centros educativos para cumplimentar la solicitud de admisi\u00f3n de forma telem\u00e1tica:<\/strong><\/p>\n<p lang=\"es-ES-u-co-trad\" style=\"text-align: left\" align=\"center\"><a href=\"https:\/\/www.juntadeandalucia.es\/educacion\/secretariavirtual\/accesoTramite\/543\/\">https:\/\/www.juntadeandalucia.es\/educacion\/secretariavirtual\/<\/a><\/p>\n<p lang=\"es-ES-u-co-trad\" style=\"text-align: left\" align=\"center\"><strong>DOCUMENTACI\u00d3N NECESARIA PARA EL PROCESO DE ESCOLARIZACI\u00d3N<\/strong><\/p>\n<p class=\"western\"><span style=\"font-family: Comic Sans MS, cursive\"><span style=\"font-size: medium\">1.- Impreso de solicitud (ANEXO III), cumplimentado en may\u00fasculas, en todos los apartados que corresponda.<\/span><\/span><\/p>\n<p class=\"western\"><span style=\"font-family: Comic Sans MS, cursive\"><span style=\"font-size: medium\">2.- Fotocopia del libro de familia.<\/span><\/span><\/p>\n<p class=\"western\"><span style=\"font-family: Comic Sans MS, cursive\"><span style=\"font-size: medium\">3.- Fotocopia del DNI del padre\/madre y\/o tutores legales, as\u00ed como del solicitante y resto de integrantes de la unidad familiar, en caso de poseer.<\/span><\/span><\/p>\n<p class=\"western\"><span style=\"font-family: Comic Sans MS, cursive\"><span style=\"font-size: medium\">4.- Cuatro fotos del alumno\/a, recientes, tama\u00f1o carnet.<\/span><\/span><\/p>\n<p class=\"western\"><span style=\"font-family: Comic Sans MS, cursive\"><span style=\"font-size: medium\">5.- Cuestionario para el EOE del Centro (solo para solicitudes de Infantil 3 a\u00f1os).<\/span><\/span><\/p>\n<p class=\"western\"><span style=\"font-family: Comic Sans MS, cursive\"><span style=\"font-size: medium\">6.- Certificado de empadronamiento.<\/span><\/span><\/p>\n<p class=\"western\"><span style=\"font-family: Comic Sans MS, cursive\"><span style=\"font-size: medium\">7.- Certificaci\u00f3n acreditativa de las situaciones declaradas en el impreso de solicitud.<\/span><\/span><\/p>\n<p>&nbsp;<\/p>\n","protected":false},"excerpt":{"rendered":"<p>ESCOLARIZACI\u00d3N 2024-2025. \u00a1Muy importante para todas las familias que tienen que escolarizar a sus hijos\/as en los cursos de comienzo de las Etapas de Educaci\u00f3n Infantil y Educaci\u00f3n Primaria! El plazo de presentaci\u00f3n de solicitudes para escolarizar a sus hijos\/as es del 1 de marzo al 31 de marzo.&#46;&#46;&#46;<\/p>\n","protected":false},"author":1,"featured_media":0,"parent":0,"menu_order":0,"comment_status":"open","ping_status":"open","template":"page-templates\/child-menu.php","meta":{"ngg_post_thumbnail":0,"footnotes":"","_mc_calendar":[]},"aioseo_notices":[],"_links":{"self":[{"href":"https:\/\/blogsaverroes.juntadeandalucia.es\/ceipmayorzaragoza\/wp-json\/wp\/v2\/pages\/141"}],"collection":[{"href":"https:\/\/blogsaverroes.juntadeandalucia.es\/ceipmayorzaragoza\/wp-json\/wp\/v2\/pages"}],"about":[{"href":"https:\/\/blogsaverroes.juntadeandalucia.es\/ceipmayorzaragoza\/wp-json\/wp\/v2\/types\/page"}],"author":[{"embeddable":true,"href":"https:\/\/blogsaverroes.juntadeandalucia.es\/ceipmayorzaragoza\/wp-json\/wp\/v2\/users\/1"}],"replies":[{"embeddable":true,"href":"https:\/\/blogsaverroes.juntadeandalucia.es\/ceipmayorzaragoza\/wp-json\/wp\/v2\/comments?post=141"}],"version-history":[{"count":28,"href":"https:\/\/blogsaverroes.juntadeandalucia.es\/ceipmayorzaragoza\/wp-json\/wp\/v2\/pages\/141\/revisions"}],"predecessor-version":[{"id":6497,"href":"https:\/\/blogsaverroes.juntadeandalucia.es\/ceipmayorzaragoza\/wp-json\/wp\/v2\/pages\/141\/revisions\/6497"}],"wp:attachment":[{"href":"https:\/\/blogsaverroes.juntadeandalucia.es\/ceipmayorzaragoza\/wp-json\/wp\/v2\/media?parent=141"}],"curies":[{"name":"wp","href":"https:\/\/api.w.org\/{rel}","templated":true}]}}

Escolarización

<div>
<div><strong>ESCOLARIZACIÓN 2024-2025.</strong></div>
</div>
<p class="western" lang="es-ES-u-co-trad" style="text-align: left" align="center"><span style="color: #000080"><span style="font-family: Comic Sans MS, cursive"><span style="font-size: x-large"><b>¡Muy importante para todas las familias que tienen que escolarizar a sus hijos/as en los cursos de comienzo de las Etapas de Educación Infantil y Educación Primaria! </b></span></span></span></p>
<ul>
<li>
<p class="western" lang="es-ES-u-co-trad"><span style="color: #000080"><span style="font-size: large">El </span></span><span style="color: #000080"><span style="font-size: large"><b>plazo de presentación</b></span></span><span style="color: #000080"><span style="font-size: large"> de solicitudes para escolarizar a sus hijos/as es del </span></span><span style="color: #000080"><span style="font-size: large"><b>1 de marzo al 31 de marzo.</b></span></span></p>
</li>
<li>
<p class="western" lang="es-ES-u-co-trad"><span style="color: #000080"><span style="font-size: large">El horario para la presentación de solicitudes será, en nuestro Centro, de </span></span><span style="color: #000080"><span style="font-size: large"><b>9:30 a 13:30</b></span></span><span style="color: #000080"><span style="font-size: large"> horas, en Secretaría.</span></span></p>
</li>
<li>
<p class="western" lang="es-ES-u-co-trad"><span style="color: #000080"><span style="font-size: large">Previamente pueden recogerse los impresos (o descargarlos pulsando <a href="https://blogsaverroes.juntadeandalucia.es/ceipmayorzaragoza/files/2021/02/Impreso_Solicitud_Admision_Anexo_III.pdf">AQUÍ</a>), que deberán aportarse cumplimentados y acompañados de la <a href="https://blogsaverroes.juntadeandalucia.es/ceipmayorzaragoza/files/2021/03/ESCOLARIZACION_2122_documentacion_necesaria.pdf">documentación que se solicita</a>. También se puede realizar el trámite de forma telemática a través de la secretaría virtual de los centros educativos.</span></span></p>
</li>
<li>
<p class="western" lang="es-ES-u-co-trad"><span style="color: #000080"><span style="font-size: large">Nuestro Centro admitirá alumnado para las etapas de Educación Infantil y Educación Primaria, según la relación de vacantes expuesta en el tablón de anuncios y en la documentación adjunta.</span></span></p>
</li>
<li>
<p class="western" lang="es-ES-u-co-trad"><span style="color: #000080"><span style="font-size: large">Nuestro Centro imparte docencia </span></span><span style="color: #000080"><span style="font-size: large"><b>Bilingüe</b></span></span><span style="color: #000080"><span style="font-size: large"> en todos los niveles de las etapas de Educación Infantil y Educación Primaria. </span></span></p>
</li>
</ul>
<p class="western" lang="es-ES-u-co-trad"><span style="color: #000080"><span style="font-family: Comic Sans MS, cursive"><span style="font-size: large"><b>En Dirección les atenderemos, solicitando cita previa en el teléfono 958649950 o a través del correo 18008117.edu@juntadeandalucia.es, para informarles sobre aquellos aspectos relacionados con nuestro Centro (Proyecto Educativo, Recursos del mismo, Transporte Escolar, Servicio de Comedor, Aula Matinal y Actividades Complementarias que ofrece, cauces de participación en la vida del Centro,&#8230;) que, previamente a la escolarización de sus hijos/as, quieran conocer</b></span></span></span><span style="color: #000080"><span style="font-family: Comic Sans MS, cursive"><span style="font-size: large">.</span></span></span></p>
<p lang="es-ES-u-co-trad"><a href="https://blogsaverroes.juntadeandalucia.es/ceipmayorzaragoza/files/2021/03/CEIP-MAYOR-ZARAGOZA-presentacion-2021.mp4">Vídeo de Presentación del CEIP Bilingüe MAYOR ZARAGOZA</a></p>
<p lang="es-ES-u-co-trad" style="text-align: left" align="center"><strong>Descarga el Anexo III de Solicitud de admisión:</strong></p>
<p><a href="https://blogsaverroes.juntadeandalucia.es/ceipmayorzaragoza/files/2022/02/Admision_Anexo_III.pdf">Anexo_III de solicitud de Admisión</a></p>
<p><strong>Descarga del cuestionario para la escolarización del alumnado de 3 años.</strong></p>
<p><a href="https://blogsaverroes.juntadeandalucia.es/ceipmayorzaragoza/files/2022/02/Escolariz2223_CuestionarioInfantil3.pdf">Cuestionario Escolarización Alumnado de Infantil 3 años</a></p>
<p>Este cuestionario se puede cumplimentar de forma telemática en el siguiente enlace: <a href="https://forms.gle/sbD1QW9ixCFdGEko8">https://forms.gle/sbD1QW9ixCFdGEko8</a></p>
<p><strong>Enlace al portal de escolarización de la Junta de Andalucía:</strong></p>
<p><a href="https://www.juntadeandalucia.es/educacion/portals/web/escolarizacion">http://www.juntadeandalucia.es/educacion/portals/web/escolarizacion&nbsp;</a></p>
<p lang="es-ES-u-co-trad" style="text-align: left" align="center"><strong>Enlace a la secretaría Virtual de los Centros educativos para cumplimentar la solicitud de admisión de forma telemática:</strong></p>
<p lang="es-ES-u-co-trad" style="text-align: left" align="center"><a href="https://www.juntadeandalucia.es/educacion/secretariavirtual/accesoTramite/543/">https://www.juntadeandalucia.es/educacion/secretariavirtual/</a></p>
<p lang="es-ES-u-co-trad" style="text-align: left" align="center"><strong>DOCUMENTACIÓN NECESARIA PARA EL PROCESO DE ESCOLARIZACIÓN</strong></p>
<p class="western"><span style="font-family: Comic Sans MS, cursive"><span style="font-size: medium">1.- Impreso de solicitud (ANEXO III), cumplimentado en mayúsculas, en todos los apartados que corresponda.</span></span></p>
<p class="western"><span style="font-family: Comic Sans MS, cursive"><span style="font-size: medium">2.- Fotocopia del libro de familia.</span></span></p>
<p class="western"><span style="font-family: Comic Sans MS, cursive"><span style="font-size: medium">3.- Fotocopia del DNI del padre/madre y/o tutores legales, así como del solicitante y resto de integrantes de la unidad familiar, en caso de poseer.</span></span></p>
<p class="western"><span style="font-family: Comic Sans MS, cursive"><span style="font-size: medium">4.- Cuatro fotos del alumno/a, recientes, tamaño carnet.</span></span></p>
<p class="western"><span style="font-family: Comic Sans MS, cursive"><span style="font-size: medium">5.- Cuestionario para el EOE del Centro (solo para solicitudes de Infantil 3 años).</span></span></p>
<p class="western"><span style="font-family: Comic Sans MS, cursive"><span style="font-size: medium">6.- Certificado de empadronamiento.</span></span></p>
<p class="western"><span style="font-family: Comic Sans MS, cursive"><span style="font-size: medium">7.- Certificación acreditativa de las situaciones declaradas en el impreso de solicitud.</span></span></p>
<p>&nbsp;</p>

<p>ESCOLARIZACIÓN 2024-2025. ¡Muy importante para todas las familias que tienen que escolarizar a sus hijos/as en los cursos de comienzo de las Etapas de Educación Infantil y Educación Primaria! El plazo de presentación de solicitudes para escolarizar a sus hijos/as es del 1 de marzo al 31 de marzo.&#46;&#46;&#46;</p>
