{"id":2018,"date":"2015-06-08T12:56:23","date_gmt":"2015-06-08T12:56:23","guid":{"rendered":"http:\/\/blogsaverroes.juntadeandalucia.es\/ceipmayorzaragoza\/?page_id=2018"},"modified":"2024-09-11T21:06:33","modified_gmt":"2024-09-11T21:06:33","slug":"calendario","status":"publish","type":"page","link":"https:\/\/blogsaverroes.juntadeandalucia.es\/ceipmayorzaragoza\/calendario\/","title":{"rendered":"Calendario"},"content":{"rendered":"<p><strong>&nbsp;CALENDARIO ESCOLAR 2023-2024<\/strong><\/p>\n<p>En el siguiente enlace pueden descargar el Calendario Escolar del presente curso escolar 2024 &#8211; 2025.&nbsp;<\/p>\n<p><a href=\"https:\/\/blogsaverroes.juntadeandalucia.es\/ceipmayorzaragoza\/files\/2024\/09\/CALENDARIO_2425.pdf\" target=\"_blank\" rel=\"noopener\">CALENDARIO_2425<\/a><\/p>\n<p>A los d\u00edas reflejados en el Calendario escolar provincial, hay que a\u00f1adir los tres d\u00edas que apruebe el Consejo Escolar Municipal.<\/p>\n<p>&nbsp;<\/p>\n<p>&nbsp;<\/p>\n","protected":false},"excerpt":{"rendered":"<p>&nbsp;CALENDARIO ESCOLAR 2023-2024 En el siguiente enlace pueden descargar el Calendario Escolar del presente curso escolar 2024 &#8211; 2025.&nbsp; CALENDARIO_2425 A los d\u00edas reflejados en el Calendario escolar provincial, hay que a\u00f1adir los tres d\u00edas que apruebe el Consejo Escolar Municipal. &nbsp; &nbsp;<\/p>\n","protected":false},"author":1,"featured_media":0,"parent":0,"menu_order":0,"comment_status":"open","ping_status":"closed","template":"","meta":{"ngg_post_thumbnail":0,"footnotes":"","_mc_calendar":[]},"aioseo_notices":[],"_links":{"self":[{"href":"https:\/\/blogsaverroes.juntadeandalucia.es\/ceipmayorzaragoza\/wp-json\/wp\/v2\/pages\/2018"}],"collection":[{"href":"https:\/\/blogsaverroes.juntadeandalucia.es\/ceipmayorzaragoza\/wp-json\/wp\/v2\/pages"}],"about":[{"href":"https:\/\/blogsaverroes.juntadeandalucia.es\/ceipmayorzaragoza\/wp-json\/wp\/v2\/types\/page"}],"author":[{"embeddable":true,"href":"https:\/\/blogsaverroes.juntadeandalucia.es\/ceipmayorzaragoza\/wp-json\/wp\/v2\/users\/1"}],"replies":[{"embeddable":true,"href":"https:\/\/blogsaverroes.juntadeandalucia.es\/ceipmayorzaragoza\/wp-json\/wp\/v2\/comments?post=2018"}],"version-history":[{"count":18,"href":"https:\/\/blogsaverroes.juntadeandalucia.es\/ceipmayorzaragoza\/wp-json\/wp\/v2\/pages\/2018\/revisions"}],"predecessor-version":[{"id":6515,"href":"https:\/\/blogsaverroes.juntadeandalucia.es\/ceipmayorzaragoza\/wp-json\/wp\/v2\/pages\/2018\/revisions\/6515"}],"wp:attachment":[{"href":"https:\/\/blogsaverroes.juntadeandalucia.es\/ceipmayorzaragoza\/wp-json\/wp\/v2\/media?parent=2018"}],"curies":[{"name":"wp","href":"https:\/\/api.w.org\/{rel}","templated":true}]}}

<p><strong>&nbsp;CALENDARIO ESCOLAR 2023-2024</strong></p>
<p>En el siguiente enlace pueden descargar el Calendario Escolar del presente curso escolar 2024 &#8211; 2025.&nbsp;</p>
<p><a href="https://blogsaverroes.juntadeandalucia.es/ceipmayorzaragoza/files/2024/09/CALENDARIO_2425.pdf" target="_blank" rel="noopener">CALENDARIO_2425</a></p>
<p>A los días reflejados en el Calendario escolar provincial, hay que añadir los tres días que apruebe el Consejo Escolar Municipal.</p>
<p>&nbsp;</p>
<p>&nbsp;</p>

<p>&nbsp;CALENDARIO ESCOLAR 2023-2024 En el siguiente enlace pueden descargar el Calendario Escolar del presente curso escolar 2024 &#8211; 2025.&nbsp; CALENDARIO_2425 A los días reflejados en el Calendario escolar provincial, hay que añadir los tres días que apruebe el Consejo Escolar Municipal. &nbsp; &nbsp;</p>
