{"id":35,"date":"2015-03-13T08:21:43","date_gmt":"2015-03-13T08:21:43","guid":{"rendered":"http:\/\/blogsaverroes.juntadeandalucia.es\/pre\/ceip\/?page_id=35"},"modified":"2019-12-06T22:20:37","modified_gmt":"2019-12-06T22:20:37","slug":"el-centro-2","status":"publish","type":"page","link":"https:\/\/blogsaverroes.juntadeandalucia.es\/ceipmayorzaragoza\/el-centro-2\/","title":{"rendered":"Datos del centro"},"content":{"rendered":"<p><strong>Datos de contacto del&nbsp;CEIP \u00abMAYOR ZARAGOZA\u00bb<\/strong><\/p>\n<p><strong>Direcci\u00f3n:&nbsp;<\/strong>Avda. de Motril s\/n<\/p>\n<p><strong>Tel\u00e9fono<\/strong><strong>:&nbsp;<\/strong>958 64 99 50<\/p>\n<p><strong>Fax:<\/strong> 958 64 99 48<\/p>\n<p><strong>E-mail:<\/strong>&nbsp;18008117.edu@juntadeandalucia.es<\/p>\n<p><strong>P\u00e1gina web:<\/strong> http:\/\/blogsaverroes.juntadeandalucia.es\/ceipmayorzaragoza<\/p>\n<h4>&nbsp;<\/h4>\n<h4><strong>Oferta educativa<\/strong><\/h4>\n<p>Nuestro centro oferta las ense\u00f1anzas del Segundo Ciclo de Educaci\u00f3n Infantil y Educaci\u00f3n Primaria, siendo biling\u00fces todos los niveles tanto de Educaci\u00f3n Infantil como de Educaci\u00f3n Primaria..<\/p>\n<h4>&nbsp;<\/h4>\n","protected":false},"excerpt":{"rendered":"<p>Datos de contacto del&nbsp;CEIP \u00abMAYOR ZARAGOZA\u00bb Direcci\u00f3n:&nbsp;Avda. de Motril s\/n Tel\u00e9fono:&nbsp;958 64 99 50 Fax: 958 64 99 48 E-mail:&nbsp;18008117.edu@juntadeandalucia.es P\u00e1gina web: http:\/\/blogsaverroes.juntadeandalucia.es\/ceipmayorzaragoza &nbsp; Oferta educativa Nuestro centro oferta las ense\u00f1anzas del Segundo Ciclo de Educaci\u00f3n Infantil y Educaci\u00f3n Primaria, siendo biling\u00fces todos los niveles tanto de Educaci\u00f3n Infantil&#46;&#46;&#46;<\/p>\n","protected":false},"author":1,"featured_media":0,"parent":0,"menu_order":0,"comment_status":"open","ping_status":"open","template":"","meta":{"ngg_post_thumbnail":0,"footnotes":"","_mc_calendar":[]},"aioseo_notices":[],"_links":{"self":[{"href":"https:\/\/blogsaverroes.juntadeandalucia.es\/ceipmayorzaragoza\/wp-json\/wp\/v2\/pages\/35"}],"collection":[{"href":"https:\/\/blogsaverroes.juntadeandalucia.es\/ceipmayorzaragoza\/wp-json\/wp\/v2\/pages"}],"about":[{"href":"https:\/\/blogsaverroes.juntadeandalucia.es\/ceipmayorzaragoza\/wp-json\/wp\/v2\/types\/page"}],"author":[{"embeddable":true,"href":"https:\/\/blogsaverroes.juntadeandalucia.es\/ceipmayorzaragoza\/wp-json\/wp\/v2\/users\/1"}],"replies":[{"embeddable":true,"href":"https:\/\/blogsaverroes.juntadeandalucia.es\/ceipmayorzaragoza\/wp-json\/wp\/v2\/comments?post=35"}],"version-history":[{"count":27,"href":"https:\/\/blogsaverroes.juntadeandalucia.es\/ceipmayorzaragoza\/wp-json\/wp\/v2\/pages\/35\/revisions"}],"predecessor-version":[{"id":2494,"href":"https:\/\/blogsaverroes.juntadeandalucia.es\/ceipmayorzaragoza\/wp-json\/wp\/v2\/pages\/35\/revisions\/2494"}],"wp:attachment":[{"href":"https:\/\/blogsaverroes.juntadeandalucia.es\/ceipmayorzaragoza\/wp-json\/wp\/v2\/media?parent=35"}],"curies":[{"name":"wp","href":"https:\/\/api.w.org\/{rel}","templated":true}]}}