{"id":424,"date":"2015-03-20T07:05:20","date_gmt":"2015-03-20T07:05:20","guid":{"rendered":"http:\/\/blogsaverroes.juntadeandalucia.es\/pre\/ceip\/?page_id=424"},"modified":"2026-01-06T19:32:43","modified_gmt":"2026-01-06T19:32:43","slug":"educacion-infantil","status":"publish","type":"page","link":"https:\/\/blogsaverroes.juntadeandalucia.es\/ceipmayorzaragoza\/educacion-infantil\/","title":{"rendered":"Educaci\u00f3n infantil"},"content":{"rendered":"<p>El Segundo Ciclo de Educaci\u00f3n Infantil est\u00e1 organizado en tres niveles (3, 4 y 5 a\u00f1os)&nbsp; distribuidos de la siguiente forma:<\/p>\n<p>I 3 A &#8211; Aula n\u00ba 9 &#8211; Tutora: D\u00aa. Roc\u00edo Palomino Delgado<\/p>\n<p>I 4 A &#8211; Aula n\u00ba 10 &#8211; Tutora: D\u00aa. M\u00aa Carmen Molina Polo<\/p>\n<p>I 5 A &#8211; Aula n\u00ba 7 &#8211; Tutora: D\u00aa. M\u00aa Francisca M\u00e1rquez Fern\u00e1ndez<\/p>\n<p>Este ciclo posee la modalidad de ense\u00f1anza biling\u00fce de la que se encarga la especialista de Ingl\u00e9s D\u00aa. M\u00aa Dolores L\u00f3pez Garc\u00eda<\/p>\n<p>Del \u00e1rea de Religi\u00f3n Cat\u00f3lica se encargan D\u00aa. Elena Vallejo L\u00f3pez y D\u00aa Carmen Molina Lozano.<\/p>\n<p>Adem\u00e1s, contamos con la ayuda de Personal T\u00e9cnico en Integraci\u00f3n Social: D. Carlos G\u00e1lvez Castelar, D. Jos\u00e9 Octavio Gonz\u00e1lez Lara y D\u00aa Irene P\u00e9rez Garc\u00eda y de la Monitora de Educaci\u00f3n Infantil D\u00aa. Sonia \u00c1lvarez Ram\u00f3n.<\/p>\n<p>&nbsp;<\/p>\n","protected":false},"excerpt":{"rendered":"<p>El Segundo Ciclo de Educaci\u00f3n Infantil est\u00e1 organizado en tres niveles (3, 4 y 5 a\u00f1os)&nbsp; distribuidos de la siguiente forma: I 3 A &#8211; Aula n\u00ba 9 &#8211; Tutora: D\u00aa. Roc\u00edo Palomino Delgado I 4 A &#8211; Aula n\u00ba 10 &#8211; Tutora: D\u00aa. M\u00aa Carmen Molina Polo I&#46;&#46;&#46;<\/p>\n","protected":false},"author":1,"featured_media":0,"parent":0,"menu_order":0,"comment_status":"open","ping_status":"open","template":"page-templates\/child-menu.php","meta":{"ngg_post_thumbnail":0,"footnotes":"","_mc_calendar":[]},"aioseo_notices":[],"_links":{"self":[{"href":"https:\/\/blogsaverroes.juntadeandalucia.es\/ceipmayorzaragoza\/wp-json\/wp\/v2\/pages\/424"}],"collection":[{"href":"https:\/\/blogsaverroes.juntadeandalucia.es\/ceipmayorzaragoza\/wp-json\/wp\/v2\/pages"}],"about":[{"href":"https:\/\/blogsaverroes.juntadeandalucia.es\/ceipmayorzaragoza\/wp-json\/wp\/v2\/types\/page"}],"author":[{"embeddable":true,"href":"https:\/\/blogsaverroes.juntadeandalucia.es\/ceipmayorzaragoza\/wp-json\/wp\/v2\/users\/1"}],"replies":[{"embeddable":true,"href":"https:\/\/blogsaverroes.juntadeandalucia.es\/ceipmayorzaragoza\/wp-json\/wp\/v2\/comments?post=424"}],"version-history":[{"count":14,"href":"https:\/\/blogsaverroes.juntadeandalucia.es\/ceipmayorzaragoza\/wp-json\/wp\/v2\/pages\/424\/revisions"}],"predecessor-version":[{"id":6568,"href":"https:\/\/blogsaverroes.juntadeandalucia.es\/ceipmayorzaragoza\/wp-json\/wp\/v2\/pages\/424\/revisions\/6568"}],"wp:attachment":[{"href":"https:\/\/blogsaverroes.juntadeandalucia.es\/ceipmayorzaragoza\/wp-json\/wp\/v2\/media?parent=424"}],"curies":[{"name":"wp","href":"https:\/\/api.w.org\/{rel}","templated":true}]}}