{"id":436,"date":"2015-03-20T07:08:17","date_gmt":"2015-03-20T07:08:17","guid":{"rendered":"http:\/\/blogsaverroes.juntadeandalucia.es\/pre\/ceip\/?page_id=436"},"modified":"2026-01-06T19:49:49","modified_gmt":"2026-01-06T19:49:49","slug":"ed-primaria-3o-ciclo","status":"publish","type":"page","link":"https:\/\/blogsaverroes.juntadeandalucia.es\/ceipmayorzaragoza\/ed-primaria-3o-ciclo\/","title":{"rendered":"Ed. Primaria. 3\u00ba ciclo"},"content":{"rendered":"<p>El Tercer Ciclo de Educaci\u00f3n Primaria est\u00e1 organizado en dos niveles (5\u00ba y 6\u00ba) distribuidos de la siguiente forma:<\/p>\n<p>5\u00ba A &#8211; Aula n\u00ba 44 &#8211; Tutora: D\u00aa. Rafael \u00c1ngel Merlo Valverde<\/p>\n<p>5\u00ba B &#8211; Aula n\u00ba 32 &#8211; Tutor: D. Jos\u00e9 Antonio Donaire Guerrero<\/p>\n<p>6\u00ba A &#8211; Aula n\u00ba 43 &#8211; Tutor: D. Ignacio Pacheco Mart\u00ednez de Roda<\/p>\n<p>6\u00ba B &#8211; Aula n\u00ba 45 &#8211; Tutor: D. Jos\u00e9 Eduardo Linares Cuesta<\/p>\n<p>&nbsp;<\/p>\n<p>Adem\u00e1s, imparten docencia los siguientes especialistas:<\/p>\n<p>Lengua Castellana y Literatura: D\u00aa Eva L\u00f3pez Gonz\u00e1lez (5\u00baA), D\u00aa In\u00e9s Santiago P\u00e9rez (6\u00baA) y&nbsp;D\u00aa. Eva Mar\u00eda Lirio D\u00edaz (6\u00baB)<\/p>\n<p>\u00c1rea biling\u00fce de Conocimiento del Medio: D\u00aa. Rafael \u00c1ngel Merlo Valverde (Todos los grupos)<\/p>\n<p>Ingl\u00e9s: D. Jos\u00e9 Antonio Donaire Guerrero (Todos los grupos)<\/p>\n<p>Franc\u00e9s: D. Jos\u00e9 Eduardo Linares Cuesta (Todos los grupos)<\/p>\n<p>Ed. F\u00edsica: D. Manuel Velasco Arag\u00f3n (5\u00baA) y D. Jos\u00e9 Eduardo Linares Cuesta (5\u00baB, 6\u00baA y 6\u00baB)<\/p>\n<p>M\u00fasica: D. Ignacio Pacheco Mart\u00ednez de Roda (Todos los grupos)<\/p>\n<p>Religi\u00f3n Cat\u00f3lica: D\u00aa. Carmen Molina Lozano (Todos los grupos)<\/p>\n<p>Educaci\u00f3n en Valores C\u00edvicos y \u00c9ticos: D. Jos\u00e9 Manuel Armada Est\u00e9vez (6\u00ba)<\/p>\n<p>Proyecto Rob\u00f3tica, Programaci\u00f3n y Dise\u00f1o 3D: D. Jos\u00e9 Manuel Armada Est\u00e9vez (6\u00ba)<\/p>\n<p>Atenci\u00f3n Educativa 5\u00baB: D\u00aa M\u00aa Rosa Fern\u00e1ndez Rold\u00e1n<\/p>\n<p>Tambi\u00e9n contamos con la ayuda de Personal T\u00e9cnico en Integraci\u00f3n Social: D. Carlos G\u00e1lvez Castelar, D. Jos\u00e9 Octavio Gonz\u00e1lez Lara y D\u00aa Irene P\u00e9rez Garc\u00eda<\/p>\n","protected":false},"excerpt":{"rendered":"<p>El Tercer Ciclo de Educaci\u00f3n Primaria est\u00e1 organizado en dos niveles (5\u00ba y 6\u00ba) distribuidos de la siguiente forma: 5\u00ba A &#8211; Aula n\u00ba 44 &#8211; Tutora: D\u00aa. Rafael \u00c1ngel Merlo Valverde 5\u00ba B &#8211; Aula n\u00ba 32 &#8211; Tutor: D. Jos\u00e9 Antonio Donaire Guerrero 6\u00ba A &#8211; Aula&#46;&#46;&#46;<\/p>\n","protected":false},"author":1,"featured_media":0,"parent":0,"menu_order":0,"comment_status":"open","ping_status":"open","template":"page-templates\/child-menu.php","meta":{"ngg_post_thumbnail":0,"footnotes":"","_mc_calendar":[]},"aioseo_notices":[],"_links":{"self":[{"href":"https:\/\/blogsaverroes.juntadeandalucia.es\/ceipmayorzaragoza\/wp-json\/wp\/v2\/pages\/436"}],"collection":[{"href":"https:\/\/blogsaverroes.juntadeandalucia.es\/ceipmayorzaragoza\/wp-json\/wp\/v2\/pages"}],"about":[{"href":"https:\/\/blogsaverroes.juntadeandalucia.es\/ceipmayorzaragoza\/wp-json\/wp\/v2\/types\/page"}],"author":[{"embeddable":true,"href":"https:\/\/blogsaverroes.juntadeandalucia.es\/ceipmayorzaragoza\/wp-json\/wp\/v2\/users\/1"}],"replies":[{"embeddable":true,"href":"https:\/\/blogsaverroes.juntadeandalucia.es\/ceipmayorzaragoza\/wp-json\/wp\/v2\/comments?post=436"}],"version-history":[{"count":21,"href":"https:\/\/blogsaverroes.juntadeandalucia.es\/ceipmayorzaragoza\/wp-json\/wp\/v2\/pages\/436\/revisions"}],"predecessor-version":[{"id":6571,"href":"https:\/\/blogsaverroes.juntadeandalucia.es\/ceipmayorzaragoza\/wp-json\/wp\/v2\/pages\/436\/revisions\/6571"}],"wp:attachment":[{"href":"https:\/\/blogsaverroes.juntadeandalucia.es\/ceipmayorzaragoza\/wp-json\/wp\/v2\/media?parent=436"}],"curies":[{"name":"wp","href":"https:\/\/api.w.org\/{rel}","templated":true}]}}

Ed. Primaria. 3º ciclo

<p>El Tercer Ciclo de Educación Primaria está organizado en dos niveles (5º y 6º) distribuidos de la siguiente forma:</p>
<p>5º A &#8211; Aula nº 44 &#8211; Tutora: Dª. Rafael Ángel Merlo Valverde</p>
<p>5º B &#8211; Aula nº 32 &#8211; Tutor: D. José Antonio Donaire Guerrero</p>
<p>6º A &#8211; Aula nº 43 &#8211; Tutor: D. Ignacio Pacheco Martínez de Roda</p>
<p>6º B &#8211; Aula nº 45 &#8211; Tutor: D. José Eduardo Linares Cuesta</p>
<p>&nbsp;</p>
<p>Además, imparten docencia los siguientes especialistas:</p>
<p>Lengua Castellana y Literatura: Dª Eva López González (5ºA), Dª Inés Santiago Pérez (6ºA) y&nbsp;Dª. Eva María Lirio Díaz (6ºB)</p>
<p>Área bilingüe de Conocimiento del Medio: Dª. Rafael Ángel Merlo Valverde (Todos los grupos)</p>
<p>Inglés: D. José Antonio Donaire Guerrero (Todos los grupos)</p>
<p>Francés: D. José Eduardo Linares Cuesta (Todos los grupos)</p>
<p>Ed. Física: D. Manuel Velasco Aragón (5ºA) y D. José Eduardo Linares Cuesta (5ºB, 6ºA y 6ºB)</p>
<p>Música: D. Ignacio Pacheco Martínez de Roda (Todos los grupos)</p>
<p>Religión Católica: Dª. Carmen Molina Lozano (Todos los grupos)</p>
<p>Educación en Valores Cívicos y Éticos: D. José Manuel Armada Estévez (6º)</p>
<p>Proyecto Robótica, Programación y Diseño 3D: D. José Manuel Armada Estévez (6º)</p>
<p>Atención Educativa 5ºB: Dª Mª Rosa Fernández Roldán</p>
<p>También contamos con la ayuda de Personal Técnico en Integración Social: D. Carlos Gálvez Castelar, D. José Octavio González Lara y Dª Irene Pérez García</p>

<p>El Tercer Ciclo de Educación Primaria está organizado en dos niveles (5º y 6º) distribuidos de la siguiente forma: 5º A &#8211; Aula nº 44 &#8211; Tutora: Dª. Rafael Ángel Merlo Valverde 5º B &#8211; Aula nº 32 &#8211; Tutor: D. José Antonio Donaire Guerrero 6º A &#8211; Aula&#46;&#46;&#46;</p>
