{"id":5379,"date":"2020-05-28T18:48:51","date_gmt":"2020-05-28T18:48:51","guid":{"rendered":"http:\/\/blogsaverroes.juntadeandalucia.es\/ceipmayorzaragoza\/?page_id=5379"},"modified":"2025-08-31T07:55:41","modified_gmt":"2025-08-31T07:55:41","slug":"programa-refuerzo-estival","status":"publish","type":"page","link":"https:\/\/blogsaverroes.juntadeandalucia.es\/ceipmayorzaragoza\/programa-refuerzo-estival\/","title":{"rendered":"PROGRAMA REFUERZO ESTIVAL"},"content":{"rendered":"<p>&nbsp;<\/p>\n<p>&nbsp;<\/p>\n<p><a href=\"https:\/\/blogsaverroes.juntadeandalucia.es\/ceipmayorzaragoza\/files\/2020\/05\/refuerzo-estival-2.jpeg\"><img loading=\"lazy\" decoding=\"async\" class=\"alignnone size-full wp-image-5381\" src=\"https:\/\/blogsaverroes.juntadeandalucia.es\/ceipmayorzaragoza\/files\/2020\/05\/refuerzo-estival-2.jpeg\" alt=\"\" width=\"275\" height=\"183\" srcset=\"https:\/\/blogsaverroes.juntadeandalucia.es\/ceipmayorzaragoza\/files\/2020\/05\/refuerzo-estival-2.jpeg 275w, https:\/\/blogsaverroes.juntadeandalucia.es\/ceipmayorzaragoza\/files\/2020\/05\/refuerzo-estival-2-24x16.jpeg 24w, https:\/\/blogsaverroes.juntadeandalucia.es\/ceipmayorzaragoza\/files\/2020\/05\/refuerzo-estival-2-36x24.jpeg 36w, https:\/\/blogsaverroes.juntadeandalucia.es\/ceipmayorzaragoza\/files\/2020\/05\/refuerzo-estival-2-48x32.jpeg 48w\" sizes=\"(max-width: 275px) 100vw, 275px\" \/><\/a><\/p>\n<p><span style=\"font-family: NewsGotT\"><span style=\"font-size: small\"><span style=\"color: #000000\">PROGRAMA DE REFUERZO ESTIVAL<\/span><\/span><\/span><\/p>\n<p><span style=\"font-family: NewsGotT\"><span style=\"font-size: small\"><span style=\"color: #000000\">\u00bfEN QU\u00c9 CONSISTE?<\/span><\/span><\/span><\/p>\n<p><span style=\"font-family: NewsGotT\"><span style=\"font-size: small\">Actividades que se impartir\u00e1n durante el mes de julio en centros de educaci\u00f3n p\u00fablicos dirigidas a proporcionar al alumnado refuerzo educativo y apoyo para la organizaci\u00f3n del trabajo<\/span><\/span><\/p>\n<p><span style=\"font-family: NewsGotT\"><span style=\"font-size: small\">Asimismo, a trav\u00e9s de actividades l\u00fadico-deportivas, pretende fomentar habilidades de integraci\u00f3n y adaptaci\u00f3n al grupo y h\u00e1bitos de vida saludables.<\/span><\/span><\/p>\n<p><span style=\"font-family: NewsGotT\"><span style=\"font-size: small\">\u00bfQU\u00c9 OBJETIVOS TIENE?<\/span><\/span><\/p>\n<p><span style=\"font-family: NewsGotT\"><span style=\"font-size: small\">Ser un espacio donde los aprendizajes realizados durante el curso, y especialmente durante la suspensi\u00f3n de las clases presenciales, se reactualicen a trav\u00e9s de la construcci\u00f3n de nuevos conocimientos, experiencias y formas de aprendizaje.<\/span><\/span><\/p>\n<p><span style=\"font-family: NewsGotT\"><span style=\"font-size: small\">Reforzar competencias asociadas a la lectura, al razonamiento y l\u00f3gica matem\u00e1tica y a la capacidad de expresi\u00f3n en ingl\u00e9s.<\/span><\/span><\/p>\n<p><span style=\"font-family: NewsGotT\"><span style=\"font-size: small\">Renovar la motivaci\u00f3n del alumnado para participar en actividades en el entorno escolar, posibilitando la relaci\u00f3n e interacci\u00f3n con los iguales de forma segura, efectiva y satisfactoria.<\/span><\/span><\/p>\n<p><span style=\"font-family: NewsGotT\"><span style=\"font-size: small\">\u00bfA QU\u00c9 ALUMNADO VA DIRIGIDO?<\/span><\/span><\/p>\n<p><span style=\"font-family: NewsGotT\"><span style=\"font-size: small\">Alumnado de Educaci\u00f3n Primaria y 1\u00ba y 2\u00ba de Educaci\u00f3n Secundaria Obligatoria, escolarizado en centros docentes p\u00fablicos o sostenidos con fondos p\u00fablicos de la Comunidad Aut\u00f3noma de Andaluc\u00eda.<\/span><\/span><\/p>\n<p><span style=\"font-family: NewsGotT\"><span style=\"font-size: small\">Que precise refuerzo educativo en \u00e1reas y materias instrumentales: Lengua Castellana, Matem\u00e1ticas y Lengua extranjera Ingl\u00e9s.<\/span><\/span><\/p>\n<p><span style=\"font-family: NewsGotT\"><span style=\"font-size: small\">O bien necesite apoyo para la organizaci\u00f3n del trabajo y de los h\u00e1bitos y t\u00e9cnicas de estudio o el desarrollo de habilidades de integraci\u00f3n y de adaptaci\u00f3n al grupo.<\/span><\/span><\/p>\n<p><span style=\"font-family: NewsGotT\"><span style=\"font-size: small\">\u00bfC\u00d3MO PUEDE PARTICIPAR UN ALUMNO O UNA ALUMNA?<\/span><\/span><\/p>\n<p><span style=\"font-family: NewsGotT\"><span style=\"font-size: small\">Los padres, madres o tutores legales del alumnado deber\u00e1n solicitar la participaci\u00f3n en el programa v\u00eda telem\u00e1tica a trav\u00e9s del portal web de la Consejer\u00eda y en el centro en el que se imparta el programa.<\/span><\/span><\/p>\n<p><span style=\"font-family: NewsGotT\"><span style=\"font-size: small\">Podr\u00e1n solicitar la primera, la segunda o las dos quincenas de julio.<\/span><\/span><\/p>\n<p><span style=\"font-family: NewsGotT\"><span style=\"font-size: small\">El programa es gratuito y los materiales a utilizar los proporcionar\u00e1 la Consejer\u00eda.<\/span><\/span><\/p>\n<p><span style=\"font-family: NewsGotT\"><span style=\"font-size: small\">\u00bfC\u00d3MO SE ORGANIZAR\u00c1 LA JORNADA ESCOLAR?<\/span><\/span><\/p>\n<p><span style=\"font-family: NewsGotT\"><span style=\"font-size: small\">El horario ser\u00e1 de 9 a 14 horas.<\/span><\/span><\/p>\n<p>&nbsp;<\/p>\n","protected":false},"excerpt":{"rendered":"<p>&nbsp; &nbsp; PROGRAMA DE REFUERZO ESTIVAL \u00bfEN QU\u00c9 CONSISTE? Actividades que se impartir\u00e1n durante el mes de julio en centros de educaci\u00f3n p\u00fablicos dirigidas a proporcionar al alumnado refuerzo educativo y apoyo para la organizaci\u00f3n del trabajo Asimismo, a trav\u00e9s de actividades l\u00fadico-deportivas, pretende fomentar habilidades de integraci\u00f3n y&#46;&#46;&#46;<\/p>\n","protected":false},"author":2855,"featured_media":0,"parent":0,"menu_order":0,"comment_status":"closed","ping_status":"closed","template":"","meta":{"ngg_post_thumbnail":0,"footnotes":"","_mc_calendar":[]},"aioseo_notices":[],"_links":{"self":[{"href":"https:\/\/blogsaverroes.juntadeandalucia.es\/ceipmayorzaragoza\/wp-json\/wp\/v2\/pages\/5379"}],"collection":[{"href":"https:\/\/blogsaverroes.juntadeandalucia.es\/ceipmayorzaragoza\/wp-json\/wp\/v2\/pages"}],"about":[{"href":"https:\/\/blogsaverroes.juntadeandalucia.es\/ceipmayorzaragoza\/wp-json\/wp\/v2\/types\/page"}],"author":[{"embeddable":true,"href":"https:\/\/blogsaverroes.juntadeandalucia.es\/ceipmayorzaragoza\/wp-json\/wp\/v2\/users\/2855"}],"replies":[{"embeddable":true,"href":"https:\/\/blogsaverroes.juntadeandalucia.es\/ceipmayorzaragoza\/wp-json\/wp\/v2\/comments?post=5379"}],"version-history":[{"count":3,"href":"https:\/\/blogsaverroes.juntadeandalucia.es\/ceipmayorzaragoza\/wp-json\/wp\/v2\/pages\/5379\/revisions"}],"predecessor-version":[{"id":6533,"href":"https:\/\/blogsaverroes.juntadeandalucia.es\/ceipmayorzaragoza\/wp-json\/wp\/v2\/pages\/5379\/revisions\/6533"}],"wp:attachment":[{"href":"https:\/\/blogsaverroes.juntadeandalucia.es\/ceipmayorzaragoza\/wp-json\/wp\/v2\/media?parent=5379"}],"curies":[{"name":"wp","href":"https:\/\/api.w.org\/{rel}","templated":true}]}}