{"id":869,"date":"2015-03-16T07:03:52","date_gmt":"2015-03-16T07:03:52","guid":{"rendered":"http:\/\/blogsaverroes.juntadeandalucia.es\/pre\/ceip\/?page_id=84"},"modified":"2026-01-06T21:41:40","modified_gmt":"2026-01-06T21:41:40","slug":"calendario-escolar","status":"publish","type":"page","link":"https:\/\/blogsaverroes.juntadeandalucia.es\/ceipmayorzaragoza\/calendario-escolar\/","title":{"rendered":"Calendario escolar"},"content":{"rendered":"<p><strong>CALENDARIO ESCOLAR 2024-2025<\/strong><\/p>\n<p>En el siguiente enlace pueden descargar el Calendario Escolar del presente curso escolar 2025 &#8211; 2026.<\/p>\n<p><a href=\"https:\/\/blogsaverroes.juntadeandalucia.es\/ceipmayorzaragoza\/files\/2025\/08\/CALENDARIO_2526_Resolucion_30mayo2025_CUADRO.jpg\"><img loading=\"lazy\" decoding=\"async\" class=\"alignnone size-medium wp-image-6538\" src=\"https:\/\/blogsaverroes.juntadeandalucia.es\/ceipmayorzaragoza\/files\/2025\/08\/CALENDARIO_2526_Resolucion_30mayo2025_CUADRO-232x300.jpg\" alt=\"\" width=\"232\" height=\"300\" srcset=\"https:\/\/blogsaverroes.juntadeandalucia.es\/ceipmayorzaragoza\/files\/2025\/08\/CALENDARIO_2526_Resolucion_30mayo2025_CUADRO-232x300.jpg 232w, https:\/\/blogsaverroes.juntadeandalucia.es\/ceipmayorzaragoza\/files\/2025\/08\/CALENDARIO_2526_Resolucion_30mayo2025_CUADRO.jpg 512w\" sizes=\"(max-width: 232px) 100vw, 232px\" \/><\/a><\/p>\n<p>A los d\u00edas reflejados en el Calendario escolar provincial, hay que a\u00f1adir los siguientes d\u00edas que aprobados por el Consejo Escolar Municipal:<\/p>\n<ul>\n<li>Martes 7 de octubre de 2025<\/li>\n<li>Viernes 27 de febrero de 2026<\/li>\n<li>Lunes 4 de mayo de 2026<\/li>\n<\/ul>\n<p>&nbsp;<\/p>\n<p>&nbsp;<\/p>\n<p>&nbsp;<\/p>\n<p>&nbsp;<\/p>\n","protected":false},"excerpt":{"rendered":"<p>CALENDARIO ESCOLAR 2024-2025 En el siguiente enlace pueden descargar el Calendario Escolar del presente curso escolar 2025 &#8211; 2026. A los d\u00edas reflejados en el Calendario escolar provincial, hay que a\u00f1adir los siguientes d\u00edas que aprobados por el Consejo Escolar Municipal: Martes 7 de octubre de 2025 Viernes 27&#46;&#46;&#46;<\/p>\n","protected":false},"author":1,"featured_media":0,"parent":0,"menu_order":0,"comment_status":"open","ping_status":"open","template":"page-templates\/child-menu.php","meta":{"ngg_post_thumbnail":0,"footnotes":"","_mc_calendar":[]},"aioseo_notices":[],"_links":{"self":[{"href":"https:\/\/blogsaverroes.juntadeandalucia.es\/ceipmayorzaragoza\/wp-json\/wp\/v2\/pages\/869"}],"collection":[{"href":"https:\/\/blogsaverroes.juntadeandalucia.es\/ceipmayorzaragoza\/wp-json\/wp\/v2\/pages"}],"about":[{"href":"https:\/\/blogsaverroes.juntadeandalucia.es\/ceipmayorzaragoza\/wp-json\/wp\/v2\/types\/page"}],"author":[{"embeddable":true,"href":"https:\/\/blogsaverroes.juntadeandalucia.es\/ceipmayorzaragoza\/wp-json\/wp\/v2\/users\/1"}],"replies":[{"embeddable":true,"href":"https:\/\/blogsaverroes.juntadeandalucia.es\/ceipmayorzaragoza\/wp-json\/wp\/v2\/comments?post=869"}],"version-history":[{"count":14,"href":"https:\/\/blogsaverroes.juntadeandalucia.es\/ceipmayorzaragoza\/wp-json\/wp\/v2\/pages\/869\/revisions"}],"predecessor-version":[{"id":6596,"href":"https:\/\/blogsaverroes.juntadeandalucia.es\/ceipmayorzaragoza\/wp-json\/wp\/v2\/pages\/869\/revisions\/6596"}],"wp:attachment":[{"href":"https:\/\/blogsaverroes.juntadeandalucia.es\/ceipmayorzaragoza\/wp-json\/wp\/v2\/media?parent=869"}],"curies":[{"name":"wp","href":"https:\/\/api.w.org\/{rel}","templated":true}]}}

<p><strong>CALENDARIO ESCOLAR 2024-2025</strong></p>
<p>En el siguiente enlace pueden descargar el Calendario Escolar del presente curso escolar 2025 &#8211; 2026.</p>
<p><a href="https://blogsaverroes.juntadeandalucia.es/ceipmayorzaragoza/files/2025/08/CALENDARIO_2526_Resolucion_30mayo2025_CUADRO.jpg"><img loading="lazy" decoding="async" class="alignnone size-medium wp-image-6538" src="https://blogsaverroes.juntadeandalucia.es/ceipmayorzaragoza/files/2025/08/CALENDARIO_2526_Resolucion_30mayo2025_CUADRO-232x300.jpg" alt="" width="232" height="300" srcset="https://blogsaverroes.juntadeandalucia.es/ceipmayorzaragoza/files/2025/08/CALENDARIO_2526_Resolucion_30mayo2025_CUADRO-232x300.jpg 232w, https://blogsaverroes.juntadeandalucia.es/ceipmayorzaragoza/files/2025/08/CALENDARIO_2526_Resolucion_30mayo2025_CUADRO.jpg 512w" sizes="(max-width: 232px) 100vw, 232px" /></a></p>
<p>A los días reflejados en el Calendario escolar provincial, hay que añadir los siguientes días que aprobados por el Consejo Escolar Municipal:</p>
<ul>
<li>Martes 7 de octubre de 2025</li>
<li>Viernes 27 de febrero de 2026</li>
<li>Lunes 4 de mayo de 2026</li>
</ul>
<p>&nbsp;</p>
<p>&nbsp;</p>
<p>&nbsp;</p>
<p>&nbsp;</p>

<p>CALENDARIO ESCOLAR 2024-2025 En el siguiente enlace pueden descargar el Calendario Escolar del presente curso escolar 2025 &#8211; 2026. A los días reflejados en el Calendario escolar provincial, hay que añadir los siguientes días que aprobados por el Consejo Escolar Municipal: Martes 7 de octubre de 2025 Viernes 27&#46;&#46;&#46;</p>
