{"id":872,"date":"2015-03-16T12:50:42","date_gmt":"2015-03-16T12:50:42","guid":{"rendered":"http:\/\/blogsaverroes.juntadeandalucia.es\/pre\/ceip\/?page_id=120"},"modified":"2019-12-06T22:18:47","modified_gmt":"2019-12-06T22:18:47","slug":"contactar","status":"publish","type":"page","link":"https:\/\/blogsaverroes.juntadeandalucia.es\/ceipmayorzaragoza\/contactar\/","title":{"rendered":"Contactar"},"content":{"rendered":"<p><strong>DATOS DE CONTACTO<\/strong><\/p>\n<p><strong>Tel\u00e9fono:<\/strong> 958 64 99 50<\/p>\n<p><strong>Fax:<\/strong> 958 64 99 48<\/p>\n<p><strong>Correo electr\u00f3nico:<\/strong> &nbsp;18008117.edu@juntadeandalucia.es<\/p>\n<p><strong>P\u00e1gina web:<\/strong> https:\/\/blogsaverroes.juntadeandalucia.es\/ceipmayorzaragoza<\/p>\n<p><strong>Direcci\u00f3n:<\/strong> Avda. de Motril s\/n<\/p>\n<p><strong>C\u00f3digo Postal:<\/strong> 18680<\/p>\n<p><strong>Localidad:<\/strong> Salobre\u00f1a<\/p>\n<p><strong>Provincia:<\/strong> Granada<\/p>\n","protected":false},"excerpt":{"rendered":"<p>DATOS DE CONTACTO Tel\u00e9fono: 958 64 99 50 Fax: 958 64 99 48 Correo electr\u00f3nico: &nbsp;18008117.edu@juntadeandalucia.es P\u00e1gina web: https:\/\/blogsaverroes.juntadeandalucia.es\/ceipmayorzaragoza Direcci\u00f3n: Avda. de Motril s\/n C\u00f3digo Postal: 18680 Localidad: Salobre\u00f1a Provincia: Granada<\/p>\n","protected":false},"author":1,"featured_media":0,"parent":0,"menu_order":0,"comment_status":"open","ping_status":"open","template":"","meta":{"ngg_post_thumbnail":0,"footnotes":"","_mc_calendar":[]},"aioseo_notices":[],"_links":{"self":[{"href":"https:\/\/blogsaverroes.juntadeandalucia.es\/ceipmayorzaragoza\/wp-json\/wp\/v2\/pages\/872"}],"collection":[{"href":"https:\/\/blogsaverroes.juntadeandalucia.es\/ceipmayorzaragoza\/wp-json\/wp\/v2\/pages"}],"about":[{"href":"https:\/\/blogsaverroes.juntadeandalucia.es\/ceipmayorzaragoza\/wp-json\/wp\/v2\/types\/page"}],"author":[{"embeddable":true,"href":"https:\/\/blogsaverroes.juntadeandalucia.es\/ceipmayorzaragoza\/wp-json\/wp\/v2\/users\/1"}],"replies":[{"embeddable":true,"href":"https:\/\/blogsaverroes.juntadeandalucia.es\/ceipmayorzaragoza\/wp-json\/wp\/v2\/comments?post=872"}],"version-history":[{"count":12,"href":"https:\/\/blogsaverroes.juntadeandalucia.es\/ceipmayorzaragoza\/wp-json\/wp\/v2\/pages\/872\/revisions"}],"predecessor-version":[{"id":2493,"href":"https:\/\/blogsaverroes.juntadeandalucia.es\/ceipmayorzaragoza\/wp-json\/wp\/v2\/pages\/872\/revisions\/2493"}],"wp:attachment":[{"href":"https:\/\/blogsaverroes.juntadeandalucia.es\/ceipmayorzaragoza\/wp-json\/wp\/v2\/media?parent=872"}],"curies":[{"name":"wp","href":"https:\/\/api.w.org\/{rel}","templated":true}]}}