{"id":1007,"date":"2023-05-14T10:49:53","date_gmt":"2023-05-14T09:49:53","guid":{"rendered":"https:\/\/blogsaverroes.juntadeandalucia.es\/ceipmdoloresvelasco\/?page_id=1007"},"modified":"2023-05-29T17:12:10","modified_gmt":"2023-05-29T16:12:10","slug":"escuela-espacio-de-paz","status":"publish","type":"page","link":"https:\/\/blogsaverroes.juntadeandalucia.es\/ceipmdoloresvelasco\/escuela-espacio-de-paz\/","title":{"rendered":"ESCUELA ESPACIO DE PAZ"},"content":{"rendered":"<p>[et_pb_section fb_built=&#8221;1&#8243; _builder_version=&#8221;4.14.5&#8243; _module_preset=&#8221;default&#8221; global_colors_info=&#8221;{}&#8221;][et_pb_row _builder_version=&#8221;4.14.5&#8243; _module_preset=&#8221;default&#8221; global_colors_info=&#8221;{}&#8221;][et_pb_column type=&#8221;4_4&#8243; _builder_version=&#8221;4.14.5&#8243; _module_preset=&#8221;default&#8221; global_colors_info=&#8221;{}&#8221;][et_pb_image src=&#8221;https:\/\/blogsaverroes.juntadeandalucia.es\/ceipmdoloresvelasco\/files\/2023\/05\/espacio_paz_foto.jpg&#8221; title_text=&#8221;espacio_paz_foto&#8221; _builder_version=&#8221;4.14.5&#8243; _module_preset=&#8221;default&#8221; hover_enabled=&#8221;0&#8243; global_colors_info=&#8221;{}&#8221; sticky_enabled=&#8221;0&#8243;][\/et_pb_image][\/et_pb_column][\/et_pb_row][et_pb_row _builder_version=&#8221;4.14.5&#8243; _module_preset=&#8221;default&#8221; global_colors_info=&#8221;{}&#8221;][et_pb_column type=&#8221;4_4&#8243; _builder_version=&#8221;4.14.5&#8243; _module_preset=&#8221;default&#8221; global_colors_info=&#8221;{}&#8221;][et_pb_text _builder_version=&#8221;4.14.5&#8243; _module_preset=&#8221;default&#8221; global_colors_info=&#8221;{}&#8221;]<\/p>\n<h2>ESCUELA ESPACIO DE PAZ<\/h2>\n<p><span style=\"font-size: large\"><strong>\u201cSi queremos un mundo de paz y de justicia hay que poner decididamente la inteligencia al servicio del amor\u201d<\/strong><\/span><\/p>\n<p>&#8211; Antoine de Saint-Exup\u00e9ry<\/p>\n<p>Bienvenidos\/as al espacio que pretende favorecer actitudes que provoquen intercambios sociales basados en el di\u00e1logo, negociaci\u00f3n, solidaridad y prevenci\u00f3n de conductas inadecuadas. Es el lugar donde fomentar valores basados en el respeto, la inclusi\u00f3n, la coeducaci\u00f3n, la cooperaci\u00f3n y el manejode las emociones poder hacer denuestro alumnado personas social y emocionalmente competentes.<\/p>\n<p>[\/et_pb_text][\/et_pb_column][\/et_pb_row][et_pb_row _builder_version=&#8221;4.14.5&#8243; _module_preset=&#8221;default&#8221; custom_padding=&#8221;30px|||||&#8221; global_colors_info=&#8221;{}&#8221;][et_pb_column type=&#8221;4_4&#8243; _builder_version=&#8221;4.14.5&#8243; _module_preset=&#8221;default&#8221; global_colors_info=&#8221;{}&#8221;][et_pb_text _builder_version=&#8221;4.14.5&#8243; _module_preset=&#8221;default&#8221; global_colors_info=&#8221;{}&#8221;]<\/p>\n<h2>PROGRAMA DE EDUCACI\u00d3N EMOCIONAL<\/h2>\n<p>Este programa se inicia en el curso 15-16, con la misma planificaci\u00f3n organizada para todo el Centro y adaptado a cada nivel, concretado dentro de nuestro <strong>Proyecto Escuela Espacio de Paz<\/strong> <strong>e incardinado en actividades tutoriales, actividades complementarias, Plan de Biblioteca, Plan de convivencia, Plan de Igualdad, Creciendo en Salud y con el Programa Aldea.<\/strong><\/p>\n<p>Pretende potenciar la adquisici\u00f3n de las competencias emocionales y sociales como elemento esencial del desarrollo humano, al objeto de capacitar al alumnado para la vida y aumentar as\u00ed su bienestar social y personal, que sepan expresar y controlar sus sentimientos, que conecten con las emociones de otras personas, que tengan autonom\u00eda y capacidad para tomar decisiones adecuadas y tambi\u00e9n capacidad de tolerar frustraciones e insatisfacciones cotidianas, que sepan adoptar actitudes de flexibilidad, cooperaci\u00f3n y participaci\u00f3n como miembro integrante de un grupo, aprendan a conocerse a s\u00ed mismo y valorarse (autoconocimiento), reconozcan los logros y los errores (autoestima), sean capaces de planificar y marcarse logros (pensamiento positivo) y sepan escuchar y comprender a los dem\u00e1s (escucha)\u2026 permitiendo que aprendan mejor y potencien sus resultados escolares<\/p>\n<p>Revertir\u00e1 tambi\u00e9n en la convivencia del Centro en particular y de la sociedad en general, y en la creaci\u00f3n de una escuela coeducativa e inclusiva que ayude a eliminar prejuicios o estereotipos de cualquier \u00edndole.<\/p>\n<p>[\/et_pb_text][\/et_pb_column][\/et_pb_row][\/et_pb_section]<\/p>\n","protected":false},"excerpt":{"rendered":"<p>ESCUELA ESPACIO DE PAZ \u201cSi queremos un mundo de paz y de justicia hay que poner decididamente la inteligencia al servicio del amor\u201d &#8211; Antoine de Saint-Exup\u00e9ry Bienvenidos\/as al espacio que pretende favorecer actitudes que provoquen intercambios sociales basados en el di\u00e1logo, negociaci\u00f3n, solidaridad y prevenci\u00f3n de conductas inadecuadas. Es el lugar donde fomentar valores [&hellip;]<\/p>\n","protected":false},"author":17866,"featured_media":0,"parent":0,"menu_order":0,"comment_status":"closed","ping_status":"closed","template":"","meta":{"_et_pb_use_builder":"on","_et_pb_old_content":"<p>\u201cSi queremos un mundo de paz y de justicia hay que poner decididamente<br>la inteligencia al servicio del amor\u201d (Antoine de Saint-Exup\u00e9ry)<br>Bienvenidos\/as al espacio que pretende favorecer actitudes que provoquen<br>intercambios sociales basados en el di\u00e1logo, negociaci\u00f3n, solidaridad y<br>prevenci\u00f3n de conductas inadecuadas.<br>Es el lugar donde fomentar valores basados en el respeto, la inclusi\u00f3n, la<br>coeducaci\u00f3n, la cooperaci\u00f3n y el manejo de las emociones poder hacer de<br>nuestro alumnado personas social y emocionalmente competentes.<\/p>","_et_gb_content_width":"","ngg_post_thumbnail":0,"footnotes":""},"aioseo_notices":[],"_links":{"self":[{"href":"https:\/\/blogsaverroes.juntadeandalucia.es\/ceipmdoloresvelasco\/wp-json\/wp\/v2\/pages\/1007"}],"collection":[{"href":"https:\/\/blogsaverroes.juntadeandalucia.es\/ceipmdoloresvelasco\/wp-json\/wp\/v2\/pages"}],"about":[{"href":"https:\/\/blogsaverroes.juntadeandalucia.es\/ceipmdoloresvelasco\/wp-json\/wp\/v2\/types\/page"}],"author":[{"embeddable":true,"href":"https:\/\/blogsaverroes.juntadeandalucia.es\/ceipmdoloresvelasco\/wp-json\/wp\/v2\/users\/17866"}],"replies":[{"embeddable":true,"href":"https:\/\/blogsaverroes.juntadeandalucia.es\/ceipmdoloresvelasco\/wp-json\/wp\/v2\/comments?post=1007"}],"version-history":[{"count":10,"href":"https:\/\/blogsaverroes.juntadeandalucia.es\/ceipmdoloresvelasco\/wp-json\/wp\/v2\/pages\/1007\/revisions"}],"predecessor-version":[{"id":1284,"href":"https:\/\/blogsaverroes.juntadeandalucia.es\/ceipmdoloresvelasco\/wp-json\/wp\/v2\/pages\/1007\/revisions\/1284"}],"wp:attachment":[{"href":"https:\/\/blogsaverroes.juntadeandalucia.es\/ceipmdoloresvelasco\/wp-json\/wp\/v2\/media?parent=1007"}],"curies":[{"name":"wp","href":"https:\/\/api.w.org\/{rel}","templated":true}]}}

<p>[et_pb_section fb_built=&#8221;1&#8243; _builder_version=&#8221;4.14.5&#8243; _module_preset=&#8221;default&#8221; global_colors_info=&#8221;{}&#8221;][et_pb_row _builder_version=&#8221;4.14.5&#8243; _module_preset=&#8221;default&#8221; global_colors_info=&#8221;{}&#8221;][et_pb_column type=&#8221;4_4&#8243; _builder_version=&#8221;4.14.5&#8243; _module_preset=&#8221;default&#8221; global_colors_info=&#8221;{}&#8221;][et_pb_image src=&#8221;https://blogsaverroes.juntadeandalucia.es/ceipmdoloresvelasco/files/2023/05/espacio_paz_foto.jpg&#8221; title_text=&#8221;espacio_paz_foto&#8221; _builder_version=&#8221;4.14.5&#8243; _module_preset=&#8221;default&#8221; hover_enabled=&#8221;0&#8243; global_colors_info=&#8221;{}&#8221; sticky_enabled=&#8221;0&#8243;][/et_pb_image][/et_pb_column][/et_pb_row][et_pb_row _builder_version=&#8221;4.14.5&#8243; _module_preset=&#8221;default&#8221; global_colors_info=&#8221;{}&#8221;][et_pb_column type=&#8221;4_4&#8243; _builder_version=&#8221;4.14.5&#8243; _module_preset=&#8221;default&#8221; global_colors_info=&#8221;{}&#8221;][et_pb_text _builder_version=&#8221;4.14.5&#8243; _module_preset=&#8221;default&#8221; global_colors_info=&#8221;{}&#8221;]</p>
<h2>ESCUELA ESPACIO DE PAZ</h2>
<p><span style="font-size: large"><strong>“Si queremos un mundo de paz y de justicia hay que poner decididamente la inteligencia al servicio del amor”</strong></span></p>
<p>&#8211; Antoine de Saint-Exupéry</p>
<p>Bienvenidos/as al espacio que pretende favorecer actitudes que provoquen intercambios sociales basados en el diálogo, negociación, solidaridad y prevención de conductas inadecuadas. Es el lugar donde fomentar valores basados en el respeto, la inclusión, la coeducación, la cooperación y el manejode las emociones poder hacer denuestro alumnado personas social y emocionalmente competentes.</p>
<p>[/et_pb_text][/et_pb_column][/et_pb_row][et_pb_row _builder_version=&#8221;4.14.5&#8243; _module_preset=&#8221;default&#8221; custom_padding=&#8221;30px|||||&#8221; global_colors_info=&#8221;{}&#8221;][et_pb_column type=&#8221;4_4&#8243; _builder_version=&#8221;4.14.5&#8243; _module_preset=&#8221;default&#8221; global_colors_info=&#8221;{}&#8221;][et_pb_text _builder_version=&#8221;4.14.5&#8243; _module_preset=&#8221;default&#8221; global_colors_info=&#8221;{}&#8221;]</p>
<h2>PROGRAMA DE EDUCACIÓN EMOCIONAL</h2>
<p>Este programa se inicia en el curso 15-16, con la misma planificación organizada para todo el Centro y adaptado a cada nivel, concretado dentro de nuestro <strong>Proyecto Escuela Espacio de Paz</strong> <strong>e incardinado en actividades tutoriales, actividades complementarias, Plan de Biblioteca, Plan de convivencia, Plan de Igualdad, Creciendo en Salud y con el Programa Aldea.</strong></p>
<p>Pretende potenciar la adquisición de las competencias emocionales y sociales como elemento esencial del desarrollo humano, al objeto de capacitar al alumnado para la vida y aumentar así su bienestar social y personal, que sepan expresar y controlar sus sentimientos, que conecten con las emociones de otras personas, que tengan autonomía y capacidad para tomar decisiones adecuadas y también capacidad de tolerar frustraciones e insatisfacciones cotidianas, que sepan adoptar actitudes de flexibilidad, cooperación y participación como miembro integrante de un grupo, aprendan a conocerse a sí mismo y valorarse (autoconocimiento), reconozcan los logros y los errores (autoestima), sean capaces de planificar y marcarse logros (pensamiento positivo) y sepan escuchar y comprender a los demás (escucha)… permitiendo que aprendan mejor y potencien sus resultados escolares</p>
<p>Revertirá también en la convivencia del Centro en particular y de la sociedad en general, y en la creación de una escuela coeducativa e inclusiva que ayude a eliminar prejuicios o estereotipos de cualquier índole.</p>
<p>[/et_pb_text][/et_pb_column][/et_pb_row][/et_pb_section]</p>

<p>ESCUELA ESPACIO DE PAZ “Si queremos un mundo de paz y de justicia hay que poner decididamente la inteligencia al servicio del amor” &#8211; Antoine de Saint-Exupéry Bienvenidos/as al espacio que pretende favorecer actitudes que provoquen intercambios sociales basados en el diálogo, negociación, solidaridad y prevención de conductas inadecuadas. Es el lugar donde fomentar valores [&hellip;]</p>

<p>“Si queremos un mundo de paz y de justicia hay que poner decididamente<br>la inteligencia al servicio del amor” (Antoine de Saint-Exupéry)<br>Bienvenidos/as al espacio que pretende favorecer actitudes que provoquen<br>intercambios sociales basados en el diálogo, negociación, solidaridad y<br>prevención de conductas inadecuadas.<br>Es el lugar donde fomentar valores basados en el respeto, la inclusión, la<br>coeducación, la cooperación y el manejo de las emociones poder hacer de<br>nuestro alumnado personas social y emocionalmente competentes.</p>
