{"id":1291,"date":"2023-06-04T19:03:54","date_gmt":"2023-06-04T18:03:54","guid":{"rendered":"https:\/\/blogsaverroes.juntadeandalucia.es\/ceipmdoloresvelasco\/?page_id=1291"},"modified":"2024-03-09T19:08:20","modified_gmt":"2024-03-09T18:08:20","slug":"medio-ambiente","status":"publish","type":"page","link":"https:\/\/blogsaverroes.juntadeandalucia.es\/ceipmdoloresvelasco\/medio-ambiente\/","title":{"rendered":"Medio Ambiente"},"content":{"rendered":"<p>[et_pb_section fb_built=&#8221;1&#8243; _builder_version=&#8221;3.23.3&#8243; custom_padding=&#8221;0px||0px|&#8221; z_index_tablet=&#8221;500&#8243; box_shadow_horizontal_tablet=&#8221;0px&#8221; box_shadow_vertical_tablet=&#8221;0px&#8221; box_shadow_blur_tablet=&#8221;40px&#8221; box_shadow_spread_tablet=&#8221;0px&#8221; global_colors_info=&#8221;{}&#8221;][et_pb_row _builder_version=&#8221;3.25&#8243; background_size=&#8221;initial&#8221; background_position=&#8221;top_left&#8221; background_repeat=&#8221;repeat&#8221; global_colors_info=&#8221;{}&#8221;][et_pb_column type=&#8221;4_4&#8243; _builder_version=&#8221;3.25&#8243; custom_padding=&#8221;|||&#8221; global_colors_info=&#8221;{}&#8221; custom_padding__hover=&#8221;|||&#8221;][et_pb_image src=&#8221;https:\/\/blogsaverroes.juntadeandalucia.es\/ceipmdoloresvelasco\/files\/2023\/05\/cole5.jpg&#8221; title_text=&#8221;cole5&#8243; _builder_version=&#8221;4.14.5&#8243; _module_preset=&#8221;default&#8221; min_height=&#8221;357px&#8221; max_height=&#8221;683px&#8221; global_colors_info=&#8221;{}&#8221;][\/et_pb_image][et_pb_text admin_label=&#8221;Texto descriptivo&#8221; _builder_version=&#8221;4.14.5&#8243; z_index_tablet=&#8221;500&#8243; text_text_shadow_horizontal_length_tablet=&#8221;0px&#8221; text_text_shadow_vertical_length_tablet=&#8221;0px&#8221; text_text_shadow_blur_strength_tablet=&#8221;1px&#8221; link_text_shadow_horizontal_length_tablet=&#8221;0px&#8221; link_text_shadow_vertical_length_tablet=&#8221;0px&#8221; link_text_shadow_blur_strength_tablet=&#8221;1px&#8221; ul_text_shadow_horizontal_length_tablet=&#8221;0px&#8221; ul_text_shadow_vertical_length_tablet=&#8221;0px&#8221; ul_text_shadow_blur_strength_tablet=&#8221;1px&#8221; ol_text_shadow_horizontal_length_tablet=&#8221;0px&#8221; ol_text_shadow_vertical_length_tablet=&#8221;0px&#8221; ol_text_shadow_blur_strength_tablet=&#8221;1px&#8221; quote_text_shadow_horizontal_length_tablet=&#8221;0px&#8221; quote_text_shadow_vertical_length_tablet=&#8221;0px&#8221; quote_text_shadow_blur_strength_tablet=&#8221;1px&#8221; header_text_shadow_horizontal_length_tablet=&#8221;0px&#8221; header_text_shadow_vertical_length_tablet=&#8221;0px&#8221; header_text_shadow_blur_strength_tablet=&#8221;1px&#8221; header_2_text_shadow_horizontal_length_tablet=&#8221;0px&#8221; header_2_text_shadow_vertical_length_tablet=&#8221;0px&#8221; header_2_text_shadow_blur_strength_tablet=&#8221;1px&#8221; header_3_text_shadow_horizontal_length_tablet=&#8221;0px&#8221; header_3_text_shadow_vertical_length_tablet=&#8221;0px&#8221; header_3_text_shadow_blur_strength_tablet=&#8221;1px&#8221; header_4_text_shadow_horizontal_length_tablet=&#8221;0px&#8221; header_4_text_shadow_vertical_length_tablet=&#8221;0px&#8221; header_4_text_shadow_blur_strength_tablet=&#8221;1px&#8221; header_5_text_shadow_horizontal_length_tablet=&#8221;0px&#8221; header_5_text_shadow_vertical_length_tablet=&#8221;0px&#8221; header_5_text_shadow_blur_strength_tablet=&#8221;1px&#8221; header_6_text_shadow_horizontal_length_tablet=&#8221;0px&#8221; header_6_text_shadow_vertical_length_tablet=&#8221;0px&#8221; header_6_text_shadow_blur_strength_tablet=&#8221;1px&#8221; box_shadow_horizontal_tablet=&#8221;0px&#8221; box_shadow_vertical_tablet=&#8221;0px&#8221; box_shadow_blur_tablet=&#8221;40px&#8221; box_shadow_spread_tablet=&#8221;0px&#8221; global_colors_info=&#8221;{}&#8221;]<\/p>\n<h2><span style=\"color: #0a0000\">Plan Aldea<\/span><\/h2>\n<p><span style=\"font-weight: 400\">El programa Aldea constituye una herramienta para el desarrollo de las competencias del alumnado en materia de Educaci\u00f3n Ambiental, mediante la introducci\u00f3n y el desarrollo de contenidos relacionados con el cambio clim\u00e1tico, la gesti\u00f3n de residuos y su reciclaje, la conservaci\u00f3n de la biodiversidad.<\/span><\/p>\n<p><span style=\"font-weight: 400\">Partimos del an\u00e1lisis de\u00a0 nuestro entorno y con una metodolog\u00eda activa y participativa, el alumnado protagoniza su proceso de aprendizaje y enfatiza los aspectos positivos de preservar nuestro medio ambiente.<\/span><span style=\"color: #0a0000\"><\/span><\/p>\n<p>Coordina:<strong> D. Jaime Recio Mayoral<\/strong><\/p>\n<p>[\/et_pb_text][et_pb_gallery gallery_ids=&#8221;1300,1299,1301&#8243; show_title_and_caption=&#8221;off&#8221; _builder_version=&#8221;4.14.5&#8243; _module_preset=&#8221;default&#8221; global_colors_info=&#8221;{}&#8221;][\/et_pb_gallery][et_pb_text _builder_version=&#8221;4.14.5&#8243; _module_preset=&#8221;default&#8221; global_colors_info=&#8221;{}&#8221;]<\/p>\n<h2><span style=\"color: #0a0000\">Creciendo en Salud<\/span><\/h2>\n<p>Nuestro cole trabaja el Plan\u00a0<span class=\"gmail-il\">Creciendo<\/span>\u00a0<span class=\"gmail-il\">en<\/span>\u00a0<span class=\"gmail-il\">Salud<\/span>\u00a0porque nos importa la\u00a0<span class=\"gmail-il\">salud<\/span>\u00a0f\u00edsica y emocional\u00a0<span class=\"gmail-il\">de<\/span>\u00a0nuestro alumnado: bailes, reparto\u00a0<span class=\"gmail-il\">de<\/span>\u00a0fruta y leche, convivencias con las familias, trabajos\u00a0<span class=\"gmail-il\">en<\/span>\u00a0el huerto, juguetes con materiales reciclados, carreras solidarias,&#8230;forman parte\u00a0<span class=\"gmail-il\">de<\/span>\u00a0nuestras rutinas habituales.<\/p>\n<p>Coordina: <strong>D\u00f1a. M\u00aa \u00c1ngeles Silv\u00e1n Dom\u00ednguez<\/strong><\/p>\n<p>&nbsp;<\/p>\n<p>[\/et_pb_text][et_pb_image src=&#8221;https:\/\/blogsaverroes.juntadeandalucia.es\/ceipmdoloresvelasco\/files\/2023\/06\/RUB_8727-scaled.jpg&#8221; title_text=&#8221;RUB_8727&#8243; _builder_version=&#8221;4.14.5&#8243; _module_preset=&#8221;default&#8221; width=&#8221;33%&#8221; max_width=&#8221;80%&#8221; max_height=&#8221;854px&#8221; global_colors_info=&#8221;{}&#8221;][\/et_pb_image][\/et_pb_column][\/et_pb_row][\/et_pb_section]<\/p>\n","protected":false},"excerpt":{"rendered":"<p>Plan Aldea El programa Aldea constituye una herramienta para el desarrollo de las competencias del alumnado en materia de Educaci\u00f3n Ambiental, mediante la introducci\u00f3n y el desarrollo de contenidos relacionados con el cambio clim\u00e1tico, la gesti\u00f3n de residuos y su reciclaje, la conservaci\u00f3n de la biodiversidad. Partimos del an\u00e1lisis de\u00a0 nuestro entorno y con una [&hellip;]<\/p>\n","protected":false},"author":17866,"featured_media":0,"parent":0,"menu_order":0,"comment_status":"closed","ping_status":"closed","template":"","meta":{"_et_pb_use_builder":"on","_et_pb_old_content":"","_et_gb_content_width":"","ngg_post_thumbnail":0,"footnotes":""},"aioseo_notices":[],"_links":{"self":[{"href":"https:\/\/blogsaverroes.juntadeandalucia.es\/ceipmdoloresvelasco\/wp-json\/wp\/v2\/pages\/1291"}],"collection":[{"href":"https:\/\/blogsaverroes.juntadeandalucia.es\/ceipmdoloresvelasco\/wp-json\/wp\/v2\/pages"}],"about":[{"href":"https:\/\/blogsaverroes.juntadeandalucia.es\/ceipmdoloresvelasco\/wp-json\/wp\/v2\/types\/page"}],"author":[{"embeddable":true,"href":"https:\/\/blogsaverroes.juntadeandalucia.es\/ceipmdoloresvelasco\/wp-json\/wp\/v2\/users\/17866"}],"replies":[{"embeddable":true,"href":"https:\/\/blogsaverroes.juntadeandalucia.es\/ceipmdoloresvelasco\/wp-json\/wp\/v2\/comments?post=1291"}],"version-history":[{"count":6,"href":"https:\/\/blogsaverroes.juntadeandalucia.es\/ceipmdoloresvelasco\/wp-json\/wp\/v2\/pages\/1291\/revisions"}],"predecessor-version":[{"id":1400,"href":"https:\/\/blogsaverroes.juntadeandalucia.es\/ceipmdoloresvelasco\/wp-json\/wp\/v2\/pages\/1291\/revisions\/1400"}],"wp:attachment":[{"href":"https:\/\/blogsaverroes.juntadeandalucia.es\/ceipmdoloresvelasco\/wp-json\/wp\/v2\/media?parent=1291"}],"curies":[{"name":"wp","href":"https:\/\/api.w.org\/{rel}","templated":true}]}}

<p>[et_pb_section fb_built=&#8221;1&#8243; _builder_version=&#8221;3.23.3&#8243; custom_padding=&#8221;0px||0px|&#8221; z_index_tablet=&#8221;500&#8243; box_shadow_horizontal_tablet=&#8221;0px&#8221; box_shadow_vertical_tablet=&#8221;0px&#8221; box_shadow_blur_tablet=&#8221;40px&#8221; box_shadow_spread_tablet=&#8221;0px&#8221; global_colors_info=&#8221;{}&#8221;][et_pb_row _builder_version=&#8221;3.25&#8243; background_size=&#8221;initial&#8221; background_position=&#8221;top_left&#8221; background_repeat=&#8221;repeat&#8221; global_colors_info=&#8221;{}&#8221;][et_pb_column type=&#8221;4_4&#8243; _builder_version=&#8221;3.25&#8243; custom_padding=&#8221;|||&#8221; global_colors_info=&#8221;{}&#8221; custom_padding__hover=&#8221;|||&#8221;][et_pb_image src=&#8221;https://blogsaverroes.juntadeandalucia.es/ceipmdoloresvelasco/files/2023/05/cole5.jpg&#8221; title_text=&#8221;cole5&#8243; _builder_version=&#8221;4.14.5&#8243; _module_preset=&#8221;default&#8221; min_height=&#8221;357px&#8221; max_height=&#8221;683px&#8221; global_colors_info=&#8221;{}&#8221;][/et_pb_image][et_pb_text admin_label=&#8221;Texto descriptivo&#8221; _builder_version=&#8221;4.14.5&#8243; z_index_tablet=&#8221;500&#8243; text_text_shadow_horizontal_length_tablet=&#8221;0px&#8221; text_text_shadow_vertical_length_tablet=&#8221;0px&#8221; text_text_shadow_blur_strength_tablet=&#8221;1px&#8221; link_text_shadow_horizontal_length_tablet=&#8221;0px&#8221; link_text_shadow_vertical_length_tablet=&#8221;0px&#8221; link_text_shadow_blur_strength_tablet=&#8221;1px&#8221; ul_text_shadow_horizontal_length_tablet=&#8221;0px&#8221; ul_text_shadow_vertical_length_tablet=&#8221;0px&#8221; ul_text_shadow_blur_strength_tablet=&#8221;1px&#8221; ol_text_shadow_horizontal_length_tablet=&#8221;0px&#8221; ol_text_shadow_vertical_length_tablet=&#8221;0px&#8221; ol_text_shadow_blur_strength_tablet=&#8221;1px&#8221; quote_text_shadow_horizontal_length_tablet=&#8221;0px&#8221; quote_text_shadow_vertical_length_tablet=&#8221;0px&#8221; quote_text_shadow_blur_strength_tablet=&#8221;1px&#8221; header_text_shadow_horizontal_length_tablet=&#8221;0px&#8221; header_text_shadow_vertical_length_tablet=&#8221;0px&#8221; header_text_shadow_blur_strength_tablet=&#8221;1px&#8221; header_2_text_shadow_horizontal_length_tablet=&#8221;0px&#8221; header_2_text_shadow_vertical_length_tablet=&#8221;0px&#8221; header_2_text_shadow_blur_strength_tablet=&#8221;1px&#8221; header_3_text_shadow_horizontal_length_tablet=&#8221;0px&#8221; header_3_text_shadow_vertical_length_tablet=&#8221;0px&#8221; header_3_text_shadow_blur_strength_tablet=&#8221;1px&#8221; header_4_text_shadow_horizontal_length_tablet=&#8221;0px&#8221; header_4_text_shadow_vertical_length_tablet=&#8221;0px&#8221; header_4_text_shadow_blur_strength_tablet=&#8221;1px&#8221; header_5_text_shadow_horizontal_length_tablet=&#8221;0px&#8221; header_5_text_shadow_vertical_length_tablet=&#8221;0px&#8221; header_5_text_shadow_blur_strength_tablet=&#8221;1px&#8221; header_6_text_shadow_horizontal_length_tablet=&#8221;0px&#8221; header_6_text_shadow_vertical_length_tablet=&#8221;0px&#8221; header_6_text_shadow_blur_strength_tablet=&#8221;1px&#8221; box_shadow_horizontal_tablet=&#8221;0px&#8221; box_shadow_vertical_tablet=&#8221;0px&#8221; box_shadow_blur_tablet=&#8221;40px&#8221; box_shadow_spread_tablet=&#8221;0px&#8221; global_colors_info=&#8221;{}&#8221;]</p>
<h2><span style="color: #0a0000">Plan Aldea</span></h2>
<p><span style="font-weight: 400">El programa Aldea constituye una herramienta para el desarrollo de las competencias del alumnado en materia de Educación Ambiental, mediante la introducción y el desarrollo de contenidos relacionados con el cambio climático, la gestión de residuos y su reciclaje, la conservación de la biodiversidad.</span></p>
<p><span style="font-weight: 400">Partimos del análisis de  nuestro entorno y con una metodología activa y participativa, el alumnado protagoniza su proceso de aprendizaje y enfatiza los aspectos positivos de preservar nuestro medio ambiente.</span><span style="color: #0a0000"></span></p>
<p>Coordina:<strong> D. Jaime Recio Mayoral</strong></p>
<p>[/et_pb_text][et_pb_gallery gallery_ids=&#8221;1300,1299,1301&#8243; show_title_and_caption=&#8221;off&#8221; _builder_version=&#8221;4.14.5&#8243; _module_preset=&#8221;default&#8221; global_colors_info=&#8221;{}&#8221;][/et_pb_gallery][et_pb_text _builder_version=&#8221;4.14.5&#8243; _module_preset=&#8221;default&#8221; global_colors_info=&#8221;{}&#8221;]</p>
<h2><span style="color: #0a0000">Creciendo en Salud</span></h2>
<p>Nuestro cole trabaja el Plan <span class="gmail-il">Creciendo</span> <span class="gmail-il">en</span> <span class="gmail-il">Salud</span> porque nos importa la <span class="gmail-il">salud</span> física y emocional <span class="gmail-il">de</span> nuestro alumnado: bailes, reparto <span class="gmail-il">de</span> fruta y leche, convivencias con las familias, trabajos <span class="gmail-il">en</span> el huerto, juguetes con materiales reciclados, carreras solidarias,&#8230;forman parte <span class="gmail-il">de</span> nuestras rutinas habituales.</p>
<p>Coordina: <strong>Dña. Mª Ángeles Silván Domínguez</strong></p>
<p>&nbsp;</p>
<p>[/et_pb_text][et_pb_image src=&#8221;https://blogsaverroes.juntadeandalucia.es/ceipmdoloresvelasco/files/2023/06/RUB_8727-scaled.jpg&#8221; title_text=&#8221;RUB_8727&#8243; _builder_version=&#8221;4.14.5&#8243; _module_preset=&#8221;default&#8221; width=&#8221;33%&#8221; max_width=&#8221;80%&#8221; max_height=&#8221;854px&#8221; global_colors_info=&#8221;{}&#8221;][/et_pb_image][/et_pb_column][/et_pb_row][/et_pb_section]</p>

<p>Plan Aldea El programa Aldea constituye una herramienta para el desarrollo de las competencias del alumnado en materia de Educación Ambiental, mediante la introducción y el desarrollo de contenidos relacionados con el cambio climático, la gestión de residuos y su reciclaje, la conservación de la biodiversidad. Partimos del análisis de  nuestro entorno y con una [&hellip;]</p>
