{"id":845,"date":"2020-12-18T08:40:01","date_gmt":"2020-12-18T07:40:01","guid":{"rendered":"https:\/\/blogsaverroes.juntadeandalucia.es\/pre\/plantilla-pencil\/?page_id=845"},"modified":"2024-03-09T19:11:50","modified_gmt":"2024-03-09T18:11:50","slug":"rincon-violeta","status":"publish","type":"page","link":"https:\/\/blogsaverroes.juntadeandalucia.es\/ceipmdoloresvelasco\/rincon-violeta\/","title":{"rendered":"Rinc\u00f3n Violeta"},"content":{"rendered":"<p>[et_pb_section fb_built=&#8221;1&#8243; _builder_version=&#8221;3.23.3&#8243; custom_padding=&#8221;0px||0px|&#8221; z_index_tablet=&#8221;500&#8243; box_shadow_horizontal_tablet=&#8221;0px&#8221; box_shadow_vertical_tablet=&#8221;0px&#8221; box_shadow_blur_tablet=&#8221;40px&#8221; box_shadow_spread_tablet=&#8221;0px&#8221; global_colors_info=&#8221;{}&#8221;][et_pb_row _builder_version=&#8221;3.25&#8243; background_size=&#8221;initial&#8221; background_position=&#8221;top_left&#8221; background_repeat=&#8221;repeat&#8221; global_colors_info=&#8221;{}&#8221;][et_pb_column type=&#8221;4_4&#8243; _builder_version=&#8221;3.25&#8243; custom_padding=&#8221;|||&#8221; global_colors_info=&#8221;{}&#8221; custom_padding__hover=&#8221;|||&#8221;][et_pb_image src=&#8221;https:\/\/blogsaverroes.juntadeandalucia.es\/ceipmdoloresvelasco\/files\/2023\/05\/igualdad_foto.jpg&#8221; title_text=&#8221;igualdad_foto&#8221; _builder_version=&#8221;4.14.5&#8243; _module_preset=&#8221;default&#8221; min_height=&#8221;357px&#8221; max_height=&#8221;683px&#8221; global_colors_info=&#8221;{}&#8221;][\/et_pb_image][et_pb_text admin_label=&#8221;Texto descriptivo&#8221; _builder_version=&#8221;4.14.5&#8243; hover_enabled=&#8221;0&#8243; z_index_tablet=&#8221;500&#8243; text_text_shadow_horizontal_length_tablet=&#8221;0px&#8221; text_text_shadow_vertical_length_tablet=&#8221;0px&#8221; text_text_shadow_blur_strength_tablet=&#8221;1px&#8221; link_text_shadow_horizontal_length_tablet=&#8221;0px&#8221; link_text_shadow_vertical_length_tablet=&#8221;0px&#8221; link_text_shadow_blur_strength_tablet=&#8221;1px&#8221; ul_text_shadow_horizontal_length_tablet=&#8221;0px&#8221; ul_text_shadow_vertical_length_tablet=&#8221;0px&#8221; ul_text_shadow_blur_strength_tablet=&#8221;1px&#8221; ol_text_shadow_horizontal_length_tablet=&#8221;0px&#8221; ol_text_shadow_vertical_length_tablet=&#8221;0px&#8221; ol_text_shadow_blur_strength_tablet=&#8221;1px&#8221; quote_text_shadow_horizontal_length_tablet=&#8221;0px&#8221; quote_text_shadow_vertical_length_tablet=&#8221;0px&#8221; quote_text_shadow_blur_strength_tablet=&#8221;1px&#8221; header_text_shadow_horizontal_length_tablet=&#8221;0px&#8221; header_text_shadow_vertical_length_tablet=&#8221;0px&#8221; header_text_shadow_blur_strength_tablet=&#8221;1px&#8221; header_2_text_shadow_horizontal_length_tablet=&#8221;0px&#8221; header_2_text_shadow_vertical_length_tablet=&#8221;0px&#8221; header_2_text_shadow_blur_strength_tablet=&#8221;1px&#8221; header_3_text_shadow_horizontal_length_tablet=&#8221;0px&#8221; header_3_text_shadow_vertical_length_tablet=&#8221;0px&#8221; header_3_text_shadow_blur_strength_tablet=&#8221;1px&#8221; header_4_text_shadow_horizontal_length_tablet=&#8221;0px&#8221; header_4_text_shadow_vertical_length_tablet=&#8221;0px&#8221; header_4_text_shadow_blur_strength_tablet=&#8221;1px&#8221; header_5_text_shadow_horizontal_length_tablet=&#8221;0px&#8221; header_5_text_shadow_vertical_length_tablet=&#8221;0px&#8221; header_5_text_shadow_blur_strength_tablet=&#8221;1px&#8221; header_6_text_shadow_horizontal_length_tablet=&#8221;0px&#8221; header_6_text_shadow_vertical_length_tablet=&#8221;0px&#8221; header_6_text_shadow_blur_strength_tablet=&#8221;1px&#8221; box_shadow_horizontal_tablet=&#8221;0px&#8221; box_shadow_vertical_tablet=&#8221;0px&#8221; box_shadow_blur_tablet=&#8221;40px&#8221; box_shadow_spread_tablet=&#8221;0px&#8221; global_colors_info=&#8221;{}&#8221; sticky_enabled=&#8221;0&#8243;]<\/p>\n<h2><span style=\"color: #800080\"><\/span><\/h2>\n<h2><span style=\"color: #800080\">Rinc\u00f3n Violeta<\/span><\/h2>\n<div class=\"gmail_default\">\n<div class=\"gmail_default\">\n<p>Nuestro centro tiene un fuerte compromiso con la Igualdad y la lucha contra la <strong>VIOGEN,<\/strong> Violencia de g\u00e9nero, es una prioridad que se enmarca dentro del Proyecto contra la Violencia de G\u00e9nero que presentamos cada a\u00f1o, dentro de la convocatoria por el <strong>Pacto de Estado Europeo contra la Violencia de G\u00e9nero Delegaci\u00f3n del Gobierno.<\/strong><\/p>\n<p>A\u00fan se respira una sociedad patriarcal, donde las mujeres contin\u00faan situadas en posiciones inferiores, debido al bagaje y las costumbres que la historia nos ha marcado. Por ello, desde nuestro Rinc\u00f3n Violeta, intentamos promover modelos de convivencia y relaci\u00f3n entre los sexos que respete la igualdad, intentando inculcar valores de tolerancia y respeto desde Educaci\u00f3n Infantil hasta el final de la Etapa Primaria.<\/p>\n<p>Siguiendo el <strong>Pacto de Estado contra la Violencia de G\u00e9nero<\/strong>, apostamos por estas v\u00edas en nuestra pr\u00e1ctica Coeducativa, mediante nuestras <strong>P\u00edldoras por la Igualdad:<\/strong><\/p>\n<p><em>&#8211; Informaci\u00f3n \u00fatil y clara con mensajes adaptados a las distintas edades, en donde se identifiquen conductas discriminatorias y que supongan violencia de g\u00e9nero, as\u00ed como dotaci\u00f3n de herramientas y medidas a llevar a cabo en el caso de que suceda, haciendo hincapi\u00e9 en potenciar habilidades de comunicaci\u00f3n.<\/em><\/p>\n<p><em>&#8211; Sensibilizaci\u00f3n y concienciaci\u00f3n de la realidad, aportando datos y estad\u00edsticas sobre las mujeres que sufren maltrato, para ser conscientes de la necesidad de reconstrucci\u00f3n de una sociedad m\u00e1s igualitaria, fomentando la lucha por erradicar la violencia contra las mujeres.<\/em><\/p>\n<p><em>&#8211; Mostrar modelos y referentes de mujeres emprendedoras, profesionales de todas las \u00e1reas, sobre todo <strong>STEAM<\/strong>, para dar visibilidad con ejemplos inspiradores. <strong>Calendario Coeducativo Junta de Andaluc\u00eda.<\/strong><\/em><\/p>\n<p><em>&#8211; Informaci\u00f3n sobre sexualidad, sobre diversidad de g\u00e9nero y fomento de actitudes saludables ante conversaciones sobre sexualidad, adquiriendo un conocimiento b\u00e1sico y seguro que les aleje de la desinformaci\u00f3n o la no informaci\u00f3n sobre este tema.<\/em><\/p>\n<p><em>&#8211; Uso de un lenguaje inclusivo en todas las publicaciones del centro, en las clases y reuniones con la Comunidad Educativa, fomentando el sentido cr\u00edtico ante estereotipos y micromachismos, en todos los textos sociales y canciones de moda.<\/em><em><\/em><\/p>\n<p>ALGUNOS PROYECTOS LLEVADOS A CABO DESDE NUESTRO RINC\u00d3N VIOLETA:<\/p>\n<ul>\n<li><span style=\"font-size: large\"><a href=\"https:\/\/docs.google.com\/document\/d\/1e-RYjnFl1CaqnOTxnTN1klbTzEaHAVrNHNFgmTDeMjo\/edit\" style=\"color: #800080\">8M Fern\u00e1n Caballero<\/a><\/span><\/li>\n<li><span style=\"font-size: large;color: #800080\"><a href=\"https:\/\/docs.google.com\/document\/d\/1e-RYjnFl1CaqnOTxnTN1klbTzEaHAVrNHNFgmTDeMjo\/edit\" style=\"color: #800080\">11F D\u00eda internacional de la mujer y la ni\u00f1a en al ciencia<\/a><\/span><\/li>\n<li><span style=\"color: #800080;font-size: large\"><a href=\"https:\/\/docs.google.com\/document\/d\/1e-RYjnFl1CaqnOTxnTN1klbTzEaHAVrNHNFgmTDeMjo\/edit\" style=\"color: #800080\">Mary Shelley<\/a><\/span><\/li>\n<li><span style=\"color: #800080;font-size: large\"><a href=\"https:\/\/docs.google.com\/document\/d\/16GzpQ834f6zviCZEMyqrlqAO29iNkgWzmVIzQqXDZlo\/edit\" style=\"color: #800080\">25N<\/a><\/span><\/li>\n<li><span style=\"color: #800080;font-size: large\"><a href=\"https:\/\/docs.google.com\/document\/d\/1k61bU-kwuQEznKe6fVkYmmGYdGzQATpSz6ELR1kQrMg\/edit\" style=\"color: #800080\">11O D\u00eda internacional de la ni\u00f1a<\/a><\/span><\/li>\n<li><span style=\"color: #800080\"><span style=\"font-size: large\">Web: <\/span><span style=\"font-size: large\"><a href=\"https:\/\/sites.google.com\/view\/maestraelenaarias?usp=sharing\" style=\"color: #800080\">Gafas violetas<\/a><\/span><\/span><\/li>\n<\/ul>\n<p>&nbsp;<\/p>\n<p>Coordina <strong>D\u00f1a. Elena Arias L\u00f3pez<\/strong><\/p>\n<\/div>\n<\/div>\n<p>[\/et_pb_text][\/et_pb_column][\/et_pb_row][et_pb_row _builder_version=&#8221;4.14.5&#8243; _module_preset=&#8221;default&#8221; global_colors_info=&#8221;{}&#8221;][et_pb_column type=&#8221;4_4&#8243; _builder_version=&#8221;4.14.5&#8243; _module_preset=&#8221;default&#8221; global_colors_info=&#8221;{}&#8221;][et_pb_image src=&#8221;https:\/\/blogsaverroes.juntadeandalucia.es\/ceipmdoloresvelasco\/files\/2023\/05\/igualdad_foto2.jpg&#8221; title_text=&#8221;igualdad_foto2&#8243; _builder_version=&#8221;4.14.5&#8243; _module_preset=&#8221;default&#8221; width=&#8221;70%&#8221; global_colors_info=&#8221;{}&#8221;][\/et_pb_image][\/et_pb_column][\/et_pb_row][\/et_pb_section]<\/p>\n","protected":false},"excerpt":{"rendered":"<p>Rinc\u00f3n Violeta Nuestro centro tiene un fuerte compromiso con la Igualdad y la lucha contra la VIOGEN, Violencia de g\u00e9nero, es una prioridad que se enmarca dentro del Proyecto contra la Violencia de G\u00e9nero que presentamos cada a\u00f1o, dentro de la convocatoria por el Pacto de Estado Europeo contra la Violencia de G\u00e9nero Delegaci\u00f3n del [&hellip;]<\/p>\n","protected":false},"author":17866,"featured_media":0,"parent":0,"menu_order":0,"comment_status":"closed","ping_status":"closed","template":"","meta":{"_et_pb_use_builder":"on","_et_pb_old_content":"","_et_gb_content_width":"","ngg_post_thumbnail":0,"footnotes":""},"aioseo_notices":[],"_links":{"self":[{"href":"https:\/\/blogsaverroes.juntadeandalucia.es\/ceipmdoloresvelasco\/wp-json\/wp\/v2\/pages\/845"}],"collection":[{"href":"https:\/\/blogsaverroes.juntadeandalucia.es\/ceipmdoloresvelasco\/wp-json\/wp\/v2\/pages"}],"about":[{"href":"https:\/\/blogsaverroes.juntadeandalucia.es\/ceipmdoloresvelasco\/wp-json\/wp\/v2\/types\/page"}],"author":[{"embeddable":true,"href":"https:\/\/blogsaverroes.juntadeandalucia.es\/ceipmdoloresvelasco\/wp-json\/wp\/v2\/users\/17866"}],"replies":[{"embeddable":true,"href":"https:\/\/blogsaverroes.juntadeandalucia.es\/ceipmdoloresvelasco\/wp-json\/wp\/v2\/comments?post=845"}],"version-history":[{"count":11,"href":"https:\/\/blogsaverroes.juntadeandalucia.es\/ceipmdoloresvelasco\/wp-json\/wp\/v2\/pages\/845\/revisions"}],"predecessor-version":[{"id":1402,"href":"https:\/\/blogsaverroes.juntadeandalucia.es\/ceipmdoloresvelasco\/wp-json\/wp\/v2\/pages\/845\/revisions\/1402"}],"wp:attachment":[{"href":"https:\/\/blogsaverroes.juntadeandalucia.es\/ceipmdoloresvelasco\/wp-json\/wp\/v2\/media?parent=845"}],"curies":[{"name":"wp","href":"https:\/\/api.w.org\/{rel}","templated":true}]}}