{"id":850,"date":"2020-12-18T08:41:27","date_gmt":"2020-12-18T07:41:27","guid":{"rendered":"https:\/\/blogsaverroes.juntadeandalucia.es\/pre\/plantilla-pencil\/?page_id=850"},"modified":"2023-05-29T17:00:14","modified_gmt":"2023-05-29T16:00:14","slug":"planes-y-proyectos","status":"publish","type":"page","link":"https:\/\/blogsaverroes.juntadeandalucia.es\/ceipmdoloresvelasco\/planes-y-proyectos\/","title":{"rendered":"Planes y Proyectos"},"content":{"rendered":"<p>[et_pb_section fb_built=&#8221;1&#8243; _builder_version=&#8221;3.22&#8243; global_colors_info=&#8221;{}&#8221;][et_pb_row _builder_version=&#8221;3.25&#8243; background_size=&#8221;initial&#8221; background_position=&#8221;top_left&#8221; background_repeat=&#8221;repeat&#8221; global_colors_info=&#8221;{}&#8221;][et_pb_column type=&#8221;4_4&#8243; _builder_version=&#8221;3.25&#8243; custom_padding=&#8221;|||&#8221; global_colors_info=&#8221;{}&#8221; custom_padding__hover=&#8221;|||&#8221;][et_pb_image src=&#8221;https:\/\/blogsaverroes.juntadeandalucia.es\/ceipmdoloresvelasco\/files\/2023\/05\/bienvenida1.jpg&#8221; title_text=&#8221;bienvenida1&#8243; _builder_version=&#8221;4.14.5&#8243; _module_preset=&#8221;default&#8221; hover_enabled=&#8221;0&#8243; global_colors_info=&#8221;{}&#8221; sticky_enabled=&#8221;0&#8243;][\/et_pb_image][et_pb_text admin_label=&#8221;Texto descriptivo&#8221; _builder_version=&#8221;3.27.4&#8243; z_index_tablet=&#8221;500&#8243; text_text_shadow_horizontal_length_tablet=&#8221;0px&#8221; text_text_shadow_vertical_length_tablet=&#8221;0px&#8221; text_text_shadow_blur_strength_tablet=&#8221;1px&#8221; link_text_shadow_horizontal_length_tablet=&#8221;0px&#8221; link_text_shadow_vertical_length_tablet=&#8221;0px&#8221; link_text_shadow_blur_strength_tablet=&#8221;1px&#8221; ul_text_shadow_horizontal_length_tablet=&#8221;0px&#8221; ul_text_shadow_vertical_length_tablet=&#8221;0px&#8221; ul_text_shadow_blur_strength_tablet=&#8221;1px&#8221; ol_text_shadow_horizontal_length_tablet=&#8221;0px&#8221; ol_text_shadow_vertical_length_tablet=&#8221;0px&#8221; ol_text_shadow_blur_strength_tablet=&#8221;1px&#8221; quote_text_shadow_horizontal_length_tablet=&#8221;0px&#8221; quote_text_shadow_vertical_length_tablet=&#8221;0px&#8221; quote_text_shadow_blur_strength_tablet=&#8221;1px&#8221; header_text_shadow_horizontal_length_tablet=&#8221;0px&#8221; header_text_shadow_vertical_length_tablet=&#8221;0px&#8221; header_text_shadow_blur_strength_tablet=&#8221;1px&#8221; header_2_text_shadow_horizontal_length_tablet=&#8221;0px&#8221; header_2_text_shadow_vertical_length_tablet=&#8221;0px&#8221; header_2_text_shadow_blur_strength_tablet=&#8221;1px&#8221; header_3_text_shadow_horizontal_length_tablet=&#8221;0px&#8221; header_3_text_shadow_vertical_length_tablet=&#8221;0px&#8221; header_3_text_shadow_blur_strength_tablet=&#8221;1px&#8221; header_4_text_shadow_horizontal_length_tablet=&#8221;0px&#8221; header_4_text_shadow_vertical_length_tablet=&#8221;0px&#8221; header_4_text_shadow_blur_strength_tablet=&#8221;1px&#8221; header_5_text_shadow_horizontal_length_tablet=&#8221;0px&#8221; header_5_text_shadow_vertical_length_tablet=&#8221;0px&#8221; header_5_text_shadow_blur_strength_tablet=&#8221;1px&#8221; header_6_text_shadow_horizontal_length_tablet=&#8221;0px&#8221; header_6_text_shadow_vertical_length_tablet=&#8221;0px&#8221; header_6_text_shadow_blur_strength_tablet=&#8221;1px&#8221; box_shadow_horizontal_tablet=&#8221;0px&#8221; box_shadow_vertical_tablet=&#8221;0px&#8221; box_shadow_blur_tablet=&#8221;40px&#8221; box_shadow_spread_tablet=&#8221;0px&#8221; global_colors_info=&#8221;{}&#8221;]<\/p>\n<h2>TRABAJAMOS DESDE EL CORAZ\u00d3N<\/h2>\n<p>Desde el<strong> CEIP Maestra Dolores Velasco<\/strong> damos la bienvenida a toda la <strong>Comunidad Educativa.<\/strong><\/p>\n<p>Nuestro cole, un lugar ideal para el encuentro, para disfrutar del aprendizaje, para realizarse como persona, para formarse en sociedad y vivir la aventura del conocimiento con entusiasmo, impregnado de valores fundamentales como el <strong>respeto, la solidaridad, la inclusi\u00f3n y la Igualdad de oportunidades.<\/strong><\/p>\n<p>Tanto personal docente como no docente trabaja muy ilusionado en este proyecto tan gratificante, con estrategias pedag\u00f3gicas, responsabilidad y entrega, para que nuestros alumnos\/as crezcan felices en un ambiente de afecto y seguridad que potencien su autonom\u00eda y aprendan a convivir pac\u00edficamente.<\/p>\n<p>Contamos con la inestimable colaboraci\u00f3n del <strong>AMPA CEIP Maestra Dolores Velasco<\/strong> y vuestra complicidad como familias para remar en la misma direcci\u00f3n y llevar a buen puerto este proyecto.<\/p>\n<p>Agradecemos vuestra confianza apoy\u00e1ndonos en el d\u00eda a d\u00eda que nos ayuda a seguir progresando.<\/p>\n<p>Esperamos que este sitio web les resulte \u00fatil para conocernos mejor y les haga participe de la vida del Centro.<\/p>\n<p><span style=\"font-size: large\"><strong>\u00a1S\u00edguenos en nuestras redes sociales!<\/strong><\/span><\/p>\n<p>[\/et_pb_text][\/et_pb_column][\/et_pb_row][et_pb_row _builder_version=&#8221;4.14.5&#8243; _module_preset=&#8221;default&#8221; global_colors_info=&#8221;{}&#8221;][et_pb_column type=&#8221;4_4&#8243; _builder_version=&#8221;4.14.5&#8243; _module_preset=&#8221;default&#8221; global_colors_info=&#8221;{}&#8221;][et_pb_cta title=&#8221;Con\u00f3cenos mejor&#8221; button_url=&#8221;https:\/\/view.genial.ly\/6405c2e13e1bf9001100f444&#8243; button_text=&#8221;Saber m\u00e1s&#8221; _builder_version=&#8221;4.14.5&#8243; _module_preset=&#8221;default&#8221; link_option_url_new_window=&#8221;on&#8221; global_colors_info=&#8221;{}&#8221;]<\/p>\n<p>Puertas abiertas<\/p>\n<p>[\/et_pb_cta][\/et_pb_column][\/et_pb_row][\/et_pb_section]<\/p>\n","protected":false},"excerpt":{"rendered":"<p>TRABAJAMOS DESDE EL CORAZ\u00d3N Desde el CEIP Maestra Dolores Velasco damos la bienvenida a toda la Comunidad Educativa. Nuestro cole, un lugar ideal para el encuentro, para disfrutar del aprendizaje, para realizarse como persona, para formarse en sociedad y vivir la aventura del conocimiento con entusiasmo, impregnado de valores fundamentales como el respeto, la solidaridad, [&hellip;]<\/p>\n","protected":false},"author":17866,"featured_media":0,"parent":0,"menu_order":0,"comment_status":"closed","ping_status":"closed","template":"","meta":{"_et_pb_use_builder":"on","_et_pb_old_content":"","_et_gb_content_width":"","ngg_post_thumbnail":0,"footnotes":""},"aioseo_notices":[],"_links":{"self":[{"href":"https:\/\/blogsaverroes.juntadeandalucia.es\/ceipmdoloresvelasco\/wp-json\/wp\/v2\/pages\/850"}],"collection":[{"href":"https:\/\/blogsaverroes.juntadeandalucia.es\/ceipmdoloresvelasco\/wp-json\/wp\/v2\/pages"}],"about":[{"href":"https:\/\/blogsaverroes.juntadeandalucia.es\/ceipmdoloresvelasco\/wp-json\/wp\/v2\/types\/page"}],"author":[{"embeddable":true,"href":"https:\/\/blogsaverroes.juntadeandalucia.es\/ceipmdoloresvelasco\/wp-json\/wp\/v2\/users\/17866"}],"replies":[{"embeddable":true,"href":"https:\/\/blogsaverroes.juntadeandalucia.es\/ceipmdoloresvelasco\/wp-json\/wp\/v2\/comments?post=850"}],"version-history":[{"count":5,"href":"https:\/\/blogsaverroes.juntadeandalucia.es\/ceipmdoloresvelasco\/wp-json\/wp\/v2\/pages\/850\/revisions"}],"predecessor-version":[{"id":1278,"href":"https:\/\/blogsaverroes.juntadeandalucia.es\/ceipmdoloresvelasco\/wp-json\/wp\/v2\/pages\/850\/revisions\/1278"}],"wp:attachment":[{"href":"https:\/\/blogsaverroes.juntadeandalucia.es\/ceipmdoloresvelasco\/wp-json\/wp\/v2\/media?parent=850"}],"curies":[{"name":"wp","href":"https:\/\/api.w.org\/{rel}","templated":true}]}}