{"id":426,"date":"2015-03-20T07:05:49","date_gmt":"2015-03-20T07:05:49","guid":{"rendered":"http:\/\/blogsaverroes.juntadeandalucia.es\/pre\/ceip\/?page_id=426"},"modified":"2022-06-30T15:32:35","modified_gmt":"2022-06-30T15:32:35","slug":"materiales-recursos","status":"publish","type":"page","link":"https:\/\/blogsaverroes.juntadeandalucia.es\/ceipmedinaolmos\/educacion-infantil\/materiales-recursos\/","title":{"rendered":"E.I. Materiales"},"content":{"rendered":"<p>Estos son los materiales que se utilizaran en el curso 2022\/23 en Educaci\u00f3n Infantil.<\/p>\n<ul>\n<li><a title=\"Materiales de Educaci\u00f3n Infantil 3 a\u00f1os curso 2022\/23\" href=\"http:\/\/blogsaverroes.juntadeandalucia.es\/ceipmedinaolmos\/2022\/06\/30\/materiales-de-educacion-infantil-3-anos-curso-2022-23\/\" target=\"_blank\" rel=\"noopener noreferrer\">Materiales Educaci\u00f3n Infanti 3 a\u00f1os<\/a>.<\/li>\n<li><a title=\"Materiales de Educaci\u00f3n Infantil 4 a\u00f1os curso 2022\/23\" href=\"http:\/\/blogsaverroes.juntadeandalucia.es\/ceipmedinaolmos\/2022\/06\/30\/materiales-de-educacion-infantil-4-anos-curso-2022-23\/\" target=\"_blank\" rel=\"noopener noreferrer\">Materiales Educaci\u00f3n Infantil 4 a\u00f1os.<\/a><\/li>\n<li><a title=\"Materiales de Educaci\u00f3n Infantil 5 a\u00f1os curso 2022\/23\" href=\"http:\/\/blogsaverroes.juntadeandalucia.es\/ceipmedinaolmos\/2022\/06\/30\/materiales-de-educacion-infantil-5-anos-curso-2022-23\/\" target=\"_blank\" rel=\"noopener noreferrer\">Materiales Educaci\u00f3n Infantil 5 a\u00f1os.<\/a><\/li>\n<\/ul>\n","protected":false},"excerpt":{"rendered":"<p>Estos son los materiales que se utilizaran en el curso 2022\/23 en Educaci\u00f3n Infantil. Materiales Educaci\u00f3n Infanti 3 a\u00f1os. Materiales Educaci\u00f3n Infantil 4 a\u00f1os. Materiales Educaci\u00f3n Infantil 5 a\u00f1os.<\/p>\n","protected":false},"author":1,"featured_media":0,"parent":424,"menu_order":0,"comment_status":"closed","ping_status":"open","template":"","meta":{"ngg_post_thumbnail":0,"footnotes":"","_mc_calendar":[]},"aioseo_notices":[],"_links":{"self":[{"href":"https:\/\/blogsaverroes.juntadeandalucia.es\/ceipmedinaolmos\/wp-json\/wp\/v2\/pages\/426"}],"collection":[{"href":"https:\/\/blogsaverroes.juntadeandalucia.es\/ceipmedinaolmos\/wp-json\/wp\/v2\/pages"}],"about":[{"href":"https:\/\/blogsaverroes.juntadeandalucia.es\/ceipmedinaolmos\/wp-json\/wp\/v2\/types\/page"}],"author":[{"embeddable":true,"href":"https:\/\/blogsaverroes.juntadeandalucia.es\/ceipmedinaolmos\/wp-json\/wp\/v2\/users\/1"}],"replies":[{"embeddable":true,"href":"https:\/\/blogsaverroes.juntadeandalucia.es\/ceipmedinaolmos\/wp-json\/wp\/v2\/comments?post=426"}],"version-history":[{"count":8,"href":"https:\/\/blogsaverroes.juntadeandalucia.es\/ceipmedinaolmos\/wp-json\/wp\/v2\/pages\/426\/revisions"}],"predecessor-version":[{"id":2706,"href":"https:\/\/blogsaverroes.juntadeandalucia.es\/ceipmedinaolmos\/wp-json\/wp\/v2\/pages\/426\/revisions\/2706"}],"up":[{"embeddable":true,"href":"https:\/\/blogsaverroes.juntadeandalucia.es\/ceipmedinaolmos\/wp-json\/wp\/v2\/pages\/424"}],"wp:attachment":[{"href":"https:\/\/blogsaverroes.juntadeandalucia.es\/ceipmedinaolmos\/wp-json\/wp\/v2\/media?parent=426"}],"curies":[{"name":"wp","href":"https:\/\/api.w.org\/{rel}","templated":true}]}}