{"id":430,"date":"2015-03-20T07:07:04","date_gmt":"2015-03-20T07:07:04","guid":{"rendered":"http:\/\/blogsaverroes.juntadeandalucia.es\/pre\/ceip\/?page_id=430"},"modified":"2022-06-30T15:30:14","modified_gmt":"2022-06-30T15:30:14","slug":"materiales-recursos","status":"publish","type":"page","link":"https:\/\/blogsaverroes.juntadeandalucia.es\/ceipmedinaolmos\/ed-primaria-1o-ciclo\/materiales-recursos\/","title":{"rendered":"E.P. 1\u00ba ciclo. Materiales"},"content":{"rendered":"<div class=\"page\" title=\"Page 1\">\n<div class=\"layoutArea\">\n<div class=\"column\">\n<div class=\"page\" title=\"Page 1\">\n<div class=\"layoutArea\">\n<div class=\"column\">\n<h3><strong>LISTA DE MATERIAL para 1\u00ba y 2\u00ba de EDUC. PRIMARIA &#8211; <\/strong><\/h3>\n<h3><strong>curso: 2022\/2023<\/strong><\/h3>\n<\/div>\n<\/div>\n<\/div>\n<div class=\"page\" title=\"Page 1\">\n<div class=\"layoutArea\">\n<div class=\"column\">\n<p><a title=\"LISTA DE MATERIAL para 1\u00ba de EDUC. PRIMARIA\" href=\"http:\/\/blogsaverroes.juntadeandalucia.es\/ceipmedinaolmos\/2022\/06\/30\/lista-de-material-para-1o-de-educ-primaria\/\" target=\"_blank\" rel=\"noopener noreferrer\">Materiales 1\u00ba Educaci\u00f3n Primaria.<\/a><\/p>\n<p><a title=\"LISTA DE MATERIAL para 2\u00ba de EDUC. PRIMARIA\" href=\"http:\/\/blogsaverroes.juntadeandalucia.es\/ceipmedinaolmos\/2022\/06\/30\/lista-de-material-para-2o-de-educ-primaria\/\" target=\"_blank\" rel=\"noopener noreferrer\">Materiales 2\u00ba Educaci\u00f3n Primaria.<\/a><\/p>\n<p><strong>Los materiales se llevar\u00e1n al aula el primer d\u00eda de clase con ni\u00f1os\/as.<\/strong><\/p>\n<p><strong>No lleven el material al tutor\/a antes de dicho d\u00eda. No ser\u00e1 recogido por motivos de seguridad y custodia.<\/strong><\/p>\n<\/div>\n<\/div>\n<\/div>\n<\/div>\n<\/div>\n<\/div>\n","protected":false},"excerpt":{"rendered":"<p>LISTA DE MATERIAL para 1\u00ba y 2\u00ba de EDUC. PRIMARIA &#8211; curso: 2022\/2023 Materiales 1\u00ba Educaci\u00f3n Primaria. Materiales 2\u00ba Educaci\u00f3n Primaria. Los materiales se llevar\u00e1n al aula el primer d\u00eda de clase con ni\u00f1os\/as.&#46;&#46;&#46;<\/p>\n","protected":false},"author":1,"featured_media":0,"parent":428,"menu_order":0,"comment_status":"closed","ping_status":"closed","template":"","meta":{"ngg_post_thumbnail":0,"footnotes":"","_mc_calendar":[]},"aioseo_notices":[],"_links":{"self":[{"href":"https:\/\/blogsaverroes.juntadeandalucia.es\/ceipmedinaolmos\/wp-json\/wp\/v2\/pages\/430"}],"collection":[{"href":"https:\/\/blogsaverroes.juntadeandalucia.es\/ceipmedinaolmos\/wp-json\/wp\/v2\/pages"}],"about":[{"href":"https:\/\/blogsaverroes.juntadeandalucia.es\/ceipmedinaolmos\/wp-json\/wp\/v2\/types\/page"}],"author":[{"embeddable":true,"href":"https:\/\/blogsaverroes.juntadeandalucia.es\/ceipmedinaolmos\/wp-json\/wp\/v2\/users\/1"}],"replies":[{"embeddable":true,"href":"https:\/\/blogsaverroes.juntadeandalucia.es\/ceipmedinaolmos\/wp-json\/wp\/v2\/comments?post=430"}],"version-history":[{"count":7,"href":"https:\/\/blogsaverroes.juntadeandalucia.es\/ceipmedinaolmos\/wp-json\/wp\/v2\/pages\/430\/revisions"}],"predecessor-version":[{"id":2703,"href":"https:\/\/blogsaverroes.juntadeandalucia.es\/ceipmedinaolmos\/wp-json\/wp\/v2\/pages\/430\/revisions\/2703"}],"up":[{"embeddable":true,"href":"https:\/\/blogsaverroes.juntadeandalucia.es\/ceipmedinaolmos\/wp-json\/wp\/v2\/pages\/428"}],"wp:attachment":[{"href":"https:\/\/blogsaverroes.juntadeandalucia.es\/ceipmedinaolmos\/wp-json\/wp\/v2\/media?parent=430"}],"curies":[{"name":"wp","href":"https:\/\/api.w.org\/{rel}","templated":true}]}}