{"id":2170,"date":"2019-09-14T18:23:43","date_gmt":"2019-09-14T18:23:43","guid":{"rendered":"https:\/\/blogsaverroes.juntadeandalucia.es\/ceipmenendezpidal\/?page_id=2170"},"modified":"2023-04-18T08:43:20","modified_gmt":"2023-04-18T08:43:20","slug":"consejo-escolar","status":"publish","type":"page","link":"https:\/\/blogsaverroes.juntadeandalucia.es\/ceipmenendezpidal\/consejo-escolar\/","title":{"rendered":"Consejo Escolar"},"content":{"rendered":"<table style=\"border-collapse: collapse;width: 100%\">\n<tbody>\n<tr>\n<td style=\"width: 100%;text-align: center\">\n<h3><strong>SECTOR PADRES\/MADRES\/TUTORES<\/strong><\/h3>\n<\/td>\n<\/tr>\n<\/tbody>\n<\/table>\n<ul>\n<li>Alcaide Rodr\u00edguez, Valeria Ana Isabel<\/li>\n<li>Blanco Agust\u00edn, Soledad Mar\u00eda<\/li>\n<li>Casta\u00f1eda Rodr\u00edguez, Ver\u00f3nica<\/li>\n<li>Garc\u00eda Dom\u00ednguez, Mario<\/li>\n<li>Garc\u00eda Guill\u00e9n, Carmen Mar\u00eda<\/li>\n<li>Gir\u00f3n Cruz, Antonio<\/li>\n<li>Gonz\u00e1lez P\u00e9rez, Natalia<\/li>\n<li>Rica Rodr\u00edguez, mar\u00eda del Pilar<\/li>\n<li>Rojas Tobarias, Ver\u00f3nica<\/li>\n<\/ul>\n<table style=\"border-collapse: collapse;width: 100%\">\n<tbody>\n<tr>\n<td style=\"width: 100%;text-align: center\">\n<h3><strong>SECTOR PROFESORADO<\/strong><\/h3>\n<\/td>\n<\/tr>\n<\/tbody>\n<\/table>\n<ul>\n<li>\n<h3>Brito S\u00e1ez, Isabel<\/h3>\n<\/li>\n<li>Corral Cano, Mar\u00eda Laura<\/li>\n<li>L\u00f3pez Matas, Mar\u00eda Jos\u00e9<\/li>\n<li>Maga\u00f1a Ram\u00edrez, Cristina<\/li>\n<li>M\u00e1rquez Guisado, Carlos<\/li>\n<li>Perea Rodr\u00edguez, Carmen Mar\u00eda<\/li>\n<li>Pozo S\u00e1nchez Juan Ram\u00f3n<\/li>\n<li>Valle Morillo, Irene del&nbsp;<\/li>\n<\/ul>\n<table style=\"border-collapse: collapse;width: 100%\">\n<tbody>\n<tr>\n<td style=\"width: 100%;text-align: center\">\n<h3><strong>SECTOR PERSONAL ADMON. Y SERVICIOS<\/strong><\/h3>\n<\/td>\n<\/tr>\n<\/tbody>\n<\/table>\n<ul>\n<li>Carmona Anguita, Francisca<\/li>\n<\/ul>\n<table style=\"border-collapse: collapse;width: 100%\">\n<tbody>\n<tr>\n<td style=\"width: 100%;text-align: center\">\n<h3><strong>PERSONAL ATENCI\u00d3N EDUCATIVA<\/strong><\/h3>\n<\/td>\n<\/tr>\n<\/tbody>\n<\/table>\n<ul>\n<li>Godoy Najarro, Eva Mar\u00eda<\/li>\n<\/ul>\n","protected":false},"excerpt":{"rendered":"<p>SECTOR PADRES\/MADRES\/TUTORES Alcaide Rodr\u00edguez, Valeria Ana Isabel Blanco Agust\u00edn, Soledad Mar\u00eda Casta\u00f1eda Rodr\u00edguez, Ver\u00f3nica Garc\u00eda Dom\u00ednguez, Mario Garc\u00eda Guill\u00e9n, Carmen Mar\u00eda Gir\u00f3n Cruz, Antonio Gonz\u00e1lez P\u00e9rez, Natalia Rica Rodr\u00edguez, mar\u00eda del Pilar Rojas Tobarias,&#46;&#46;&#46;<\/p>\n","protected":false},"author":7638,"featured_media":0,"parent":0,"menu_order":0,"comment_status":"closed","ping_status":"closed","template":"","meta":{"ngg_post_thumbnail":0,"footnotes":"","_mc_calendar":[]},"aioseo_notices":[],"_links":{"self":[{"href":"https:\/\/blogsaverroes.juntadeandalucia.es\/ceipmenendezpidal\/wp-json\/wp\/v2\/pages\/2170"}],"collection":[{"href":"https:\/\/blogsaverroes.juntadeandalucia.es\/ceipmenendezpidal\/wp-json\/wp\/v2\/pages"}],"about":[{"href":"https:\/\/blogsaverroes.juntadeandalucia.es\/ceipmenendezpidal\/wp-json\/wp\/v2\/types\/page"}],"author":[{"embeddable":true,"href":"https:\/\/blogsaverroes.juntadeandalucia.es\/ceipmenendezpidal\/wp-json\/wp\/v2\/users\/7638"}],"replies":[{"embeddable":true,"href":"https:\/\/blogsaverroes.juntadeandalucia.es\/ceipmenendezpidal\/wp-json\/wp\/v2\/comments?post=2170"}],"version-history":[{"count":6,"href":"https:\/\/blogsaverroes.juntadeandalucia.es\/ceipmenendezpidal\/wp-json\/wp\/v2\/pages\/2170\/revisions"}],"predecessor-version":[{"id":2804,"href":"https:\/\/blogsaverroes.juntadeandalucia.es\/ceipmenendezpidal\/wp-json\/wp\/v2\/pages\/2170\/revisions\/2804"}],"wp:attachment":[{"href":"https:\/\/blogsaverroes.juntadeandalucia.es\/ceipmenendezpidal\/wp-json\/wp\/v2\/media?parent=2170"}],"curies":[{"name":"wp","href":"https:\/\/api.w.org\/{rel}","templated":true}]}}