{"id":35,"date":"2015-03-13T08:21:43","date_gmt":"2015-03-13T08:21:43","guid":{"rendered":"http:\/\/blogsaverroes.juntadeandalucia.es\/pre\/ceip\/?page_id=35"},"modified":"2019-09-22T19:51:10","modified_gmt":"2019-09-22T19:51:10","slug":"el-centro-2","status":"publish","type":"page","link":"https:\/\/blogsaverroes.juntadeandalucia.es\/ceipmenendezpidal\/el-centro-2\/","title":{"rendered":"Datos del centro"},"content":{"rendered":"<p>[googlemaps https:\/\/www.google.com\/maps\/embed?pb=!1m18!1m12!1m3!1d3161.3728913346395!2d-5.727096584466742!3d37.59338213034745!2m3!1f0!2f0!3f0!3m2!1i1024!2i768!4f13.1!3m3!1m2!1s0xd12f6037ef09ee7%3A0x6f871282197da383!2sC.E.I.P%20Men%C3%A9ndez%20Pidal!5e0!3m2!1ses!2ses!4v1569181700808!5m2!1ses!2ses&amp;w=600&amp;h=450]<\/p>\n<h4>Datos de contacto<\/h4>\n<ul>\n<li><b>C\u00f3digo:<\/b>&nbsp;41007621<\/li>\n<li><b>Centro:<\/b>&nbsp;C.E.I.P.&nbsp;Men\u00e9ndez Pidal<\/li>\n<li><b>Domicilio:<\/b>&nbsp;C\/ San Isidro, s\/n<\/li>\n<li><b>Localidad:<\/b>&nbsp;Los Rosales<\/li>\n<li><b>Municipio:<\/b>&nbsp;Tocina<\/li>\n<li><b>Provincia:<\/b>&nbsp;Sevilla<\/li>\n<li><b>C\u00f3digo postal:<\/b>&nbsp;41330<\/li>\n<li><b>Tel\u00e9fono:<\/b>&nbsp;955649622<\/li>\n<li><b>Tel\u00e9fono corp:<\/b>&nbsp;383622<\/li>\n<li><b>Fax:<\/b>&nbsp;955649623<\/li>\n<li><b>email corp:<\/b>&nbsp; 41007621.edu@juntadeandalucia.es<\/li>\n<\/ul>\n<h4>Oferta Educativa<\/h4>\n<ul>\n<li><b>Segundo ciclo de Educaci\u00f3n Infantil<\/b><\/li>\n<li><b>Educaci\u00f3n Primaria<\/b><\/li>\n<li><b>Educaci\u00f3n B\u00e1sica Especial<\/b>\n<ul>\n<li><img decoding=\"async\" src=\"https:\/\/www.juntadeandalucia.es\/educacion\/vscripts\/centros\/datoscuract\/archivos\/bullet03.gif\" alt=\"\">&nbsp;Audici\u00f3n y lenguaje apoyo a la integraci\u00f3n<\/li>\n<li><img decoding=\"async\" src=\"https:\/\/www.juntadeandalucia.es\/educacion\/vscripts\/centros\/datoscuract\/archivos\/bullet03.gif\" alt=\"\">&nbsp;Educaci\u00f3n especial apoyo a la integraci\u00f3n<\/li>\n<li><img decoding=\"async\" src=\"https:\/\/www.juntadeandalucia.es\/educacion\/vscripts\/centros\/datoscuract\/archivos\/bullet03.gif\" alt=\"\">&nbsp;Educaci\u00f3n especial unidad espec\u00edfica<\/li>\n<\/ul>\n<\/li>\n<\/ul>\n<h4>Adscripciones<\/h4>\n<p>1\u00ba curso de E.S.O.<br \/>\n(41700919) I.E.S. Ram\u00f3n y Cajal 100%<\/p>\n<p>&nbsp;<\/p>\n<h4>Instalaciones<\/h4>\nngg_shortcode_0_placeholder\n","protected":false},"excerpt":{"rendered":"<p>[googlemaps https:\/\/www.google.com\/maps\/embed?pb=!1m18!1m12!1m3!1d3161.3728913346395!2d-5.727096584466742!3d37.59338213034745!2m3!1f0!2f0!3f0!3m2!1i1024!2i768!4f13.1!3m3!1m2!1s0xd12f6037ef09ee7%3A0x6f871282197da383!2sC.E.I.P%20Men%C3%A9ndez%20Pidal!5e0!3m2!1ses!2ses!4v1569181700808!5m2!1ses!2ses&amp;w=600&amp;h=450] Datos de contacto C\u00f3digo:&nbsp;41007621 Centro:&nbsp;C.E.I.P.&nbsp;Men\u00e9ndez Pidal Domicilio:&nbsp;C\/ San Isidro, s\/n Localidad:&nbsp;Los Rosales Municipio:&nbsp;Tocina Provincia:&nbsp;Sevilla C\u00f3digo postal:&nbsp;41330 Tel\u00e9fono:&nbsp;955649622 Tel\u00e9fono corp:&nbsp;383622 Fax:&nbsp;955649623 email corp:&nbsp; 41007621.edu@juntadeandalucia.es Oferta Educativa Segundo ciclo de Educaci\u00f3n Infantil Educaci\u00f3n Primaria&#46;&#46;&#46;<\/p>\n","protected":false},"author":1,"featured_media":0,"parent":0,"menu_order":0,"comment_status":"open","ping_status":"open","template":"","meta":{"ngg_post_thumbnail":0,"footnotes":"","_mc_calendar":[]},"aioseo_notices":[],"_links":{"self":[{"href":"https:\/\/blogsaverroes.juntadeandalucia.es\/ceipmenendezpidal\/wp-json\/wp\/v2\/pages\/35"}],"collection":[{"href":"https:\/\/blogsaverroes.juntadeandalucia.es\/ceipmenendezpidal\/wp-json\/wp\/v2\/pages"}],"about":[{"href":"https:\/\/blogsaverroes.juntadeandalucia.es\/ceipmenendezpidal\/wp-json\/wp\/v2\/types\/page"}],"author":[{"embeddable":true,"href":"https:\/\/blogsaverroes.juntadeandalucia.es\/ceipmenendezpidal\/wp-json\/wp\/v2\/users\/1"}],"replies":[{"embeddable":true,"href":"https:\/\/blogsaverroes.juntadeandalucia.es\/ceipmenendezpidal\/wp-json\/wp\/v2\/comments?post=35"}],"version-history":[{"count":33,"href":"https:\/\/blogsaverroes.juntadeandalucia.es\/ceipmenendezpidal\/wp-json\/wp\/v2\/pages\/35\/revisions"}],"predecessor-version":[{"id":2265,"href":"https:\/\/blogsaverroes.juntadeandalucia.es\/ceipmenendezpidal\/wp-json\/wp\/v2\/pages\/35\/revisions\/2265"}],"wp:attachment":[{"href":"https:\/\/blogsaverroes.juntadeandalucia.es\/ceipmenendezpidal\/wp-json\/wp\/v2\/media?parent=35"}],"curies":[{"name":"wp","href":"https:\/\/api.w.org\/{rel}","templated":true}]}}

<p>[googlemaps https://www.google.com/maps/embed?pb=!1m18!1m12!1m3!1d3161.3728913346395!2d-5.727096584466742!3d37.59338213034745!2m3!1f0!2f0!3f0!3m2!1i1024!2i768!4f13.1!3m3!1m2!1s0xd12f6037ef09ee7%3A0x6f871282197da383!2sC.E.I.P%20Men%C3%A9ndez%20Pidal!5e0!3m2!1ses!2ses!4v1569181700808!5m2!1ses!2ses&amp;w=600&amp;h=450]</p>
<h4>Datos de contacto</h4>
<ul>
<li><b>Código:</b>&nbsp;41007621</li>
<li><b>Centro:</b>&nbsp;C.E.I.P.&nbsp;Menéndez Pidal</li>
<li><b>Domicilio:</b>&nbsp;C/ San Isidro, s/n</li>
<li><b>Localidad:</b>&nbsp;Los Rosales</li>
<li><b>Municipio:</b>&nbsp;Tocina</li>
<li><b>Provincia:</b>&nbsp;Sevilla</li>
<li><b>Código postal:</b>&nbsp;41330</li>
<li><b>Teléfono:</b>&nbsp;955649622</li>
<li><b>Teléfono corp:</b>&nbsp;383622</li>
<li><b>Fax:</b>&nbsp;955649623</li>
<li><b>email corp:</b>&nbsp; 41007621.edu@juntadeandalucia.es</li>
</ul>
<h4>Oferta Educativa</h4>
<ul>
<li><b>Segundo ciclo de Educación Infantil</b></li>
<li><b>Educación Primaria</b></li>
<li><b>Educación Básica Especial</b>
<ul>
<li><img decoding="async" src="https://www.juntadeandalucia.es/educacion/vscripts/centros/datoscuract/archivos/bullet03.gif" alt="">&nbsp;Audición y lenguaje apoyo a la integración</li>
<li><img decoding="async" src="https://www.juntadeandalucia.es/educacion/vscripts/centros/datoscuract/archivos/bullet03.gif" alt="">&nbsp;Educación especial apoyo a la integración</li>
<li><img decoding="async" src="https://www.juntadeandalucia.es/educacion/vscripts/centros/datoscuract/archivos/bullet03.gif" alt="">&nbsp;Educación especial unidad específica</li>
</ul>
</li>
</ul>
<h4>Adscripciones</h4>
<p>1º curso de E.S.O.<br />
(41700919) I.E.S. Ramón y Cajal 100%</p>
<p>&nbsp;</p>
<h4>Instalaciones</h4>
ngg_shortcode_0_placeholder

<p>[googlemaps https://www.google.com/maps/embed?pb=!1m18!1m12!1m3!1d3161.3728913346395!2d-5.727096584466742!3d37.59338213034745!2m3!1f0!2f0!3f0!3m2!1i1024!2i768!4f13.1!3m3!1m2!1s0xd12f6037ef09ee7%3A0x6f871282197da383!2sC.E.I.P%20Men%C3%A9ndez%20Pidal!5e0!3m2!1ses!2ses!4v1569181700808!5m2!1ses!2ses&amp;w=600&amp;h=450] Datos de contacto Código:&nbsp;41007621 Centro:&nbsp;C.E.I.P.&nbsp;Menéndez Pidal Domicilio:&nbsp;C/ San Isidro, s/n Localidad:&nbsp;Los Rosales Municipio:&nbsp;Tocina Provincia:&nbsp;Sevilla Código postal:&nbsp;41330 Teléfono:&nbsp;955649622 Teléfono corp:&nbsp;383622 Fax:&nbsp;955649623 email corp:&nbsp; 41007621.edu@juntadeandalucia.es Oferta Educativa Segundo ciclo de Educación Infantil Educación Primaria&#46;&#46;&#46;</p>
