{"id":428,"date":"2015-03-20T07:06:21","date_gmt":"2015-03-20T07:06:21","guid":{"rendered":"http:\/\/blogsaverroes.juntadeandalucia.es\/pre\/ceip\/?page_id=428"},"modified":"2021-04-30T10:48:09","modified_gmt":"2021-04-30T10:48:09","slug":"ed-primaria-1o-ciclo","status":"publish","type":"page","link":"https:\/\/blogsaverroes.juntadeandalucia.es\/ceipmenendezpidal\/ed-primaria-1o-ciclo\/","title":{"rendered":"Ed. Primaria. 1\u00ba ciclo"},"content":{"rendered":"<p>Programaci\u00f3n Curso 20\/21&nbsp;<a href=\"https:\/\/blogsaverroes.juntadeandalucia.es\/ceipmenendezpidal\/files\/2021\/04\/Libros.jpg\"><img loading=\"lazy\" decoding=\"async\" class=\"alignleft wp-image-2563\" src=\"https:\/\/blogsaverroes.juntadeandalucia.es\/ceipmenendezpidal\/files\/2021\/04\/Libros.jpg\" alt=\"\" width=\"95\" height=\"63\" srcset=\"https:\/\/blogsaverroes.juntadeandalucia.es\/ceipmenendezpidal\/files\/2021\/04\/Libros.jpg 1200w, https:\/\/blogsaverroes.juntadeandalucia.es\/ceipmenendezpidal\/files\/2021\/04\/Libros-300x200.jpg 300w, https:\/\/blogsaverroes.juntadeandalucia.es\/ceipmenendezpidal\/files\/2021\/04\/Libros-1024x682.jpg 1024w, https:\/\/blogsaverroes.juntadeandalucia.es\/ceipmenendezpidal\/files\/2021\/04\/Libros-768x511.jpg 768w\" sizes=\"(max-width: 95px) 100vw, 95px\" \/><\/a><\/p>\n<p>&nbsp;<\/p>\n<p><a href=\"https:\/\/blogsaverroes.juntadeandalucia.es\/ceipmenendezpidal\/files\/2021\/04\/PD-LENGUA-1\u00baCICLO-CURSO-2020-21.pdf\">PD LENGUA 1\u00baCICLO CURSO 2020-21<\/a><\/p>\n<p><a href=\"https:\/\/blogsaverroes.juntadeandalucia.es\/ceipmenendezpidal\/files\/2021\/04\/PGA_Ingl\u00e9s_1erC_20-21.pdf\">PGA_Ingl\u00e9s_1erC_20-21<\/a><\/p>\n<p><a href=\"https:\/\/blogsaverroes.juntadeandalucia.es\/ceipmenendezpidal\/files\/2021\/04\/PROG-M\u00daSICA-1\u00ba-CICLO.pdf\">PROG M\u00daSICA 1\u00ba CICLO<\/a><\/p>\n<p><a href=\"https:\/\/blogsaverroes.juntadeandalucia.es\/ceipmenendezpidal\/files\/2021\/04\/PROG.-EF-1er-ciclo-20-21.pdf\">PROG. EF 1er ciclo 20-21<\/a><\/p>\n<p><a href=\"https:\/\/blogsaverroes.juntadeandalucia.es\/ceipmenendezpidal\/files\/2021\/04\/PROGRAMACI\u00d3N-MATEM\u00c1TICAS-20-21.-Modificada.-CEIP-Men\u00e9ndez-Pidal.pdf\">PROGRAMACI\u00d3N MATEM\u00c1TICAS 20 &#8211; 21.<\/a><\/p>\n<p><a href=\"https:\/\/blogsaverroes.juntadeandalucia.es\/ceipmenendezpidal\/files\/2021\/04\/PROGRAMACI\u00d3N-NATURALES-20-21.pdf\">PROGRAMACI\u00d3N NATURALES 20-21<\/a><\/p>\n<p><a href=\"https:\/\/blogsaverroes.juntadeandalucia.es\/ceipmenendezpidal\/files\/2021\/04\/PROGRAMACI\u00d3N-PL\u00c1STICA-20-21-PRIMER-CICLO.pdf\">PROGRAMACI\u00d3N PL\u00c1STICA 20-21<\/a><\/p>\n<p><a href=\"https:\/\/blogsaverroes.juntadeandalucia.es\/ceipmenendezpidal\/files\/2021\/04\/PROGRAMACI\u00d3N-RELIGION-20-21.pdf\">PROGRAMACI\u00d3N RELIGION 20 -21<\/a><\/p>\n<p><a href=\"https:\/\/blogsaverroes.juntadeandalucia.es\/ceipmenendezpidal\/files\/2021\/04\/PROGRAMACI\u00d3N-SOCIALES-20-21.pdf\">PROGRAMACI\u00d3N SOCIALES 20-21<\/a><\/p>\n<p><a href=\"https:\/\/blogsaverroes.juntadeandalucia.es\/ceipmenendezpidal\/files\/2021\/04\/PROGRAMACI\u00d3N-VALORES-20-21.pdf\">PROGRAMACI\u00d3N VALORES 20-21<\/a><\/p>\n<p>&nbsp;<\/p>\n<p>&nbsp;<\/p>\n","protected":false},"excerpt":{"rendered":"<p>Programaci\u00f3n Curso 20\/21&nbsp; &nbsp; PD LENGUA 1\u00baCICLO CURSO 2020-21 PGA_Ingl\u00e9s_1erC_20-21 PROG M\u00daSICA 1\u00ba CICLO PROG. EF 1er ciclo 20-21 PROGRAMACI\u00d3N MATEM\u00c1TICAS 20 &#8211; 21. PROGRAMACI\u00d3N NATURALES 20-21 PROGRAMACI\u00d3N PL\u00c1STICA 20-21 PROGRAMACI\u00d3N RELIGION 20 -21&#46;&#46;&#46;<\/p>\n","protected":false},"author":1,"featured_media":0,"parent":0,"menu_order":0,"comment_status":"open","ping_status":"open","template":"page-templates\/child-menu.php","meta":{"ngg_post_thumbnail":0,"footnotes":"","_mc_calendar":[]},"aioseo_notices":[],"_links":{"self":[{"href":"https:\/\/blogsaverroes.juntadeandalucia.es\/ceipmenendezpidal\/wp-json\/wp\/v2\/pages\/428"}],"collection":[{"href":"https:\/\/blogsaverroes.juntadeandalucia.es\/ceipmenendezpidal\/wp-json\/wp\/v2\/pages"}],"about":[{"href":"https:\/\/blogsaverroes.juntadeandalucia.es\/ceipmenendezpidal\/wp-json\/wp\/v2\/types\/page"}],"author":[{"embeddable":true,"href":"https:\/\/blogsaverroes.juntadeandalucia.es\/ceipmenendezpidal\/wp-json\/wp\/v2\/users\/1"}],"replies":[{"embeddable":true,"href":"https:\/\/blogsaverroes.juntadeandalucia.es\/ceipmenendezpidal\/wp-json\/wp\/v2\/comments?post=428"}],"version-history":[{"count":11,"href":"https:\/\/blogsaverroes.juntadeandalucia.es\/ceipmenendezpidal\/wp-json\/wp\/v2\/pages\/428\/revisions"}],"predecessor-version":[{"id":2575,"href":"https:\/\/blogsaverroes.juntadeandalucia.es\/ceipmenendezpidal\/wp-json\/wp\/v2\/pages\/428\/revisions\/2575"}],"wp:attachment":[{"href":"https:\/\/blogsaverroes.juntadeandalucia.es\/ceipmenendezpidal\/wp-json\/wp\/v2\/media?parent=428"}],"curies":[{"name":"wp","href":"https:\/\/api.w.org\/{rel}","templated":true}]}}