{"id":80,"date":"2015-03-16T06:57:36","date_gmt":"2015-03-16T06:57:36","guid":{"rendered":"http:\/\/blogsaverroes.juntadeandalucia.es\/pre\/ceip\/?page_id=80"},"modified":"2020-05-20T23:36:36","modified_gmt":"2020-05-20T23:36:36","slug":"curso-escolar","status":"publish","type":"page","link":"https:\/\/blogsaverroes.juntadeandalucia.es\/ceipmenendezpidal\/curso-escolar\/","title":{"rendered":"Informaci\u00f3n de inter\u00e9s"},"content":{"rendered":"<h5 style=\"text-align: center\"><a href=\"https:\/\/blogsaverroes.juntadeandalucia.es\/ceipmenendezpidal\/files\/2020\/05\/Calendario_General.pdf\"><span style=\"color: #339966\"><strong>CALENDARIO GENERAL DEL PROCEDIMIENTO DE ADMISI\u00d3N Y MATRICULACI\u00d3N DEL ALUMNADO EN LAS ENSE\u00d1ANZAS DE SEGUNDO CICLO DE EDUCACI\u00d3N INFANTIL, EDUCACI\u00d3N PRIMARIA, EDUCACI\u00d3N ESPECIAL, EDUCACI\u00d3N SECUNDARIA OBLIGATORIA Y BACHILLERATO PARA EL CURSO ESCOLAR 2020\/21.<\/strong><\/span><\/a><\/h5>\n<p>&nbsp;<\/p>\n<p><a href=\"https:\/\/blogsaverroes.juntadeandalucia.es\/ceipmenendezpidal\/files\/2020\/03\/Secretaria-Virtual-de-los-Centro-Educativos.png\"><img loading=\"lazy\" decoding=\"async\" class=\"aligncenter size-full wp-image-2349\" src=\"https:\/\/blogsaverroes.juntadeandalucia.es\/ceipmenendezpidal\/files\/2020\/03\/Secretaria-Virtual-de-los-Centro-Educativos.png\" alt=\"\" width=\"708\" height=\"334\" srcset=\"https:\/\/blogsaverroes.juntadeandalucia.es\/ceipmenendezpidal\/files\/2020\/03\/Secretaria-Virtual-de-los-Centro-Educativos.png 708w, https:\/\/blogsaverroes.juntadeandalucia.es\/ceipmenendezpidal\/files\/2020\/03\/Secretaria-Virtual-de-los-Centro-Educativos-300x142.png 300w, https:\/\/blogsaverroes.juntadeandalucia.es\/ceipmenendezpidal\/files\/2020\/03\/Secretaria-Virtual-de-los-Centro-Educativos-520x245.png 520w, https:\/\/blogsaverroes.juntadeandalucia.es\/ceipmenendezpidal\/files\/2020\/03\/Secretaria-Virtual-de-los-Centro-Educativos-24x11.png 24w, https:\/\/blogsaverroes.juntadeandalucia.es\/ceipmenendezpidal\/files\/2020\/03\/Secretaria-Virtual-de-los-Centro-Educativos-36x17.png 36w, https:\/\/blogsaverroes.juntadeandalucia.es\/ceipmenendezpidal\/files\/2020\/03\/Secretaria-Virtual-de-los-Centro-Educativos-48x23.png 48w\" sizes=\"(max-width: 708px) 100vw, 708px\" \/><\/a><\/p>\n<p>&nbsp;<\/p>\n<h5 style=\"text-align: center\"><a href=\"https:\/\/blogsaverroes.juntadeandalucia.es\/ceipblancadelosrios\/files\/2020\/03\/tutorial-escolarizacion-simple.pdf\"><em><strong>\u00a1\u00a1\u00a1TUTORIAL PARA SOLICITAR ADMISI\u00d3N EN CENTROS DOCENTES P\u00daBLICOS V\u00cdA TELEM\u00c1TICA CON DNI!!!<\/strong><\/em><\/a><\/h5>\n<p style=\"text-align: center\"><span style=\"color: #339966\"><strong>&nbsp;<\/strong><\/span><\/p>\n","protected":false},"excerpt":{"rendered":"<p>CALENDARIO GENERAL DEL PROCEDIMIENTO DE ADMISI\u00d3N Y MATRICULACI\u00d3N DEL ALUMNADO EN LAS ENSE\u00d1ANZAS DE SEGUNDO CICLO DE EDUCACI\u00d3N INFANTIL, EDUCACI\u00d3N PRIMARIA, EDUCACI\u00d3N ESPECIAL, EDUCACI\u00d3N SECUNDARIA OBLIGATORIA Y BACHILLERATO PARA EL CURSO ESCOLAR 2020\/21. &nbsp;&#46;&#46;&#46;<\/p>\n","protected":false},"author":1,"featured_media":0,"parent":0,"menu_order":0,"comment_status":"open","ping_status":"open","template":"page-templates\/child-menu.php","meta":{"ngg_post_thumbnail":0,"footnotes":"","_mc_calendar":[]},"aioseo_notices":[],"_links":{"self":[{"href":"https:\/\/blogsaverroes.juntadeandalucia.es\/ceipmenendezpidal\/wp-json\/wp\/v2\/pages\/80"}],"collection":[{"href":"https:\/\/blogsaverroes.juntadeandalucia.es\/ceipmenendezpidal\/wp-json\/wp\/v2\/pages"}],"about":[{"href":"https:\/\/blogsaverroes.juntadeandalucia.es\/ceipmenendezpidal\/wp-json\/wp\/v2\/types\/page"}],"author":[{"embeddable":true,"href":"https:\/\/blogsaverroes.juntadeandalucia.es\/ceipmenendezpidal\/wp-json\/wp\/v2\/users\/1"}],"replies":[{"embeddable":true,"href":"https:\/\/blogsaverroes.juntadeandalucia.es\/ceipmenendezpidal\/wp-json\/wp\/v2\/comments?post=80"}],"version-history":[{"count":7,"href":"https:\/\/blogsaverroes.juntadeandalucia.es\/ceipmenendezpidal\/wp-json\/wp\/v2\/pages\/80\/revisions"}],"predecessor-version":[{"id":2393,"href":"https:\/\/blogsaverroes.juntadeandalucia.es\/ceipmenendezpidal\/wp-json\/wp\/v2\/pages\/80\/revisions\/2393"}],"wp:attachment":[{"href":"https:\/\/blogsaverroes.juntadeandalucia.es\/ceipmenendezpidal\/wp-json\/wp\/v2\/media?parent=80"}],"curies":[{"name":"wp","href":"https:\/\/api.w.org\/{rel}","templated":true}]}}