{"id":869,"date":"2015-03-16T07:03:52","date_gmt":"2015-03-16T07:03:52","guid":{"rendered":"http:\/\/blogsaverroes.juntadeandalucia.es\/pre\/ceip\/?page_id=84"},"modified":"2023-04-21T08:30:32","modified_gmt":"2023-04-21T08:30:32","slug":"calendario-escolar","status":"publish","type":"page","link":"https:\/\/blogsaverroes.juntadeandalucia.es\/ceipmenendezpidal\/calendario-escolar\/","title":{"rendered":"Calendario escolar"},"content":{"rendered":"<table style=\"border-collapse: collapse;width: 100%\">\n<tbody>\n<tr>\n<td style=\"width: 24.4985%\"><a href=\"https:\/\/blogsaverroes.juntadeandalucia.es\/ceipmenendezpidal\/files\/2020\/12\/minion.jpg\"><img loading=\"lazy\" decoding=\"async\" class=\"aligncenter size-full wp-image-2534\" src=\"https:\/\/blogsaverroes.juntadeandalucia.es\/ceipmenendezpidal\/files\/2020\/12\/minion.jpg\" alt=\"\" width=\"512\" height=\"320\" srcset=\"https:\/\/blogsaverroes.juntadeandalucia.es\/ceipmenendezpidal\/files\/2020\/12\/minion.jpg 512w, https:\/\/blogsaverroes.juntadeandalucia.es\/ceipmenendezpidal\/files\/2020\/12\/minion-300x188.jpg 300w, https:\/\/blogsaverroes.juntadeandalucia.es\/ceipmenendezpidal\/files\/2020\/12\/minion-24x15.jpg 24w, https:\/\/blogsaverroes.juntadeandalucia.es\/ceipmenendezpidal\/files\/2020\/12\/minion-36x23.jpg 36w, https:\/\/blogsaverroes.juntadeandalucia.es\/ceipmenendezpidal\/files\/2020\/12\/minion-48x30.jpg 48w\" sizes=\"(max-width: 512px) 100vw, 512px\" \/><\/a><\/td>\n<td style=\"width: 75.4298%\"><span style=\"color: #000000\"><strong>Los d\u00edas AUTORIZADOS como d\u00edas de libre disposici\u00f3n para los centros pertenecientes al Ayuntamiento de Tocina-Los Rosales ser\u00e1n:<\/strong><\/span><\/p>\n<h5>&nbsp;<\/h5>\n<p style=\"text-align: center\">&nbsp;<strong><span style=\"color: #ff0000\">El viernes 9 de diciembre 2022<\/span><\/strong><\/p>\n<p style=\"text-align: center\"><strong><span style=\"color: #ff0000\">El Jueves 27 de febrero de 2023 <\/span><\/strong><\/p>\n<p style=\"text-align: center\"><strong><span style=\"color: #ff0000\">Viernes 28 de abril de 2023<\/span><\/strong><\/p>\n<p>&nbsp;<\/td>\n<\/tr>\n<tr>\n<td style=\"width: 24.4985%\">&nbsp;<\/td>\n<td style=\"width: 75.4298%\"><a href=\"https:\/\/blogsaverroes.juntadeandalucia.es\/ceipmenendezpidal\/files\/2023\/04\/SE-calendario-escolar-2022-2023-andalucia_page-0001.jpg\"><img loading=\"lazy\" decoding=\"async\" class=\"aligncenter size-full wp-image-2821\" src=\"https:\/\/blogsaverroes.juntadeandalucia.es\/ceipmenendezpidal\/files\/2023\/04\/SE-calendario-escolar-2022-2023-andalucia_page-0001.jpg\" alt=\"\" width=\"959\" height=\"1434\" srcset=\"https:\/\/blogsaverroes.juntadeandalucia.es\/ceipmenendezpidal\/files\/2023\/04\/SE-calendario-escolar-2022-2023-andalucia_page-0001.jpg 959w, https:\/\/blogsaverroes.juntadeandalucia.es\/ceipmenendezpidal\/files\/2023\/04\/SE-calendario-escolar-2022-2023-andalucia_page-0001-201x300.jpg 201w, https:\/\/blogsaverroes.juntadeandalucia.es\/ceipmenendezpidal\/files\/2023\/04\/SE-calendario-escolar-2022-2023-andalucia_page-0001-685x1024.jpg 685w, https:\/\/blogsaverroes.juntadeandalucia.es\/ceipmenendezpidal\/files\/2023\/04\/SE-calendario-escolar-2022-2023-andalucia_page-0001-768x1148.jpg 768w\" sizes=\"(max-width: 959px) 100vw, 959px\" \/><\/a><\/td>\n<\/tr>\n<\/tbody>\n<\/table>\n<p>&nbsp;<\/p>\n<p>&nbsp;<\/p>\n","protected":false},"excerpt":{"rendered":"<p>Los d\u00edas AUTORIZADOS como d\u00edas de libre disposici\u00f3n para los centros pertenecientes al Ayuntamiento de Tocina-Los Rosales ser\u00e1n: &nbsp; &nbsp;El viernes 9 de diciembre 2022 El Jueves 27 de febrero de 2023 Viernes 28&#46;&#46;&#46;<\/p>\n","protected":false},"author":1,"featured_media":0,"parent":0,"menu_order":0,"comment_status":"open","ping_status":"open","template":"page-templates\/child-menu.php","meta":{"ngg_post_thumbnail":0,"footnotes":"","_mc_calendar":[]},"aioseo_notices":[],"_links":{"self":[{"href":"https:\/\/blogsaverroes.juntadeandalucia.es\/ceipmenendezpidal\/wp-json\/wp\/v2\/pages\/869"}],"collection":[{"href":"https:\/\/blogsaverroes.juntadeandalucia.es\/ceipmenendezpidal\/wp-json\/wp\/v2\/pages"}],"about":[{"href":"https:\/\/blogsaverroes.juntadeandalucia.es\/ceipmenendezpidal\/wp-json\/wp\/v2\/types\/page"}],"author":[{"embeddable":true,"href":"https:\/\/blogsaverroes.juntadeandalucia.es\/ceipmenendezpidal\/wp-json\/wp\/v2\/users\/1"}],"replies":[{"embeddable":true,"href":"https:\/\/blogsaverroes.juntadeandalucia.es\/ceipmenendezpidal\/wp-json\/wp\/v2\/comments?post=869"}],"version-history":[{"count":15,"href":"https:\/\/blogsaverroes.juntadeandalucia.es\/ceipmenendezpidal\/wp-json\/wp\/v2\/pages\/869\/revisions"}],"predecessor-version":[{"id":2822,"href":"https:\/\/blogsaverroes.juntadeandalucia.es\/ceipmenendezpidal\/wp-json\/wp\/v2\/pages\/869\/revisions\/2822"}],"wp:attachment":[{"href":"https:\/\/blogsaverroes.juntadeandalucia.es\/ceipmenendezpidal\/wp-json\/wp\/v2\/media?parent=869"}],"curies":[{"name":"wp","href":"https:\/\/api.w.org\/{rel}","templated":true}]}}

<table style="border-collapse: collapse;width: 100%">
<tbody>
<tr>
<td style="width: 24.4985%"><a href="https://blogsaverroes.juntadeandalucia.es/ceipmenendezpidal/files/2020/12/minion.jpg"><img loading="lazy" decoding="async" class="aligncenter size-full wp-image-2534" src="https://blogsaverroes.juntadeandalucia.es/ceipmenendezpidal/files/2020/12/minion.jpg" alt="" width="512" height="320" srcset="https://blogsaverroes.juntadeandalucia.es/ceipmenendezpidal/files/2020/12/minion.jpg 512w, https://blogsaverroes.juntadeandalucia.es/ceipmenendezpidal/files/2020/12/minion-300x188.jpg 300w, https://blogsaverroes.juntadeandalucia.es/ceipmenendezpidal/files/2020/12/minion-24x15.jpg 24w, https://blogsaverroes.juntadeandalucia.es/ceipmenendezpidal/files/2020/12/minion-36x23.jpg 36w, https://blogsaverroes.juntadeandalucia.es/ceipmenendezpidal/files/2020/12/minion-48x30.jpg 48w" sizes="(max-width: 512px) 100vw, 512px" /></a></td>
<td style="width: 75.4298%"><span style="color: #000000"><strong>Los días AUTORIZADOS como días de libre disposición para los centros pertenecientes al Ayuntamiento de Tocina-Los Rosales serán:</strong></span></p>
<h5>&nbsp;</h5>
<p style="text-align: center">&nbsp;<strong><span style="color: #ff0000">El viernes 9 de diciembre 2022</span></strong></p>
<p style="text-align: center"><strong><span style="color: #ff0000">El Jueves 27 de febrero de 2023 </span></strong></p>
<p style="text-align: center"><strong><span style="color: #ff0000">Viernes 28 de abril de 2023</span></strong></p>
<p>&nbsp;</td>
</tr>
<tr>
<td style="width: 24.4985%">&nbsp;</td>
<td style="width: 75.4298%"><a href="https://blogsaverroes.juntadeandalucia.es/ceipmenendezpidal/files/2023/04/SE-calendario-escolar-2022-2023-andalucia_page-0001.jpg"><img loading="lazy" decoding="async" class="aligncenter size-full wp-image-2821" src="https://blogsaverroes.juntadeandalucia.es/ceipmenendezpidal/files/2023/04/SE-calendario-escolar-2022-2023-andalucia_page-0001.jpg" alt="" width="959" height="1434" srcset="https://blogsaverroes.juntadeandalucia.es/ceipmenendezpidal/files/2023/04/SE-calendario-escolar-2022-2023-andalucia_page-0001.jpg 959w, https://blogsaverroes.juntadeandalucia.es/ceipmenendezpidal/files/2023/04/SE-calendario-escolar-2022-2023-andalucia_page-0001-201x300.jpg 201w, https://blogsaverroes.juntadeandalucia.es/ceipmenendezpidal/files/2023/04/SE-calendario-escolar-2022-2023-andalucia_page-0001-685x1024.jpg 685w, https://blogsaverroes.juntadeandalucia.es/ceipmenendezpidal/files/2023/04/SE-calendario-escolar-2022-2023-andalucia_page-0001-768x1148.jpg 768w" sizes="(max-width: 959px) 100vw, 959px" /></a></td>
</tr>
</tbody>
</table>
<p>&nbsp;</p>
<p>&nbsp;</p>

<p>Los días AUTORIZADOS como días de libre disposición para los centros pertenecientes al Ayuntamiento de Tocina-Los Rosales serán: &nbsp; &nbsp;El viernes 9 de diciembre 2022 El Jueves 27 de febrero de 2023 Viernes 28&#46;&#46;&#46;</p>
