{"id":35,"date":"2015-03-13T08:21:43","date_gmt":"2015-03-13T08:21:43","guid":{"rendered":"http:\/\/blogsaverroes.juntadeandalucia.es\/pre\/ceip\/?page_id=35"},"modified":"2020-08-29T11:38:35","modified_gmt":"2020-08-29T11:38:35","slug":"el-centro-2","status":"publish","type":"page","link":"https:\/\/blogsaverroes.juntadeandalucia.es\/ceipmiguelhernandez\/el-centro-2\/","title":{"rendered":"Datos del centro"},"content":{"rendered":"<div>&nbsp;<\/div>\n<h4>Datos de contacto:<\/h4>\n<p>Colegio Miguel Hern\u00e1ndez.<\/p>\n<p><strong>Direcci\u00f3n:<\/strong>&nbsp; Avenida Jorge Guill\u00e9n S\/N. 29670, San Pedro Alc\u00e1ntara, M\u00e1laga.<\/p>\n<ul>\n<li><strong>Tel\u00e9fono:&nbsp; 951 270 552<\/strong><\/li>\n<li><strong>M\u00f3vil: 671<\/strong><strong>593439<\/strong><\/li>\n<li><strong>Fax: 951 270 552<\/strong><\/li>\n<li><strong>Correos electr\u00f3nicos:&nbsp; &nbsp;<\/strong><span style=\"color: #000080\">29009533.edu@juntadeandalucia.es&nbsp; &nbsp; &nbsp; <em>miguelhernandez.29009533@gmail.com<\/em><\/span><\/li>\n<\/ul>\n<p><strong>Como llegar:<\/strong><\/p>\n<p>&nbsp;<\/p>\n<p><a href=\"https:\/\/maps.app.goo.gl\/X37bZgFu2nFQpcm1A\">https:\/\/maps.app.goo.gl\/X37bZgFu2nFQpcm1A<\/a><\/p>\n<h4><strong>Horarios:<\/strong><\/h4>\n<p>Horario de apertura del centro: 9:00 h<\/p>\n<p>Horario de Secretar\u00eda: De 09:30 horas a 11:30 horas.<\/p>\n<p>Aula matinal: 07:30 h.<\/p>\n<p>&nbsp;Comedor escolar: De 14:00 horas a 16:00 horas.<\/p>\n<p>Actividades extraescolares: De 16:00 horas a 18:00 horas.<\/p>\n<h4><strong>Oferta educativa:<\/strong><\/h4>\n<p>En el CEIP Miguel Hern\u00e1ndez se pueden cursar las ense\u00f1anzas de Educaci\u00f3n Infantil y Educaci\u00f3n Primaria.<\/p>\n<h4>Instalaciones:<\/h4>\nngg_shortcode_0_placeholder\n","protected":false},"excerpt":{"rendered":"<p>&nbsp; Datos de contacto: Colegio Miguel Hern\u00e1ndez. Direcci\u00f3n:&nbsp; Avenida Jorge Guill\u00e9n S\/N. 29670, San Pedro Alc\u00e1ntara, M\u00e1laga. Tel\u00e9fono:&nbsp; 951 270 552 M\u00f3vil: 671593439 Fax: 951 270 552 Correos electr\u00f3nicos:&nbsp; &nbsp;29009533.edu@juntadeandalucia.es&nbsp; &nbsp; &nbsp; miguelhernandez.29009533@gmail.com Como llegar: &nbsp; https:\/\/maps.app.goo.gl\/X37bZgFu2nFQpcm1A Horarios: Horario de apertura del centro: 9:00 h Horario de Secretar\u00eda: De 09:30 horas a 11:30 horas. Aula &hellip; <\/p>\n<p class=\"link-more\"><a href=\"https:\/\/blogsaverroes.juntadeandalucia.es\/ceipmiguelhernandez\/el-centro-2\/\" class=\"more-link\">Continuar leyendo<span class=\"screen-reader-text\"> \u00abDatos del centro\u00bb<\/span><\/a><\/p>\n","protected":false},"author":1,"featured_media":0,"parent":0,"menu_order":0,"comment_status":"closed","ping_status":"open","template":"","meta":{"ngg_post_thumbnail":0,"footnotes":"","_mc_calendar":[]},"aioseo_notices":[],"_links":{"self":[{"href":"https:\/\/blogsaverroes.juntadeandalucia.es\/ceipmiguelhernandez\/wp-json\/wp\/v2\/pages\/35"}],"collection":[{"href":"https:\/\/blogsaverroes.juntadeandalucia.es\/ceipmiguelhernandez\/wp-json\/wp\/v2\/pages"}],"about":[{"href":"https:\/\/blogsaverroes.juntadeandalucia.es\/ceipmiguelhernandez\/wp-json\/wp\/v2\/types\/page"}],"author":[{"embeddable":true,"href":"https:\/\/blogsaverroes.juntadeandalucia.es\/ceipmiguelhernandez\/wp-json\/wp\/v2\/users\/1"}],"replies":[{"embeddable":true,"href":"https:\/\/blogsaverroes.juntadeandalucia.es\/ceipmiguelhernandez\/wp-json\/wp\/v2\/comments?post=35"}],"version-history":[{"count":29,"href":"https:\/\/blogsaverroes.juntadeandalucia.es\/ceipmiguelhernandez\/wp-json\/wp\/v2\/pages\/35\/revisions"}],"predecessor-version":[{"id":2453,"href":"https:\/\/blogsaverroes.juntadeandalucia.es\/ceipmiguelhernandez\/wp-json\/wp\/v2\/pages\/35\/revisions\/2453"}],"wp:attachment":[{"href":"https:\/\/blogsaverroes.juntadeandalucia.es\/ceipmiguelhernandez\/wp-json\/wp\/v2\/media?parent=35"}],"curies":[{"name":"wp","href":"https:\/\/api.w.org\/{rel}","templated":true}]}}