{"id":424,"date":"2015-03-20T07:05:20","date_gmt":"2015-03-20T07:05:20","guid":{"rendered":"http:\/\/blogsaverroes.juntadeandalucia.es\/pre\/ceip\/?page_id=424"},"modified":"2020-09-04T07:05:09","modified_gmt":"2020-09-04T07:05:09","slug":"educacion-infantil","status":"publish","type":"page","link":"https:\/\/blogsaverroes.juntadeandalucia.es\/ceipmiguelhernandez\/educacion-infantil\/","title":{"rendered":"Educaci\u00f3n infantil"},"content":{"rendered":"<p><strong><u>INSTRUCCIONES PARA EL COMIENZO DE CURSO DE EDUCACI\u00d3N INFANTIL.<\/u><\/strong><\/p>\n<p>&nbsp;<\/p>\n<p>Querid\u00edsimas familias;<\/p>\n<p>Desde el Centro Educativo Miguel Hern\u00e1ndez, somos conscientes que la incertidumbre es muy desagradable. En todo momento se ha tenido muy presentes a todas las familias del Centro, somos conscientes de que la informaci\u00f3n es escasa, pero os hemos informado de todas las actuaciones que tanto la Consejer\u00eda de Educaci\u00f3n como la Delegaci\u00f3n Territorial de M\u00e1laga nos han ido enviando.<\/p>\n<p>Por todo ello os pedimos comprensi\u00f3n y tranquilidad por parte de las familias.<\/p>\n<p>&nbsp;<\/p>\n<p>En estos momentos nos encontramos con <strong><u>POSIBLES<\/u><\/strong> escenarios.<\/p>\n<p>&#8211; Tras reunirse la mesa sectorial del Presidente del Gobierno con las Consejer\u00edas de Educaci\u00f3n de las distintas Comunidades Aut\u00f3nomas, en la que se han tomado decisiones en funci\u00f3n del panorama actual en el que estamos, e indicarnos las \u00faltimas actuaciones vigentes para el inicio de curso podemos adelantaros alguna informaci\u00f3n relevante que puede ser susceptible de cambios pero que es bueno que vay\u00e1is contemplando:<\/p>\n<p>&nbsp;<\/p>\n<ol>\n<li>Para este equipo es <strong>prioritario adecuarnos a la realidad a la que nos enfrentamos<\/strong>, al ser excepcional, tomaremos medidas excepcionales que no ser\u00edan parte de nuestra identidad de centro en momentos ordinarios.<\/li>\n<\/ol>\n<p>&nbsp;<\/p>\n<ol start=\"2\">\n<li><strong>Cierre de ambientes de trabajo<\/strong>: ya sab\u00e9is que, en el cole, despu\u00e9s del recreo, trabajamos por ambientes, con las puertas de las aulas abiertas de modo que el alumnado de distintas edades puede interactuar en las diferentes aulas. <strong>AHORA NO SER\u00c1 POSIBLE<\/strong>. Los grupos estables de convivencia estar\u00e1n formados por su propia aula de referencia.<\/li>\n<\/ol>\n<p>&nbsp;<\/p>\n<p>3.Existe la posibilidad de que este curso nuevamente tengamos una educaci\u00f3n no presencial, queremos ponerlo m\u00e1s f\u00e1cil a las familias. Y aunque en condiciones normales trabajamos por Proyectos y no usamos libro de texto, este curso lo haremos pues creemos que facilitar\u00e1 el acceso al material para las familias y el alumnado. Por lo tanto, hemos elegido un <strong>m\u00e9todo editorial de Casals<\/strong> por presentar un contenido adecuado tanto para trabajar en el cole como en casa (si fuese necesario).&nbsp; Deb\u00e9is elegir el curso correspondiente a vuestro peque.<\/p>\n<p>&nbsp;<\/p>\n<p>4.<strong>El babi<\/strong>: siempre dec\u00edamos que vinieran con ropa c\u00f3moda al cole, sin botones ni cremalleras, sin petos, f\u00e1cil de subir y bajar&#8230; Este a\u00f1o seguimos haci\u00e9ndolo, pero adem\u00e1s <strong>TODO el alumnado deber\u00e1 traer babi que se abroche por delante y de un tejido higi\u00e9nico<\/strong>. Os daremos recomendaciones pronto. Toda la ropa, incluido el babero, deben ser lavados a diario y con agua caliente. Adem\u00e1s, os pedimos unos *zapatos c\u00f3modos de velcro*que quedar\u00e1n en clase.<\/p>\n<ol start=\"5\">\n<li>Os seguiremos ampliando informaci\u00f3n y en los primeros d\u00edas de septiembre, tendr\u00e9is una reuni\u00f3n con vuestra se\u00f1o para conocer los dem\u00e1s datos relevantes.<\/li>\n<\/ol>\n<p>&nbsp;<\/p>\n<ol start=\"6\">\n<li>Queremos que sep\u00e1is que para nosotras es important\u00edsimo que todos nos cuidemos al m\u00e1ximo. Porque si nos cuidamos mutuamente podremos cuidar bien a los dem\u00e1s. Por eso debemos ser sumamente responsables ante cualquier s\u00edntoma Dudoso y quedarse en casa como medida de precauci\u00f3n hasta que sea seguro.<\/li>\n<\/ol>\n<p>Y si ten\u00e9is una circunstancia delicada no dud\u00e9is en cont\u00e1rnoslo cuanto antes para que podamos ayudar con las medidas m\u00e1s adecuadas a vuestra realidad.<\/p>\n<p>&nbsp;<\/p>\n<p>&nbsp;<\/p>\n<p>&nbsp;<\/p>\n<p>&nbsp;<\/p>\n<p>8.Hemos creado una <strong>cuenta de correo electr\u00f3nico para el ciclo de infantil <\/strong>en la que, de manera provisional, pod\u00e9is plantearnos aquellas cuestiones que cre\u00e1is relevantes y, por supuesto, aportarnos ideas:<\/p>\n<p>&nbsp;<\/p>\n<p><strong>infantil.miguelhernandez.sp@gmail.com<\/strong><\/p>\n<p>&nbsp;<\/p>\n<p>Se presenta un a\u00f1o muy complicada para toda la Comunidad Educativa (familias y profesionales). Es un gran reto al que nos enfrentamos todos, pero juntos podremos superarlo.<\/p>\n<p>Seguimos en contacto y para cualquier duda, estamos a vuestra entera disposici\u00f3n.<\/p>\n<p>&nbsp;<\/p>\n<p><strong><u>ACLARACIONES SOBRE EL BABY Y LA MOCHILA <\/u><\/strong><\/p>\n<p>&nbsp;<\/p>\n<p>Siempre os hemos recomendado que vinieran con ropa c\u00f3moda al cole, sin botones, sin cremalleras, sin petos, f\u00e1cil de subir y bajar, nada de cinturones ni muchas capas de ropa&#8230; Este a\u00f1o seguimos haci\u00e9ndolo, pero adem\u00e1s <strong>TODO el alumnado deber\u00e1 traer baby que se abroche por delante y de un tejido higi\u00e9nico. <\/strong><\/p>\n<p>La idea es llevar y traer los menores \u201cbichillos\u201d posibles por lo que os pedimos que justo antes de entrar al cole le pong\u00e1is el baby y justo al salir del mismo, antes de contaminar el coche o la casa, se lo quit\u00e9is. El hecho de que se abroche por delante es para que, al quit\u00e1rselo, los posibles virus o bacterias que tenga el baby no pasen por la cara.<\/p>\n<p>Os pedimos encarecidamente que <strong>toda la ropa, incluido el baby y la mochila, deben ser lavados a diario y con agua caliente, es muy importante que todos los d\u00edas el baby venga limpio.<\/strong><\/p>\n<p>&nbsp;<\/p>\n<p>La <strong>mochila este a\u00f1o deber\u00e1 ser de tela, tipo talega o neceser, lo m\u00e1s peque\u00f1a posible <\/strong>(para reducir la superficie de contacto y el contacto de mochilas entre s\u00ed), en la que quepa el<strong> tupper <\/strong>del desayuno y una botellita de agua y S\u00d3LO eso. <strong>La mochila tambi\u00e9n deber\u00e1 ser lavada a diario con agua caliente.<\/strong><\/p>\n<p>&nbsp;<\/p>\n<p>&nbsp;<\/p>\n<p>Para los d\u00edas de m\u00e1s calor pod\u00e9is cortar las mangas de babys que teng\u00e1is m\u00e1s viejos y as\u00ed aprovecharlos.<\/p>\n<p>&nbsp;<\/p>\n<p><strong>ACLARACIONES SOBRE EL CALZADO.<\/strong><\/p>\n<p>Hemos pensado que, para tener el cole lo m\u00e1s limpio posible, <strong>pod\u00e9is traer un calzado que se quedar\u00e1 en el cole<\/strong>. Todos los d\u00edas al llegar a su aula se cambiar\u00e1n los zapatos que traigan de casa y se pondr\u00e1n los \u201czapatos del cole\u201d y volver\u00e1n a cambiar para regresar a casa.<\/p>\n<p>Los zapatos del cole deber\u00e1n ser muy f\u00e1ciles de quitar y poner. Siempre zapatilla con velcro o el\u00e1stico. Por favor, un calzado que no necesite la ayuda de la se\u00f1o, nada que les cueste meter el pie o muy sofisticados, algo que puedan ponerse solitos.<\/p>\n<p>&nbsp;<\/p>\n<p><strong>MATERIAL ESCOLAR.<\/strong><\/p>\n<p>Como ya os hemos comentado, este a\u00f1o, y de manera excepcional, utilizaremos libros de texto. Este es el <strong>ISBN de los libros de texto<\/strong>. Deber\u00e9is comprar los tres trimestres del nivel en el que est\u00e9 vuestro hijo o hija. Fijaos bien que sea la Edici\u00f3n Andaluc\u00eda!<\/p>\nngg_shortcode_0_placeholder\n<p><strong><span style=\"color: #ff0000\">CRITERIOS DE PROMOCI\u00d3N&nbsp; &nbsp;05 A\u00d1OS<\/span>.<\/strong><\/p>\n<p>En el siguiente enlace podr\u00e9is consultar los Criterios de Promoci\u00f3n de 05 a\u00f1os.<\/p>\n<p><a href=\"https:\/\/blogsaverroes.juntadeandalucia.es\/ceipmiguelhernandez\/files\/2020\/08\/0.-CP-05-A\u00f1os-Infantil.pdf\">0. CP 05 A\u00f1os Infantil<\/a><\/p>\n","protected":false},"excerpt":{"rendered":"<p>INSTRUCCIONES PARA EL COMIENZO DE CURSO DE EDUCACI\u00d3N INFANTIL. &nbsp; Querid\u00edsimas familias; Desde el Centro Educativo Miguel Hern\u00e1ndez, somos conscientes que la incertidumbre es muy desagradable. En todo momento se ha tenido muy presentes a todas las familias del Centro, somos conscientes de que la informaci\u00f3n es escasa, pero os hemos informado de todas las &hellip; <\/p>\n<p class=\"link-more\"><a href=\"https:\/\/blogsaverroes.juntadeandalucia.es\/ceipmiguelhernandez\/educacion-infantil\/\" class=\"more-link\">Continuar leyendo<span class=\"screen-reader-text\"> \u00abEducaci\u00f3n infantil\u00bb<\/span><\/a><\/p>\n","protected":false},"author":1,"featured_media":0,"parent":0,"menu_order":0,"comment_status":"closed","ping_status":"open","template":"","meta":{"ngg_post_thumbnail":0,"footnotes":"","_mc_calendar":[]},"aioseo_notices":[],"_links":{"self":[{"href":"https:\/\/blogsaverroes.juntadeandalucia.es\/ceipmiguelhernandez\/wp-json\/wp\/v2\/pages\/424"}],"collection":[{"href":"https:\/\/blogsaverroes.juntadeandalucia.es\/ceipmiguelhernandez\/wp-json\/wp\/v2\/pages"}],"about":[{"href":"https:\/\/blogsaverroes.juntadeandalucia.es\/ceipmiguelhernandez\/wp-json\/wp\/v2\/types\/page"}],"author":[{"embeddable":true,"href":"https:\/\/blogsaverroes.juntadeandalucia.es\/ceipmiguelhernandez\/wp-json\/wp\/v2\/users\/1"}],"replies":[{"embeddable":true,"href":"https:\/\/blogsaverroes.juntadeandalucia.es\/ceipmiguelhernandez\/wp-json\/wp\/v2\/comments?post=424"}],"version-history":[{"count":6,"href":"https:\/\/blogsaverroes.juntadeandalucia.es\/ceipmiguelhernandez\/wp-json\/wp\/v2\/pages\/424\/revisions"}],"predecessor-version":[{"id":2496,"href":"https:\/\/blogsaverroes.juntadeandalucia.es\/ceipmiguelhernandez\/wp-json\/wp\/v2\/pages\/424\/revisions\/2496"}],"wp:attachment":[{"href":"https:\/\/blogsaverroes.juntadeandalucia.es\/ceipmiguelhernandez\/wp-json\/wp\/v2\/media?parent=424"}],"curies":[{"name":"wp","href":"https:\/\/api.w.org\/{rel}","templated":true}]}}