{"id":2426,"date":"2016-04-04T10:16:09","date_gmt":"2016-04-04T10:16:09","guid":{"rendered":"http:\/\/blogsaverroes.juntadeandalucia.es\/ceipmiguelhernandezdemanzanilla\/?page_id=2426"},"modified":"2016-04-27T08:56:27","modified_gmt":"2016-04-27T08:56:27","slug":"ed-secundaria-materiales-y-recursos","status":"publish","type":"page","link":"https:\/\/blogsaverroes.juntadeandalucia.es\/ceipmiguelhernandezdemanzanilla\/ed-secundaria-materiales-y-recursos\/","title":{"rendered":"Ed. Secundaria. Materiales y recursos."},"content":{"rendered":"<div id=\"tituloItem\" class=\"blockTituloItem\"><span class=\"tituloItem\">E.S.O.<\/span><\/div>\n<div id=\"contenido_sitio\"><img decoding=\"async\" src=\"http:\/\/redcentros.ced.junta-andalucia.es\/centros-tic\/41011038\/helvia\/sitio\/upload\/img\/eso.gif\" alt=\"OFERTA_EDUCATIVA_ESO\" border=\"0\" \/><\/p>\n<p style=\"text-align: justify\">La ESO incluye 4 cursos y esta dividida en dos Ciclos: Primer Ciclo (1\u00ba y 2\u00ba de ESO) y Segundo Ciclo (3\u00ba y 4\u00ba de ESO). En todos los cursos deb\u00e9is cursar una serie de materias obligatorias y una o dos materias optativas, que pod\u00e9is elegir de entre las que oferta el Centro.<\/p>\n<p style=\"text-align: justify\">A continuaci\u00f3n pod\u00e9is ver las materias que se estudian en cada ciclo.<\/p>\n<p style=\"text-align: justify\"><strong>Primer Ciclo de la E.S.O.<\/strong><br \/>\n<a name=\"primero\"><\/a>Las materias obligatorias y optativas que deber\u00e9is cursar en 1\u00ba de ESO son:<\/p>\n<table border=\"0\" width=\"100%\">\n<tbody>\n<tr>\n<td bgcolor=\"#f6af3e\"><strong>1\u00ba ESO<\/strong><\/td>\n<td class=\"separadores\"><strong>Materias Comunes<\/strong><\/p>\n<ul>\n<li>Ciencias de la Naturaleza, 3 horas<\/li>\n<li>Ciencias Sociales, Geograf\u00eda e Historia,3 horas<\/li>\n<li>Educaci\u00f3n F\u00edsica, 2 horas<\/li>\n<li>Lengua Castellana y Literatura, 4 horas<\/li>\n<li>Lenguas Extranjeras, 3 horas<\/li>\n<li>Matem\u00e1ticas, 3 horas<\/li>\n<li>Educaci\u00f3n Pl\u00e1stica y Visual, 1 hora<\/li>\n<li>M\u00fasica, 1 hora<\/li>\n<li>Tecnolog\u00eda, 3 horas<\/li>\n<li>Tutor\u00eda, 1 hora<\/li>\n<li>Religi\u00f3n\/Alternativa a la Religi\u00f3n, 2 horas<\/li>\n<\/ul>\n<p>Adem\u00e1s deb\u00e9is cursar una materia optativa de entre estas:<\/p>\n<p><strong>Optativas<\/strong><\/p>\n<ul>\n<li>2\u00aa Lengua Extranjera, 2 horas<\/li>\n<li>Refuerzo de Lengua, 2 horas<\/li>\n<li>Refuerzo de Matem\u00e1ticas, 2 horas<\/li>\n<li>Refuerzo Mixto Lengua-Matem\u00e1ticas (1-1 hora)<\/li>\n<\/ul>\n<\/td>\n<\/tr>\n<\/tbody>\n<\/table>\n<p style=\"text-align: justify\">En 1\u00ba de ESO solicitamos al colegio en el que hab\u00e9is estudiado Primaria un informe, en el que vuestros profesores indican la optativa que os interesa hacer, seg\u00fan vuestros intereses y necesidades.<\/p>\n<div class=\"derecha\" style=\"text-align: justify\"><a href=\"http:\/\/redcentros.ced.junta-andalucia.es\/centros-tic\/41011038\/\/#primero\">\u00a0<\/a><\/div>\n<p style=\"text-align: justify\"><a name=\"segundo\"><\/a><\/p>\n<p style=\"text-align: justify\">Las materias obligatorias y optativas que deber\u00e9is cursar en 2\u00ba de ESO son:<\/p>\n<table border=\"0\" width=\"100%\">\n<tbody>\n<tr>\n<td bgcolor=\"#f6af3e\"><strong>2\u00ba ESO<\/strong><\/td>\n<td class=\"separadores\"><strong>Materias Comunes<\/strong><\/p>\n<ul>\n<li>Ciencias de la Naturaleza, 3 horas<\/li>\n<li>Ciencias Sociales, Geograf\u00eda e Historia,3 horas<\/li>\n<li>Educaci\u00f3n F\u00edsica, 2 horas<\/li>\n<li>Lengua Castellana y Literatura, 4 horas<\/li>\n<li>Lenguas Extranjeras, 3 horas<\/li>\n<li>Matem\u00e1ticas, 4 horas<\/li>\n<li>Educaci\u00f3n Pl\u00e1stica y Visual, 1 hora<\/li>\n<li>M\u00fasica, 1 hora<\/li>\n<li>Tecnolog\u00eda, 3 horas<\/li>\n<li>Tutor\u00eda, 1 hora<\/li>\n<li>Religi\u00f3n\/Alternativa a la Religi\u00f3n, 1 horas<\/li>\n<\/ul>\n<p>Adem\u00e1s deb\u00e9is cursar una materia optativa de entre estas:<\/p>\n<p><strong>Optativas:<\/strong><\/p>\n<ul>\n<li>2\u00aa Lengua Extranjera, 2 horas<\/li>\n<li>Refuerzo de Lengua, 2 horas<\/li>\n<li>Refuerzo de Matem\u00e1ticas, 2 horas<\/li>\n<\/ul>\n<\/td>\n<\/tr>\n<\/tbody>\n<\/table>\n<p style=\"text-align: justify\">En 2\u00ba de ESO, vuestros profesores (Equipo Educativo), en colaboraci\u00f3n con el Departamento de Orientaci\u00f3n, aconsejan la optativa que os convendr\u00eda elegir, seg\u00fan vuestros intereses y necesidades.<\/p>\n<p style=\"text-align: justify\">Deb\u00e9is tener en cuenta que para poder elegir como optativa el 2\u00ba Idioma es obligatorio haberlo cursado en 1\u00ba de ESO.<\/p>\n<\/div>\n","protected":false},"excerpt":{"rendered":"<p>E.S.O. La ESO incluye 4 cursos y esta dividida en dos Ciclos: Primer Ciclo (1\u00ba y 2\u00ba de ESO) y Segundo Ciclo (3\u00ba y 4\u00ba de ESO). En todos los cursos deb\u00e9is cursar una&#46;&#46;&#46;<\/p>\n","protected":false},"author":3204,"featured_media":0,"parent":0,"menu_order":0,"comment_status":"open","ping_status":"open","template":"","meta":{"ngg_post_thumbnail":0,"footnotes":"","_mc_calendar":[]},"aioseo_notices":[],"_links":{"self":[{"href":"https:\/\/blogsaverroes.juntadeandalucia.es\/ceipmiguelhernandezdemanzanilla\/wp-json\/wp\/v2\/pages\/2426"}],"collection":[{"href":"https:\/\/blogsaverroes.juntadeandalucia.es\/ceipmiguelhernandezdemanzanilla\/wp-json\/wp\/v2\/pages"}],"about":[{"href":"https:\/\/blogsaverroes.juntadeandalucia.es\/ceipmiguelhernandezdemanzanilla\/wp-json\/wp\/v2\/types\/page"}],"author":[{"embeddable":true,"href":"https:\/\/blogsaverroes.juntadeandalucia.es\/ceipmiguelhernandezdemanzanilla\/wp-json\/wp\/v2\/users\/3204"}],"replies":[{"embeddable":true,"href":"https:\/\/blogsaverroes.juntadeandalucia.es\/ceipmiguelhernandezdemanzanilla\/wp-json\/wp\/v2\/comments?post=2426"}],"version-history":[{"count":2,"href":"https:\/\/blogsaverroes.juntadeandalucia.es\/ceipmiguelhernandezdemanzanilla\/wp-json\/wp\/v2\/pages\/2426\/revisions"}],"predecessor-version":[{"id":2519,"href":"https:\/\/blogsaverroes.juntadeandalucia.es\/ceipmiguelhernandezdemanzanilla\/wp-json\/wp\/v2\/pages\/2426\/revisions\/2519"}],"wp:attachment":[{"href":"https:\/\/blogsaverroes.juntadeandalucia.es\/ceipmiguelhernandezdemanzanilla\/wp-json\/wp\/v2\/media?parent=2426"}],"curies":[{"name":"wp","href":"https:\/\/api.w.org\/{rel}","templated":true}]}}