{"id":2286,"date":"2025-10-01T09:21:01","date_gmt":"2025-10-01T09:21:01","guid":{"rendered":"https:\/\/blogsaverroes.juntadeandalucia.es\/ceipmiragenil\/?page_id=2286"},"modified":"2025-10-01T08:29:54","modified_gmt":"2025-10-01T08:29:54","slug":"consejo-escolar-2020-2021","status":"publish","type":"page","link":"https:\/\/blogsaverroes.juntadeandalucia.es\/ceipmiragenil\/consejo-escolar-2020-2021\/","title":{"rendered":"Consejo Escolar 2025\/2026"},"content":{"rendered":"<h3 id=\"sites-page-title-header\" style=\"text-align: left\" align=\"left\"><span id=\"sites-page-title\" dir=\"ltr\">&nbsp;&nbsp;&nbsp;&nbsp;&nbsp;&nbsp;&nbsp;&nbsp;&nbsp;&nbsp;&nbsp;&nbsp;&nbsp;&nbsp;&nbsp;&nbsp;&nbsp;&nbsp;&nbsp;&nbsp;&nbsp;&nbsp;&nbsp;&nbsp;&nbsp;&nbsp;&nbsp;&nbsp;&nbsp;&nbsp;&nbsp;&nbsp;&nbsp;&nbsp;&nbsp;&nbsp;&nbsp;&nbsp;&nbsp;&nbsp;&nbsp;&nbsp;&nbsp;&nbsp;&nbsp;&nbsp;&nbsp;&nbsp; Consejo Escolar<br \/>\n<\/span><\/h3>\n<p>&nbsp;<\/p>\n<p style=\"text-align: left\"><strong><u>EQUIPO DIRECTIVO<\/u><\/strong><\/p>\n<ul>\n<li style=\"text-align: left\">Director: D. Manuel Arroyo P\u00e9rez<\/li>\n<\/ul>\n<ul>\n<li>Secretaria en funciones: D\u00f1a. Irene Mar\u00eda Alcaide Salamanca<\/li>\n<\/ul>\n<p><strong><u>SECTOR PROFESORADO<\/u><\/strong><\/p>\n<ul>\n<li>D\u00f1a. Natalia Cielos Feli\u00fa<\/li>\n<li>D\u00f1a. Mar\u00eda Isabel Ruiz Cabello<\/li>\n<li>D\u00f1a. Araceli Mar\u00eda Agraz Fern\u00e1ndez<\/li>\n<\/ul>\n<p>&nbsp;<\/p>\n<p><strong><u>SECTOR MADRES\/PADRES\/TUTORES<\/u><\/strong><\/p>\n<ul>\n<li>D\u00f1a. Fuensanta Roc\u00edo Galindo Mart\u00ednez<\/li>\n<\/ul>\n<p>&nbsp;<\/p>\n<p><strong><u>REPRESENTANTE DEL AMPA MIRAGENIL Y ALDEAS<\/u><\/strong><\/p>\n<ul>\n<li>D\u00f1a. Tamara Quero Carmona<\/li>\n<\/ul>\n<p>&nbsp;<\/p>\n<p><strong><u>COORDINADORA DEL PLAN DE IGUALDAD EN EL CENTRO<\/u><\/strong><\/p>\n<ul>\n<li>D\u00f1a.Araceli Mar\u00eda Agraz Fern\u00e1ndez<\/li>\n<\/ul>\n<p>&nbsp;<\/p>\n<p><strong><u>CONCEJAL REPRESENTANTE DEL AYUNTAMIENTO<\/u><\/strong><\/p>\n<ul>\n<li>D. Javier Villafranca Mu\u00f1oz<\/li>\n<\/ul>\n<div id=\"sites-canvas-main\" class=\"sites-canvas-main\">\n<div id=\"sites-canvas-main-content\">&nbsp;<\/div>\n<\/div>\n","protected":false},"excerpt":{"rendered":"<p>&nbsp;&nbsp;&nbsp;&nbsp;&nbsp;&nbsp;&nbsp;&nbsp;&nbsp;&nbsp;&nbsp;&nbsp;&nbsp;&nbsp;&nbsp;&nbsp;&nbsp;&nbsp;&nbsp;&nbsp;&nbsp;&nbsp;&nbsp;&nbsp;&nbsp;&nbsp;&nbsp;&nbsp;&nbsp;&nbsp;&nbsp;&nbsp;&nbsp;&nbsp;&nbsp;&nbsp;&nbsp;&nbsp;&nbsp;&nbsp;&nbsp;&nbsp;&nbsp;&nbsp;&nbsp;&nbsp;&nbsp;&nbsp; Consejo Escolar &nbsp; EQUIPO DIRECTIVO Director: D. Manuel Arroyo P\u00e9rez Secretaria en funciones: D\u00f1a. Irene Mar\u00eda Alcaide Salamanca SECTOR PROFESORADO D\u00f1a. Natalia Cielos Feli\u00fa D\u00f1a. Mar\u00eda Isabel Ruiz Cabello D\u00f1a. Araceli Mar\u00eda Agraz&#46;&#46;&#46;<\/p>\n","protected":false},"author":10455,"featured_media":0,"parent":0,"menu_order":0,"comment_status":"closed","ping_status":"closed","template":"","meta":{"ngg_post_thumbnail":0,"footnotes":"","_mc_calendar":[]},"aioseo_notices":[],"_links":{"self":[{"href":"https:\/\/blogsaverroes.juntadeandalucia.es\/ceipmiragenil\/wp-json\/wp\/v2\/pages\/2286"}],"collection":[{"href":"https:\/\/blogsaverroes.juntadeandalucia.es\/ceipmiragenil\/wp-json\/wp\/v2\/pages"}],"about":[{"href":"https:\/\/blogsaverroes.juntadeandalucia.es\/ceipmiragenil\/wp-json\/wp\/v2\/types\/page"}],"author":[{"embeddable":true,"href":"https:\/\/blogsaverroes.juntadeandalucia.es\/ceipmiragenil\/wp-json\/wp\/v2\/users\/10455"}],"replies":[{"embeddable":true,"href":"https:\/\/blogsaverroes.juntadeandalucia.es\/ceipmiragenil\/wp-json\/wp\/v2\/comments?post=2286"}],"version-history":[{"count":16,"href":"https:\/\/blogsaverroes.juntadeandalucia.es\/ceipmiragenil\/wp-json\/wp\/v2\/pages\/2286\/revisions"}],"predecessor-version":[{"id":4127,"href":"https:\/\/blogsaverroes.juntadeandalucia.es\/ceipmiragenil\/wp-json\/wp\/v2\/pages\/2286\/revisions\/4127"}],"wp:attachment":[{"href":"https:\/\/blogsaverroes.juntadeandalucia.es\/ceipmiragenil\/wp-json\/wp\/v2\/media?parent=2286"}],"curies":[{"name":"wp","href":"https:\/\/api.w.org\/{rel}","templated":true}]}}

<h3 id="sites-page-title-header" style="text-align: left" align="left"><span id="sites-page-title" dir="ltr">&nbsp;&nbsp;&nbsp;&nbsp;&nbsp;&nbsp;&nbsp;&nbsp;&nbsp;&nbsp;&nbsp;&nbsp;&nbsp;&nbsp;&nbsp;&nbsp;&nbsp;&nbsp;&nbsp;&nbsp;&nbsp;&nbsp;&nbsp;&nbsp;&nbsp;&nbsp;&nbsp;&nbsp;&nbsp;&nbsp;&nbsp;&nbsp;&nbsp;&nbsp;&nbsp;&nbsp;&nbsp;&nbsp;&nbsp;&nbsp;&nbsp;&nbsp;&nbsp;&nbsp;&nbsp;&nbsp;&nbsp;&nbsp; Consejo Escolar<br />
</span></h3>
<p>&nbsp;</p>
<p style="text-align: left"><strong><u>EQUIPO DIRECTIVO</u></strong></p>
<ul>
<li style="text-align: left">Director: D. Manuel Arroyo Pérez</li>
</ul>
<ul>
<li>Secretaria en funciones: Dña. Irene María Alcaide Salamanca</li>
</ul>
<p><strong><u>SECTOR PROFESORADO</u></strong></p>
<ul>
<li>Dña. Natalia Cielos Feliú</li>
<li>Dña. María Isabel Ruiz Cabello</li>
<li>Dña. Araceli María Agraz Fernández</li>
</ul>
<p>&nbsp;</p>
<p><strong><u>SECTOR MADRES/PADRES/TUTORES</u></strong></p>
<ul>
<li>Dña. Fuensanta Rocío Galindo Martínez</li>
</ul>
<p>&nbsp;</p>
<p><strong><u>REPRESENTANTE DEL AMPA MIRAGENIL Y ALDEAS</u></strong></p>
<ul>
<li>Dña. Tamara Quero Carmona</li>
</ul>
<p>&nbsp;</p>
<p><strong><u>COORDINADORA DEL PLAN DE IGUALDAD EN EL CENTRO</u></strong></p>
<ul>
<li>Dña.Araceli María Agraz Fernández</li>
</ul>
<p>&nbsp;</p>
<p><strong><u>CONCEJAL REPRESENTANTE DEL AYUNTAMIENTO</u></strong></p>
<ul>
<li>D. Javier Villafranca Muñoz</li>
</ul>
<div id="sites-canvas-main" class="sites-canvas-main">
<div id="sites-canvas-main-content">&nbsp;</div>
</div>

<p>&nbsp;&nbsp;&nbsp;&nbsp;&nbsp;&nbsp;&nbsp;&nbsp;&nbsp;&nbsp;&nbsp;&nbsp;&nbsp;&nbsp;&nbsp;&nbsp;&nbsp;&nbsp;&nbsp;&nbsp;&nbsp;&nbsp;&nbsp;&nbsp;&nbsp;&nbsp;&nbsp;&nbsp;&nbsp;&nbsp;&nbsp;&nbsp;&nbsp;&nbsp;&nbsp;&nbsp;&nbsp;&nbsp;&nbsp;&nbsp;&nbsp;&nbsp;&nbsp;&nbsp;&nbsp;&nbsp;&nbsp;&nbsp; Consejo Escolar &nbsp; EQUIPO DIRECTIVO Director: D. Manuel Arroyo Pérez Secretaria en funciones: Dña. Irene María Alcaide Salamanca SECTOR PROFESORADO Dña. Natalia Cielos Feliú Dña. María Isabel Ruiz Cabello Dña. Araceli María Agraz&#46;&#46;&#46;</p>
