{"id":5687,"date":"2021-07-02T21:49:52","date_gmt":"2021-07-02T21:49:52","guid":{"rendered":"https:\/\/blogsaverroes.juntadeandalucia.es\/ceipmontealto\/?page_id=5687"},"modified":"2022-01-18T11:34:53","modified_gmt":"2022-01-18T11:34:53","slug":"www-elmundo-es","status":"publish","type":"page","link":"https:\/\/blogsaverroes.juntadeandalucia.es\/ceipmontealto\/","title":{"rendered":"CEIP Monte Alto (C\u00f3rdoba)"},"content":{"rendered":"<p><span style=\"font-weight: 400\">El centro educativo \u201cCEIP Monte Alto \u201cest\u00e1 configurado como un SEMI-D ya que imparte las ense\u00f1anzas de Educaci\u00f3n Infantil, Educaci\u00f3n Primaria y el Primer Ciclo de Educaci\u00f3n Secundaria Obligatoria.<\/span><\/p>\n<p><span style=\"font-weight: 400\">Es un centro de una sola l\u00ednea ubicado en un diseminado del t\u00e9rmino municipal de La Carlota al que pertenece. Concretamente, este diseminado, de Monte Alto constituye el Tercer Departamento, de los diez con los que cuenta la Carlota.<\/span><\/p>\n<p><span style=\"font-weight: 400\">El colegio Monte Alto se encuentra situado en la avenida de Andaluc\u00eda, 57, concretamente en la carretera que une el Departamento de La Paz con la poblaci\u00f3n de La Guijarrosa. Es el centro educativo m\u00e1s extenso de todos los que se ubican en La Carlota y sus departamentos. Se construy\u00f3 en la d\u00e9cada de los 80 en varias fases sustituyendo al antiguo edificio denominado \u201cescuelas\u201d situado al lado de la iglesia de Monte Alto. El centro est\u00e1 compuesto por tres unidades de educaci\u00f3n infantil, 6 unidades de educaci\u00f3n primaria, 2 unidades de educaci\u00f3n secundaria, y una unidad de aula espec\u00edfica.<\/span><\/p>\n<p>&nbsp;<\/p>\n<p><span style=\"font-weight: 400\"><a href=\"https:\/\/blogsaverroes.juntadeandalucia.es\/ceipmontealto\/files\/2021\/07\/PHOTO-2021-06-09-17-23-05.jpg\"><br \/>\n<img loading=\"lazy\" decoding=\"async\" class=\"alignleft wp-image-5640 size-full\" src=\"https:\/\/blogsaverroes.juntadeandalucia.es\/ceipmontealto\/files\/2021\/07\/PHOTO-2021-06-09-17-23-05.jpg\" alt=\"\" width=\"1600\" height=\"1200\" srcset=\"https:\/\/blogsaverroes.juntadeandalucia.es\/ceipmontealto\/files\/2021\/07\/PHOTO-2021-06-09-17-23-05.jpg 1600w, https:\/\/blogsaverroes.juntadeandalucia.es\/ceipmontealto\/files\/2021\/07\/PHOTO-2021-06-09-17-23-05-300x225.jpg 300w, https:\/\/blogsaverroes.juntadeandalucia.es\/ceipmontealto\/files\/2021\/07\/PHOTO-2021-06-09-17-23-05-1024x768.jpg 1024w, https:\/\/blogsaverroes.juntadeandalucia.es\/ceipmontealto\/files\/2021\/07\/PHOTO-2021-06-09-17-23-05-768x576.jpg 768w, https:\/\/blogsaverroes.juntadeandalucia.es\/ceipmontealto\/files\/2021\/07\/PHOTO-2021-06-09-17-23-05-1536x1152.jpg 1536w\" sizes=\"(max-width: 706px) 89vw, (max-width: 767px) 82vw, 740px\" \/><\/a><\/span><\/p>\n<p>&nbsp;<\/p>\n<p>&nbsp;<\/p>\n<p>&nbsp;<\/p>\n<p>&nbsp;<\/p>\n<p>&nbsp;<\/p>\n<p><span style=\"font-weight: 400\">&nbsp; &nbsp; <\/span><\/p>\n","protected":false},"excerpt":{"rendered":"<p>El centro educativo \u201cCEIP Monte Alto \u201cest\u00e1 configurado como un SEMI-D ya que imparte las ense\u00f1anzas de Educaci\u00f3n Infantil, Educaci\u00f3n Primaria y el Primer Ciclo de Educaci\u00f3n Secundaria Obligatoria. Es un centro de una sola l\u00ednea ubicado en un diseminado del t\u00e9rmino municipal de La Carlota al que pertenece. Concretamente, este diseminado, de Monte Alto &hellip; <\/p>\n<p class=\"link-more\"><a href=\"https:\/\/blogsaverroes.juntadeandalucia.es\/ceipmontealto\/\" class=\"more-link\">Continuar leyendo<span class=\"screen-reader-text\"> \u00abCEIP Monte Alto (C\u00f3rdoba)\u00bb<\/span><\/a><\/p>\n","protected":false},"author":4237,"featured_media":0,"parent":0,"menu_order":0,"comment_status":"closed","ping_status":"closed","template":"","meta":{"ngg_post_thumbnail":0,"footnotes":"","_mc_calendar":[]},"aioseo_notices":[],"_links":{"self":[{"href":"https:\/\/blogsaverroes.juntadeandalucia.es\/ceipmontealto\/wp-json\/wp\/v2\/pages\/5687"}],"collection":[{"href":"https:\/\/blogsaverroes.juntadeandalucia.es\/ceipmontealto\/wp-json\/wp\/v2\/pages"}],"about":[{"href":"https:\/\/blogsaverroes.juntadeandalucia.es\/ceipmontealto\/wp-json\/wp\/v2\/types\/page"}],"author":[{"embeddable":true,"href":"https:\/\/blogsaverroes.juntadeandalucia.es\/ceipmontealto\/wp-json\/wp\/v2\/users\/4237"}],"replies":[{"embeddable":true,"href":"https:\/\/blogsaverroes.juntadeandalucia.es\/ceipmontealto\/wp-json\/wp\/v2\/comments?post=5687"}],"version-history":[{"count":8,"href":"https:\/\/blogsaverroes.juntadeandalucia.es\/ceipmontealto\/wp-json\/wp\/v2\/pages\/5687\/revisions"}],"predecessor-version":[{"id":5823,"href":"https:\/\/blogsaverroes.juntadeandalucia.es\/ceipmontealto\/wp-json\/wp\/v2\/pages\/5687\/revisions\/5823"}],"wp:attachment":[{"href":"https:\/\/blogsaverroes.juntadeandalucia.es\/ceipmontealto\/wp-json\/wp\/v2\/media?parent=5687"}],"curies":[{"name":"wp","href":"https:\/\/api.w.org\/{rel}","templated":true}]}}