{"id":850,"date":"2020-12-18T08:41:27","date_gmt":"2020-12-18T07:41:27","guid":{"rendered":"https:\/\/blogsaverroes.juntadeandalucia.es\/pre\/plantilla-pencil\/?page_id=850"},"modified":"2021-06-08T11:05:56","modified_gmt":"2021-06-08T10:05:56","slug":"planes-y-proyectos","status":"publish","type":"page","link":"https:\/\/blogsaverroes.juntadeandalucia.es\/ceipnataliorivas\/planes-y-proyectos\/","title":{"rendered":"Planes y Proyectos"},"content":{"rendered":"<p>[et_pb_section fb_built=\u00bb1&#8243; fullwidth=\u00bbon\u00bb _builder_version=\u00bb4.5.0&#8243; _module_preset=\u00bbdefault\u00bb][et_pb_fullwidth_image src=\u00bbhttps:\/\/blogsaverroes.juntadeandalucia.es\/ceipnataliorivas\/files\/2021\/04\/PLAN-DE-CENTRO.png\u00bb title_text=\u00bbPLAN DE CENTRO\u00bb _builder_version=\u00bb4.5.0&#8243; _module_preset=\u00bbdefault\u00bb][\/et_pb_fullwidth_image][\/et_pb_section][et_pb_section fb_built=\u00bb1&#8243; admin_label=\u00bbsection\u00bb _builder_version=\u00bb3.22&#8243;][et_pb_row column_structure=\u00bb1_3,1_3,1_3&#8243; admin_label=\u00bbrow\u00bb _builder_version=\u00bb4.5.0&#8243; background_size=\u00bbinitial\u00bb background_position=\u00bbtop_left\u00bb background_repeat=\u00bbrepeat\u00bb custom_margin=\u00bb|auto|75px|auto||\u00bb][et_pb_column type=\u00bb1_3&#8243; _builder_version=\u00bb4.5.0&#8243; background_color=\u00bb#ffffff\u00bb custom_padding=\u00bb|||\u00bb custom_padding__hover=\u00bb|||\u00bb][et_pb_text _builder_version=\u00bb4.5.0&#8243; _module_preset=\u00bbdefault\u00bb background_color=\u00bb#ffffff\u00bb link_option_url_new_window=\u00bbon\u00bb]<\/p>\n<p><img loading=\"lazy\" decoding=\"async\" src=\"https:\/\/blogsaverroes.juntadeandalucia.es\/ceipnataliorivas\/files\/2021\/03\/Proyecto-educativo-1024x576.png\" width=\"1024\" height=\"576\" alt=\"\" class=\"wp-image-1006 aligncenter size-large\" srcset=\"https:\/\/blogsaverroes.juntadeandalucia.es\/ceipnataliorivas\/files\/2021\/03\/Proyecto-educativo-1024x576.png 1024w, https:\/\/blogsaverroes.juntadeandalucia.es\/ceipnataliorivas\/files\/2021\/03\/Proyecto-educativo-980x551.png 980w, https:\/\/blogsaverroes.juntadeandalucia.es\/ceipnataliorivas\/files\/2021\/03\/Proyecto-educativo-480x270.png 480w\" sizes=\"(min-width: 0px) and (max-width: 480px) 480px, (min-width: 481px) and (max-width: 980px) 980px, (min-width: 981px) 1024px, 100vw\" \/><\/p>\n<p style=\"text-align: justify\">Nuestro <strong>Proyecto Educativo<\/strong> es el documento pedag\u00f3gico elaborado por y para la Comunidad Educativa.<\/p>\n<p style=\"text-align: justify\">Es el marco de referencia que recoge la identidad, objetivos y organizaci\u00f3n de nuestro Centro con el objetivo de dar respuesta a las necesidades de nuestro alumnado de forma eficaz y con garant\u00eda de calidad para optimizar el proceso de ense\u00f1anza-aprendizaje estableciendo los valores, objetivos y prioridades de actuaci\u00f3n.<\/p>\n<p style=\"text-align: justify\">Recoge el curr\u00edculo as\u00ed como el tratamiento transversal de la educaci\u00f3n en valores.<\/p>\n<p>[\/et_pb_text][\/et_pb_column][et_pb_column type=\u00bb1_3&#8243; _builder_version=\u00bb3.25&#8243; custom_padding=\u00bb|||\u00bb custom_padding__hover=\u00bb|||\u00bb][et_pb_text _builder_version=\u00bb4.5.0&#8243; _module_preset=\u00bbdefault\u00bb background_color=\u00bb#ffffff\u00bb]<\/p>\n<p><img loading=\"lazy\" decoding=\"async\" src=\"https:\/\/blogsaverroes.juntadeandalucia.es\/ceipnataliorivas\/files\/2021\/03\/ROF-1-1024x576.png\" width=\"1024\" height=\"576\" alt=\"\" class=\"wp-image-1007 aligncenter size-large\" srcset=\"https:\/\/blogsaverroes.juntadeandalucia.es\/ceipnataliorivas\/files\/2021\/03\/ROF-1-1024x576.png 1024w, https:\/\/blogsaverroes.juntadeandalucia.es\/ceipnataliorivas\/files\/2021\/03\/ROF-1-980x551.png 980w, https:\/\/blogsaverroes.juntadeandalucia.es\/ceipnataliorivas\/files\/2021\/03\/ROF-1-480x270.png 480w\" sizes=\"(min-width: 0px) and (max-width: 480px) 480px, (min-width: 481px) and (max-width: 980px) 980px, (min-width: 981px) 1024px, 100vw\" \/><\/p>\n<p style=\"text-align: justify\">El <strong>Reglamento de Organizaci\u00f3n y Funcionamiento<\/strong> (R.O.F.) es el documento que regula la organizaci\u00f3n y funcionamiento del Centro, es decir, es nuestra gu\u00eda que orienta la actividad educativa en sus m\u00faltiples facetas.<\/p>\n<p style=\"text-align: justify\">Entre otros aspectos, el ROF, recoge:<\/p>\n<ul>\n<li style=\"text-align: justify\">\u00d3rganos de gobierno<\/li>\n<li style=\"text-align: justify\">\u00d3rganos de coordinaci\u00f3n<\/li>\n<li style=\"text-align: justify\">Participaci\u00f3n y horarios<\/li>\n<li style=\"text-align: justify\">Organizaci\u00f3n de los recursos<\/li>\n<li style=\"text-align: justify\">Instalaciones<\/li>\n<\/ul>\n<p>[\/et_pb_text][\/et_pb_column][et_pb_column type=\u00bb1_3&#8243; _builder_version=\u00bb4.5.0&#8243; _module_preset=\u00bbdefault\u00bb][et_pb_text _builder_version=\u00bb4.5.0&#8243; _module_preset=\u00bbdefault\u00bb background_color=\u00bb#ffffff\u00bb]<\/p>\n<p><img loading=\"lazy\" decoding=\"async\" src=\"https:\/\/blogsaverroes.juntadeandalucia.es\/ceipnataliorivas\/files\/2021\/03\/Proyecto-gestion-1024x576.png\" width=\"1024\" height=\"576\" alt=\"\" class=\"wp-image-1008 aligncenter size-large\" srcset=\"https:\/\/blogsaverroes.juntadeandalucia.es\/ceipnataliorivas\/files\/2021\/03\/Proyecto-gestion-1024x576.png 1024w, https:\/\/blogsaverroes.juntadeandalucia.es\/ceipnataliorivas\/files\/2021\/03\/Proyecto-gestion-980x551.png 980w, https:\/\/blogsaverroes.juntadeandalucia.es\/ceipnataliorivas\/files\/2021\/03\/Proyecto-gestion-480x270.png 480w\" sizes=\"(min-width: 0px) and (max-width: 480px) 480px, (min-width: 481px) and (max-width: 980px) 980px, (min-width: 981px) 1024px, 100vw\" \/><\/p>\n<p style=\"text-align: justify\">El <strong>Proyecto de Gesti\u00f3n<\/strong> contempla los criterios para la elaboraci\u00f3n del presupuesto anual del Centro y para la distribuci\u00f3n de los ingresos entre las distintas partidas de gasto. Medidas para la conservaci\u00f3n y renovaci\u00f3n de las instalaciones y del equipo escolar.<\/p>\n<p>[\/et_pb_text][\/et_pb_column][\/et_pb_row][et_pb_row column_structure=\u00bb1_4,1_4,1_4,1_4&#8243; _builder_version=\u00bb4.5.0&#8243; _module_preset=\u00bbdefault\u00bb][et_pb_column type=\u00bb1_4&#8243; _builder_version=\u00bb4.5.0&#8243; _module_preset=\u00bbdefault\u00bb][et_pb_blurb title=\u00bbPlan de Formaci\u00f3n del Profesorado\u00bb image=\u00bbhttps:\/\/blogsaverroes.juntadeandalucia.es\/ceipnataliorivas\/files\/2021\/05\/profesorad.jpg\u00bb _builder_version=\u00bb4.5.0&#8243; _module_preset=\u00bbdefault\u00bb header_font=\u00bb|700|||||||\u00bb]<\/p>\n<p>El Plan de Formaci\u00f3n del Profesorado contempla todas las actuaciones a llevar a cabo para la formaci\u00f3n \u00edntegra y completa de nuestros docentes, cursos de formaci\u00f3n en el centro del profesorado, grupos de trabajo, jornadas formativas, etc.<\/p>\n<p>[\/et_pb_blurb][\/et_pb_column][et_pb_column type=\u00bb1_4&#8243; _builder_version=\u00bb4.5.0&#8243; _module_preset=\u00bbdefault\u00bb][et_pb_blurb title=\u00bbPlan de Orientaci\u00f3n y Acci\u00f3n Tutorial\u00bb image=\u00bbhttps:\/\/blogsaverroes.juntadeandalucia.es\/ceipnataliorivas\/files\/2021\/05\/accion-tutorial.jpg\u00bb _builder_version=\u00bb4.5.0&#8243; _module_preset=\u00bbdefault\u00bb header_font=\u00bb|700|||||||\u00bb]<\/p>\n<p><span>El Plan de Orientaci\u00f3n y Acci\u00f3n Tutorial tiene como objetivo establecer un conjunto de actuaciones, de los equipos docentes y del centro educativo en su conjunto, relacionados con la\u00a0<\/span><em>orientaci\u00f3n<\/em><span>\u00a0y la\u00a0<\/span><em>acci\u00f3n tutorial\u00a0<\/em>de nuestro alumnado.<\/p>\n<p>[\/et_pb_blurb][\/et_pb_column][et_pb_column type=\u00bb1_4&#8243; _builder_version=\u00bb4.5.0&#8243; _module_preset=\u00bbdefault\u00bb][et_pb_blurb title=\u00bbPlan de Convivencia\u00bb image=\u00bbhttps:\/\/blogsaverroes.juntadeandalucia.es\/ceipnataliorivas\/files\/2021\/05\/convivencia.jpg\u00bb _builder_version=\u00bb4.5.0&#8243; _module_preset=\u00bbdefault\u00bb header_font=\u00bb|700|||||||\u00bb]<\/p>\n<p>El Plan de Convivencia integra los principios de igualdad, equidad e inclusi\u00f3n, incluyendo la mediaci\u00f3n y la gesti\u00f3n de conflictos, conteniendo las actuaciones preventivas y enfocadas a una mejora de la convivencia como base para un mejor desarrollo del proceso de ense\u00f1anza-aprendizaje.<\/p>\n<p>[\/et_pb_blurb][\/et_pb_column][et_pb_column type=\u00bb1_4&#8243; _builder_version=\u00bb4.5.0&#8243; _module_preset=\u00bbdefault\u00bb][et_pb_blurb title=\u00bbPlan de Atenci\u00f3n a la Diversidad\u00bb image=\u00bbhttps:\/\/blogsaverroes.juntadeandalucia.es\/ceipnataliorivas\/files\/2021\/05\/diversidad.jpg\u00bb _builder_version=\u00bb4.5.0&#8243; _module_preset=\u00bbdefault\u00bb header_font=\u00bb|700|||||||\u00bb]<\/p>\n<p><span>La\u00a0<\/span>atenci\u00f3n a la diversidad<span>\u00a0es un principio\u00a0<\/span>educativo<span>\u00a0dirigido a dar una respuesta adecuada a las caracter\u00edsticas y necesidades de todo el alumnado, incluyendo en particular al alumnado con\u00a0<\/span>necesidades educativas especiales<span>, dificultades de aprendizaje o\u00a0<\/span>altas capacidades<span>, as\u00ed como al alumnado de\u00a0<\/span>origen extranjero<span>\u00a0que se incorpora tard\u00edamente al sistema educativo.<\/span><\/p>\n<p>[\/et_pb_blurb][\/et_pb_column][\/et_pb_row][\/et_pb_section][et_pb_section fb_built=\u00bb1&#8243; fullwidth=\u00bbon\u00bb _builder_version=\u00bb4.5.0&#8243; _module_preset=\u00bbdefault\u00bb][et_pb_fullwidth_image src=\u00bbhttps:\/\/blogsaverroes.juntadeandalucia.es\/ceipnataliorivas\/files\/2021\/04\/PLANES-Y-PROGRAMAS.png\u00bb title_text=\u00bbPLANES Y PROGRAMAS\u00bb _builder_version=\u00bb4.5.0&#8243; _module_preset=\u00bbdefault\u00bb][\/et_pb_fullwidth_image][\/et_pb_section][et_pb_section fb_built=\u00bb1&#8243; admin_label=\u00bbsection\u00bb _builder_version=\u00bb3.22&#8243;][et_pb_row column_structure=\u00bb1_4,1_4,1_4,1_4&#8243; _builder_version=\u00bb4.5.0&#8243; _module_preset=\u00bbdefault\u00bb][et_pb_column type=\u00bb1_4&#8243; _builder_version=\u00bb4.5.0&#8243; _module_preset=\u00bbdefault\u00bb][et_pb_blurb title=\u00bbBIBLIOTECAS\u00bb image=\u00bbhttps:\/\/blogsaverroes.juntadeandalucia.es\/ceipnataliorivas\/files\/2021\/03\/depositphotos_84176218-stock-illustration-library-book-shelf.jpg\u00bb _builder_version=\u00bb4.5.0&#8243; _module_preset=\u00bbdefault\u00bb header_font=\u00bb|700|||||||\u00bb]<\/p>\n<p>Plan Bibliotecas Escolares, pretende el desarrollo de la lectura de nuestro alumnado, de una forma atractiva y l\u00fadica, a trav\u00e9s de la gamificaci\u00f3n y las inteligencias m\u00faltiples.<\/p>\n<p>Accede al blog de la Biblioteca pinchando <strong><span style=\"text-decoration: underline\"><a href=\"http:\/\/biblionataliorivas.blogspot.com\/\" target=\"_blank\" rel=\"noopener noreferrer\">aqu\u00ed<\/a><\/span><\/strong>.<\/p>\n<p>[\/et_pb_blurb][\/et_pb_column][et_pb_column type=\u00bb1_4&#8243; _builder_version=\u00bb4.5.0&#8243; _module_preset=\u00bbdefault\u00bb][et_pb_blurb title=\u00bbPlan de Igualdad de G\u00e9nero\u00bb image=\u00bbhttps:\/\/blogsaverroes.juntadeandalucia.es\/ceipnataliorivas\/files\/2021\/03\/logo_pacto_de_estado_pq.jpg\u00bb _builder_version=\u00bb4.5.0&#8243; _module_preset=\u00bbdefault\u00bb header_font=\u00bb|700|||||||\u00bb]<\/p>\n<p>Plan de Igualdad de G\u00e9nero, a trav\u00e9s del cual se educa en la igualdad de oportunidades, el respeto, la empat\u00eda y todos los valores necesarios para convivir en sociedad.<\/p>\n<p>[\/et_pb_blurb][\/et_pb_column][et_pb_column type=\u00bb1_4&#8243; _builder_version=\u00bb4.5.0&#8243; _module_preset=\u00bbdefault\u00bb][et_pb_blurb title=\u00bbEscuela Espacio de Paz\u00bb image=\u00bbhttps:\/\/blogsaverroes.juntadeandalucia.es\/ceipnataliorivas\/files\/2021\/03\/original.jpg\u00bb _builder_version=\u00bb4.5.0&#8243; _module_preset=\u00bbdefault\u00bb header_font=\u00bb|700|||||||\u00bb]<\/p>\n<p>Escuela Espacio de Paz, para que los ni\u00f1os y las ni\u00f1as aprendan a socializar de una forma m\u00e1s segura, aut\u00f3noma y que gestionen sus emociones y sus relaciones de la forma m\u00e1s satisfactoria posible. La autoestima como principio b\u00e1sico.<\/p>\n<p>[\/et_pb_blurb][\/et_pb_column][et_pb_column type=\u00bb1_4&#8243; _builder_version=\u00bb4.5.0&#8243; _module_preset=\u00bbdefault\u00bb][et_pb_blurb title=\u00bbCreciendo en Salud\u00bb image=\u00bbhttps:\/\/blogsaverroes.juntadeandalucia.es\/ceipnataliorivas\/files\/2021\/03\/catel_fruta.jpg\u00bb _builder_version=\u00bb4.5.0&#8243; _module_preset=\u00bbdefault\u00bb header_font=\u00bb|700|||||||\u00bb]<\/p>\n<p>Creciendo en Salud. Este programa tiene como objetivo inculcar a las futuras generaciones, h\u00e1bitos de vida saludables y de alimentaci\u00f3n, para que cuiden y conozcan su cuerpo, lo respeten y tambi\u00e9n respeten el de los dem\u00e1s.<\/p>\n<p>[\/et_pb_blurb][\/et_pb_column][\/et_pb_row][et_pb_row column_structure=\u00bb1_4,1_4,1_4,1_4&#8243; _builder_version=\u00bb4.5.0&#8243; _module_preset=\u00bbdefault\u00bb][et_pb_column type=\u00bb1_4&#8243; _builder_version=\u00bb4.5.0&#8243; _module_preset=\u00bbdefault\u00bb][et_pb_blurb title=\u00bbTransformaci\u00f3n Digital Educativa (TDE)\u00bb image=\u00bbhttps:\/\/blogsaverroes.juntadeandalucia.es\/ceipnataliorivas\/files\/2021\/03\/TDE.jpg\u00bb _builder_version=\u00bb4.5.0&#8243; _module_preset=\u00bbdefault\u00bb header_level=\u00bbh1&#8243; header_font=\u00bb|700|||||||\u00bb]<\/p>\n<p>El Plan TDE pretende modernizar los colegios y adaptar el proceso de ense\u00f1anza-aprendizaje a esta nueva sociedad globalizada y tecnol\u00f3gica.<\/p>\n<p>[\/et_pb_blurb][\/et_pb_column][et_pb_column type=\u00bb1_4&#8243; _builder_version=\u00bb4.5.0&#8243; _module_preset=\u00bbdefault\u00bb][et_pb_blurb title=\u00bbPrograma Impulsa\u00bb url=\u00bbhttps:\/\/impulsa2nataliorivas.blogspot.com\/\u00bb url_new_window=\u00bbon\u00bb image=\u00bbhttps:\/\/blogsaverroes.juntadeandalucia.es\/ceipnataliorivas\/files\/2021\/03\/Programa-Impulsa.jpg\u00bb _builder_version=\u00bb4.5.0&#8243; _module_preset=\u00bbdefault\u00bb header_level=\u00bbh1&#8243; header_font=\u00bb|800|||||||\u00bb]<\/p>\n<p>A trav\u00e9s del Programa Impulsa 2, <strong>\u00abCreaci\u00f3n de Videojuegos del Geoparque\u00bb<\/strong>, nuestro alumnado se iniciar\u00e1 en conceptos b\u00e1sicos de programaci\u00f3n, creando y desarrollando un videojuego con la tem\u00e1tica del Geoparque de Granada.<\/p>\n<p>Accede al blog pinchando <strong><span style=\"text-decoration: underline\"><a href=\"https:\/\/impulsa2nataliorivas.blogspot.com\/\" target=\"_blank\" rel=\"noopener noreferrer\">aqu\u00ed<\/a><\/span><\/strong>.<\/p>\n<p>[\/et_pb_blurb][\/et_pb_column][et_pb_column type=\u00bb1_4&#8243; _builder_version=\u00bb4.5.0&#8243; _module_preset=\u00bbdefault\u00bb][et_pb_blurb title=\u00bbAndaluc\u00eda Profundiza\u00bb url=\u00bbhttps:\/\/sites.google.com\/d\/13nSwXyFVb90oNJABS8q7QcOPnaIcehVe\/p\/1WwGP4QxCN2YAX0687bAxSpFbOvKJLaP_\/edit\u00bb url_new_window=\u00bbon\u00bb image=\u00bbhttps:\/\/blogsaverroes.juntadeandalucia.es\/ceipnataliorivas\/files\/2021\/06\/profundiza-2021_mesa-de-trabajo-1.png\u00bb _builder_version=\u00bb4.5.0&#8243; _module_preset=\u00bbdefault\u00bb header_level=\u00bbh3&#8243; header_font=\u00bb|700|||||||\u00bb hover_enabled=\u00bb0&#8243; title_text=\u00bbprofundiza-2021_mesa-de-trabajo-1&#8243;]<\/p>\n<p>El Programa Andaluc\u00eda profundiza va dirigido al alumnado de altas capacidades y alumnado que pretende ampliar sus conocimientos, investigar, crear, experimentar&#8230;<\/p>\n<p>Ciencias, matem\u00e1ticas, idiomas, tecnolog\u00eda, rob\u00f3tica, inform\u00e1tica, m\u00fasica y artes esc\u00e9nicas, cultura, gastronom\u00eda, tradiciones, historia y mucho m\u00e1s.<\/p>\n<p>Accede a la p\u00e1gina web pinchando <a href=\"https:\/\/sites.google.com\/view\/andaluciaprofundiza\/inicio\" target=\"_blank\" rel=\"noopener noreferrer\"><span style=\"text-decoration: underline\"><strong>aqu\u00ed<\/strong><\/span><\/a>.<\/p>\n<p>[\/et_pb_blurb][\/et_pb_column][et_pb_column type=\u00bb1_4&#8243; _builder_version=\u00bb4.5.0&#8243; _module_preset=\u00bbdefault\u00bb][et_pb_blurb title=\u00bbPlan de Apertura\u00bb image=\u00bbhttps:\/\/blogsaverroes.juntadeandalucia.es\/ceipnataliorivas\/files\/2021\/04\/Plan-de-apertura.jpg\u00bb _builder_version=\u00bb4.5.0&#8243; _module_preset=\u00bbdefault\u00bb header_font=\u00bb|700|||||||\u00bb]<\/p>\n<p>El Plan de Apertura posibilitar\u00e1 la conciliaci\u00f3n familiar y laboral de las familias de nuestro centro, ofertando servicios de Aula matinal, Comedor y Actividades Extraescolares.<\/p>\n<p>[\/et_pb_blurb][\/et_pb_column][\/et_pb_row][et_pb_row column_structure=\u00bb1_4,1_4,1_4,1_4&#8243; _builder_version=\u00bb4.5.0&#8243; _module_preset=\u00bbdefault\u00bb][et_pb_column type=\u00bb1_4&#8243; _builder_version=\u00bb4.5.0&#8243; _module_preset=\u00bbdefault\u00bb][et_pb_blurb title=\u00bbPlan Director\u00bb image=\u00bbhttps:\/\/blogsaverroes.juntadeandalucia.es\/ceipnataliorivas\/files\/2021\/04\/descarga.jpg\u00bb _builder_version=\u00bb4.5.0&#8243; _module_preset=\u00bbdefault\u00bb header_font=\u00bb|700|||||||\u00bb]<\/p>\n<p>El Plan Director para la Convivencia y Mejora de la Seguridad Escolar tiene como objetivo el tratamiento a trav\u00e9s de charlas informativas de aspectos juveniles de prevencion de acoso, drogas, alcohol, violencia, as\u00ed como todos los riesgos asociados a internet.<\/p>\n<p>[\/et_pb_blurb][\/et_pb_column][et_pb_column type=\u00bb1_4&#8243; _builder_version=\u00bb4.5.0&#8243; _module_preset=\u00bbdefault\u00bb][et_pb_blurb title=\u00bbPrograma Ahorro Energ\u00e9tico\u00bb image=\u00bbhttps:\/\/blogsaverroes.juntadeandalucia.es\/ceipnataliorivas\/files\/2021\/04\/Portada-energ\u00eda-Web_opt.jpg\u00bb _builder_version=\u00bb4.5.0&#8243; _module_preset=\u00bbdefault\u00bb header_font=\u00bb|700|||||||\u00bb]<\/p>\n<p>El Programa Ahorro Energ\u00e9tico 50-50, promovido por la Diputaci\u00f3n de Granada, tiene como objetivo, tal y como su nombre indica, concienciar al alumnado sobre la importancia del cuidado del medio ambiente a trav\u00e9s del ahorro energ\u00e9tico.<\/p>\n<p>Accede a la p\u00e1gina web del programa pinchando <span style=\"text-decoration: underline\"><strong><a href=\"https:\/\/energiaenloscolesdegranada.com\/\" target=\"_blank\" rel=\"noopener noreferrer\">aqu\u00ed<\/a><\/strong><\/span>.<\/p>\n<p>&nbsp;<\/p>\n<p>[\/et_pb_blurb][\/et_pb_column][et_pb_column type=\u00bb1_4&#8243; _builder_version=\u00bb4.5.0&#8243; _module_preset=\u00bbdefault\u00bb][et_pb_blurb title=\u00bbPlan de Autoprotecci\u00f3n\u00bb image=\u00bbhttps:\/\/blogsaverroes.juntadeandalucia.es\/ceipnataliorivas\/files\/2021\/04\/Screenshot_1.png\u00bb _builder_version=\u00bb4.5.0&#8243; _module_preset=\u00bbdefault\u00bb header_font=\u00bb|700|||||||\u00bb]<\/p>\n<p>El Plan de Emergencia o Autoprotecci\u00f3n en los centros docentes es elaborado para garantizar la seguridad y la protecci\u00f3n de los miembros de la Comunidad Educativa ante posibles situaciones de riesgo.<\/p>\n<p>[\/et_pb_blurb][\/et_pb_column][et_pb_column type=\u00bb1_4&#8243; _builder_version=\u00bb4.5.0&#8243; _module_preset=\u00bbdefault\u00bb][et_pb_blurb title=\u00bbPracticum Grado Maestro\u00bb image=\u00bbhttps:\/\/blogsaverroes.juntadeandalucia.es\/ceipnataliorivas\/files\/2021\/04\/practicum.jpg\u00bb _builder_version=\u00bb4.5.0&#8243; _module_preset=\u00bbdefault\u00bb header_font=\u00bb|700|||||||\u00bb]<\/p>\n<p>El Programa \u00abPracticum\u00bb va dirigido al alumnado que cursa el Grado de Maestro en Educaci\u00f3n Infantil y Primaria en la Universidad, para que puedan realizar su periodo de pr\u00e1cticas en nuestro centro y poder as\u00ed obtener una formaci\u00f3n \u00edntegra y completa.<\/p>\n<p>[\/et_pb_blurb][\/et_pb_column][\/et_pb_row][\/et_pb_section]<\/p>\n","protected":false},"excerpt":{"rendered":"<p>Planes y Proyectos Educativos 2020\/2021<\/p>\n","protected":false},"author":7051,"featured_media":720,"parent":0,"menu_order":0,"comment_status":"closed","ping_status":"closed","template":"","meta":{"_et_pb_use_builder":"on","_et_pb_old_content":"<h1 style=\"text-align: center\"><span style=\"font-family: 'comic sans ms', sans-serif;font-size: 18pt\">Planes y Proyectos Educativos 2020\/21<\/span><\/h1>\r\n&nbsp;\r\n<h1><img class=\"size-medium wp-image-720 aligncenter\" style=\"color: #666666;font-size: 14px\" src=\"https:\/\/blogsaverroes.juntadeandalucia.es\/ceipnataliorivas\/files\/2020\/12\/farm-08-300x169.jpg\" alt=\"\" width=\"300\" height=\"169\"><\/h1>\r\n<ul>\r\n \t<li><span style=\"font-family: 'comic sans ms', sans-serif;font-size: 18pt\">Impulsa 2<\/span><\/li>\r\n \t<li><span style=\"font-family: 'comic sans ms', sans-serif;font-size: 18pt\">Andaluc\u00eda Profundiza<\/span><\/li>\r\n \t<li><span style=\"font-family: 'comic sans ms', sans-serif;font-size: 18pt\">Transformaci\u00f3n Digital Educativa (TDE)<\/span><\/li>\r\n \t<li><span style=\"font-family: 'comic sans ms', sans-serif;font-size: 18pt\">Plan de Igualdad<\/span><\/li>\r\n \t<li><span style=\"font-family: 'comic sans ms', sans-serif;font-size: 18pt\">Creciendo en Salud<\/span><\/li>\r\n \t<li><span style=\"font-family: 'comic sans ms', sans-serif;font-size: 18pt\">H\u00e1bitos Saludables<\/span><\/li>\r\n<\/ul>","_et_gb_content_width":"","ngg_post_thumbnail":0,"footnotes":""},"aioseo_notices":[],"_links":{"self":[{"href":"https:\/\/blogsaverroes.juntadeandalucia.es\/ceipnataliorivas\/wp-json\/wp\/v2\/pages\/850"}],"collection":[{"href":"https:\/\/blogsaverroes.juntadeandalucia.es\/ceipnataliorivas\/wp-json\/wp\/v2\/pages"}],"about":[{"href":"https:\/\/blogsaverroes.juntadeandalucia.es\/ceipnataliorivas\/wp-json\/wp\/v2\/types\/page"}],"author":[{"embeddable":true,"href":"https:\/\/blogsaverroes.juntadeandalucia.es\/ceipnataliorivas\/wp-json\/wp\/v2\/users\/7051"}],"replies":[{"embeddable":true,"href":"https:\/\/blogsaverroes.juntadeandalucia.es\/ceipnataliorivas\/wp-json\/wp\/v2\/comments?post=850"}],"version-history":[{"count":34,"href":"https:\/\/blogsaverroes.juntadeandalucia.es\/ceipnataliorivas\/wp-json\/wp\/v2\/pages\/850\/revisions"}],"predecessor-version":[{"id":1485,"href":"https:\/\/blogsaverroes.juntadeandalucia.es\/ceipnataliorivas\/wp-json\/wp\/v2\/pages\/850\/revisions\/1485"}],"wp:featuredmedia":[{"embeddable":true,"href":"https:\/\/blogsaverroes.juntadeandalucia.es\/ceipnataliorivas\/wp-json\/wp\/v2\/media\/720"}],"wp:attachment":[{"href":"https:\/\/blogsaverroes.juntadeandalucia.es\/ceipnataliorivas\/wp-json\/wp\/v2\/media?parent=850"}],"curies":[{"name":"wp","href":"https:\/\/api.w.org\/{rel}","templated":true}]}}