{"id":141,"date":"2015-03-17T07:13:24","date_gmt":"2015-03-17T07:13:24","guid":{"rendered":"http:\/\/blogsaverroes.juntadeandalucia.es\/pre\/ceip\/?page_id=141"},"modified":"2024-02-20T19:35:34","modified_gmt":"2024-02-20T19:35:34","slug":"escolarizacion","status":"publish","type":"page","link":"https:\/\/blogsaverroes.juntadeandalucia.es\/ceipnavasdetolosa\/escolarizacion\/","title":{"rendered":"Matriculaci\u00f3n y escolarizaci\u00f3n"},"content":{"rendered":"<p>Queridas familias:<\/p>\n<p>Con el fin de facilitaros el proceso de matriculaci\u00f3n y escolarizaci\u00f3n os dejamos el enlace de la Junta de Andaluc\u00eda al&nbsp;<a href=\"https:\/\/www.juntadeandalucia.es\/educacion\/portales\/web\/escolarizacion\/infantil-a-bachillerato\" target=\"_blank\" rel=\"noopener noreferrer\">Portal de escolarizaci\u00f3n y matr\u00edcula<\/a> donde encontrar\u00e9is cada curso acad\u00e9mico toda la informaci\u00f3n actualizada sobre la normativa, los plazos, impresos, autobaremo,&nbsp; l<strong>a App gratuita iEscolariza para hacer el proceso desde el m\u00f3vil (pincha en la imagen para descargarla)<\/strong>, la consulta de Centros, etc.<\/p>\n<p>De igual modo, desde aqu\u00ed ten\u00e9is acceso al <strong>sobre virtual de matr\u00edcula<\/strong> de la Secretar\u00eda Virtual (pincha en el icono) <a href=\"https:\/\/www.juntadeandalucia.es\/educacion\/secretariavirtual\/\" target=\"_blank\" rel=\"noopener noreferrer\"><img loading=\"lazy\" decoding=\"async\" class=\"alignnone wp-image-2987 size-medium\" src=\"https:\/\/blogsaverroes.juntadeandalucia.es\/ceipnavasdetolosa\/files\/2023\/10\/logo_secretaria_virtual-convert.io_-300x68.jpg\" alt=\"\" width=\"300\" height=\"68\" srcset=\"https:\/\/blogsaverroes.juntadeandalucia.es\/ceipnavasdetolosa\/files\/2023\/10\/logo_secretaria_virtual-convert.io_-300x68.jpg 300w, https:\/\/blogsaverroes.juntadeandalucia.es\/ceipnavasdetolosa\/files\/2023\/10\/logo_secretaria_virtual-convert.io_-768x174.jpg 768w, https:\/\/blogsaverroes.juntadeandalucia.es\/ceipnavasdetolosa\/files\/2023\/10\/logo_secretaria_virtual-convert.io_.jpg 833w\" sizes=\"(max-width: 300px) 100vw, 300px\" \/><\/a><\/p>\n<p>Ante cualquier duda, por favor, no dud\u00e9is en poneros en contacto con el Centro donde estamos a vuestra disposici\u00f3n.<\/p>\n<p>\u00a1Nos vemos en el cole!<a title=\"Descarga la App\" href=\"https:\/\/www.juntadeandalucia.es\/datosabiertos\/portal\/aplicaciones\/buscador-apps\/detalle\/101661.html\" target=\"_blank\" rel=\"noopener noreferrer\"><img loading=\"lazy\" decoding=\"async\" class=\"size-full wp-image-2848 alignright\" src=\"https:\/\/blogsaverroes.juntadeandalucia.es\/ceipnavasdetolosa\/files\/2022\/10\/iEscolariza-App-icon.jpg\" alt=\"\" width=\"321\" height=\"320\" srcset=\"https:\/\/blogsaverroes.juntadeandalucia.es\/ceipnavasdetolosa\/files\/2022\/10\/iEscolariza-App-icon.jpg 321w, https:\/\/blogsaverroes.juntadeandalucia.es\/ceipnavasdetolosa\/files\/2022\/10\/iEscolariza-App-icon-300x300.jpg 300w, https:\/\/blogsaverroes.juntadeandalucia.es\/ceipnavasdetolosa\/files\/2022\/10\/iEscolariza-App-icon-150x150.jpg 150w, https:\/\/blogsaverroes.juntadeandalucia.es\/ceipnavasdetolosa\/files\/2022\/10\/iEscolariza-App-icon-246x246.jpg 246w, https:\/\/blogsaverroes.juntadeandalucia.es\/ceipnavasdetolosa\/files\/2022\/10\/iEscolariza-App-icon-185x185.jpg 185w, https:\/\/blogsaverroes.juntadeandalucia.es\/ceipnavasdetolosa\/files\/2022\/10\/iEscolariza-App-icon-220x220.jpg 220w, https:\/\/blogsaverroes.juntadeandalucia.es\/ceipnavasdetolosa\/files\/2022\/10\/iEscolariza-App-icon-60x60.jpg 60w\" sizes=\"(max-width: 321px) 100vw, 321px\" \/><\/a><\/p>\n<p>&nbsp;<\/p>\n","protected":false},"excerpt":{"rendered":"<p>Queridas familias: Con el fin de facilitaros el proceso de matriculaci\u00f3n y escolarizaci\u00f3n os dejamos el enlace de la Junta de Andaluc\u00eda al&nbsp;Portal de escolarizaci\u00f3n y matr\u00edcula donde encontrar\u00e9is cada curso acad\u00e9mico toda la&#46;&#46;&#46;<\/p>\n","protected":false},"author":1,"featured_media":0,"parent":0,"menu_order":0,"comment_status":"closed","ping_status":"open","template":"","meta":{"ngg_post_thumbnail":0,"footnotes":"","_mc_calendar":[]},"aioseo_notices":[],"_links":{"self":[{"href":"https:\/\/blogsaverroes.juntadeandalucia.es\/ceipnavasdetolosa\/wp-json\/wp\/v2\/pages\/141"}],"collection":[{"href":"https:\/\/blogsaverroes.juntadeandalucia.es\/ceipnavasdetolosa\/wp-json\/wp\/v2\/pages"}],"about":[{"href":"https:\/\/blogsaverroes.juntadeandalucia.es\/ceipnavasdetolosa\/wp-json\/wp\/v2\/types\/page"}],"author":[{"embeddable":true,"href":"https:\/\/blogsaverroes.juntadeandalucia.es\/ceipnavasdetolosa\/wp-json\/wp\/v2\/users\/1"}],"replies":[{"embeddable":true,"href":"https:\/\/blogsaverroes.juntadeandalucia.es\/ceipnavasdetolosa\/wp-json\/wp\/v2\/comments?post=141"}],"version-history":[{"count":13,"href":"https:\/\/blogsaverroes.juntadeandalucia.es\/ceipnavasdetolosa\/wp-json\/wp\/v2\/pages\/141\/revisions"}],"predecessor-version":[{"id":3101,"href":"https:\/\/blogsaverroes.juntadeandalucia.es\/ceipnavasdetolosa\/wp-json\/wp\/v2\/pages\/141\/revisions\/3101"}],"wp:attachment":[{"href":"https:\/\/blogsaverroes.juntadeandalucia.es\/ceipnavasdetolosa\/wp-json\/wp\/v2\/media?parent=141"}],"curies":[{"name":"wp","href":"https:\/\/api.w.org\/{rel}","templated":true}]}}

Matriculación y escolarización

<p>Queridas familias:</p>
<p>Con el fin de facilitaros el proceso de matriculación y escolarización os dejamos el enlace de la Junta de Andalucía al&nbsp;<a href="https://www.juntadeandalucia.es/educacion/portales/web/escolarizacion/infantil-a-bachillerato" target="_blank" rel="noopener noreferrer">Portal de escolarización y matrícula</a> donde encontraréis cada curso académico toda la información actualizada sobre la normativa, los plazos, impresos, autobaremo,&nbsp; l<strong>a App gratuita iEscolariza para hacer el proceso desde el móvil (pincha en la imagen para descargarla)</strong>, la consulta de Centros, etc.</p>
<p>De igual modo, desde aquí tenéis acceso al <strong>sobre virtual de matrícula</strong> de la Secretaría Virtual (pincha en el icono) <a href="https://www.juntadeandalucia.es/educacion/secretariavirtual/" target="_blank" rel="noopener noreferrer"><img loading="lazy" decoding="async" class="alignnone wp-image-2987 size-medium" src="https://blogsaverroes.juntadeandalucia.es/ceipnavasdetolosa/files/2023/10/logo_secretaria_virtual-convert.io_-300x68.jpg" alt="" width="300" height="68" srcset="https://blogsaverroes.juntadeandalucia.es/ceipnavasdetolosa/files/2023/10/logo_secretaria_virtual-convert.io_-300x68.jpg 300w, https://blogsaverroes.juntadeandalucia.es/ceipnavasdetolosa/files/2023/10/logo_secretaria_virtual-convert.io_-768x174.jpg 768w, https://blogsaverroes.juntadeandalucia.es/ceipnavasdetolosa/files/2023/10/logo_secretaria_virtual-convert.io_.jpg 833w" sizes="(max-width: 300px) 100vw, 300px" /></a></p>
<p>Ante cualquier duda, por favor, no dudéis en poneros en contacto con el Centro donde estamos a vuestra disposición.</p>
<p>¡Nos vemos en el cole!<a title="Descarga la App" href="https://www.juntadeandalucia.es/datosabiertos/portal/aplicaciones/buscador-apps/detalle/101661.html" target="_blank" rel="noopener noreferrer"><img loading="lazy" decoding="async" class="size-full wp-image-2848 alignright" src="https://blogsaverroes.juntadeandalucia.es/ceipnavasdetolosa/files/2022/10/iEscolariza-App-icon.jpg" alt="" width="321" height="320" srcset="https://blogsaverroes.juntadeandalucia.es/ceipnavasdetolosa/files/2022/10/iEscolariza-App-icon.jpg 321w, https://blogsaverroes.juntadeandalucia.es/ceipnavasdetolosa/files/2022/10/iEscolariza-App-icon-300x300.jpg 300w, https://blogsaverroes.juntadeandalucia.es/ceipnavasdetolosa/files/2022/10/iEscolariza-App-icon-150x150.jpg 150w, https://blogsaverroes.juntadeandalucia.es/ceipnavasdetolosa/files/2022/10/iEscolariza-App-icon-246x246.jpg 246w, https://blogsaverroes.juntadeandalucia.es/ceipnavasdetolosa/files/2022/10/iEscolariza-App-icon-185x185.jpg 185w, https://blogsaverroes.juntadeandalucia.es/ceipnavasdetolosa/files/2022/10/iEscolariza-App-icon-220x220.jpg 220w, https://blogsaverroes.juntadeandalucia.es/ceipnavasdetolosa/files/2022/10/iEscolariza-App-icon-60x60.jpg 60w" sizes="(max-width: 321px) 100vw, 321px" /></a></p>
<p>&nbsp;</p>

<p>Queridas familias: Con el fin de facilitaros el proceso de matriculación y escolarización os dejamos el enlace de la Junta de Andalucía al&nbsp;Portal de escolarización y matrícula donde encontraréis cada curso académico toda la&#46;&#46;&#46;</p>
