{"id":2330,"date":"2021-07-13T17:41:36","date_gmt":"2021-07-13T17:41:36","guid":{"rendered":"https:\/\/blogsaverroes.juntadeandalucia.es\/ceipnavasdetolosa\/?page_id=2330"},"modified":"2023-10-22T11:26:46","modified_gmt":"2023-10-22T11:26:46","slug":"aula-de-cine","status":"publish","type":"page","link":"https:\/\/blogsaverroes.juntadeandalucia.es\/ceipnavasdetolosa\/aula-de-cine\/","title":{"rendered":"Aula de Cine"},"content":{"rendered":"<h4>Descripci\u00f3n<\/h4>\n<p style=\"text-align: justify\">El Cine, el primer arte de masas, es apreciado como un escenario para la construcci\u00f3n de memoria com\u00fan y veh\u00edculo para la expresi\u00f3n y representaci\u00f3n de la diversidad. Es una de las principales posibilidades para la comunicaci\u00f3n y la expresi\u00f3n del pensamiento y una herramienta generalizada en la educaci\u00f3n.<br \/>\nLa sociedad actual vive en un entorno dominado por lo \u201caudiovisual\u201d desde las etapas m\u00e1s tempranas, por ello una educaci\u00f3n audiovisual se hace necesaria desde la etapa de la escuela. Este proyecto de educaci\u00f3n audiovisual tiene dos momentos, el de la \u201clectura\u201d audiovisual y el de la \u201cescritura\u201d audiovisual. Ambos momentos y<br \/>\nlas diferentes etapas y formas de acceder a ellos dan lugar a los diferentes itinerarios que presenta Aula de Cine.<\/p>\n<h4>Objetivos<\/h4>\n<p>\u2022 Capacitar al alumnado tanto para mirar el mundo desde una nueva ventana, la audiovisual, como para construirlo.<br \/>\n\u2022 Profundizar en la alfabetizaci\u00f3n medi\u00e1tica del alumnado y el profesorado andaluz.<br \/>\n\u2022 Desarrollar el trabajo colaborativo aprendiendo a gestionar el tiempo, las responsabilidades o el desarrollo del trabajo.<br \/>\n\u2022 Desarrollar la creatividad del alumnado, las actitudes cr\u00edticas, la lectoescritura y las diferentes formas de pensamiento.<br \/>\n\u2022 Fomentar el inter\u00e9s por la cultura cinematogr\u00e1fica y por el cine andaluz, en particular, en los centros escolares.<\/p>\n<h4>Desarrollo<\/h4>\n<p style=\"text-align: justify\">Los tres ejes de actuaci\u00f3n que pueden desarrollarse, bien de forma independiente, bien de forma conjunta en los centros son:&nbsp;<br \/>\n\u2022 Alfabetizaci\u00f3n medi\u00e1tica: proyectos de centros de car\u00e1cter innovador, orientados a comprender los elementos b\u00e1sicos del lenguaje audiovisual por parte del alumnado: imagen, planos, escenas&#8230;<br \/>\n\u2022 Ver cine: proyectos que vinculan el conocimiento y la comprensi\u00f3n del cine a trav\u00e9s de su visionado, con actividades pr\u00e1cticas que se implementan en el aula y se incorporan al curr\u00edculum.<br \/>\n\u2022 Hacer cine: proyectos de elaboraci\u00f3n de productos propios, un spot para una campa\u00f1a promocional o publicitaria, un cortometraje, un microdocumental u otra forma de expresi\u00f3n audiovisual, abordando todos los pasos de preproducci\u00f3n, producci\u00f3n y postproducci\u00f3n, de forma te\u00f3rica y pr\u00e1ctica.<br \/>\nA partir de estas l\u00edneas de actuaci\u00f3n, el centro configura el Plan de Actuaci\u00f3n teniendo en cuenta el punto de partida y los recursos de los que puede disponer. Se trata de un plan contextualizado, en el que se detalla la secuenciaci\u00f3n de sus actuaciones, las estrategias de integraci\u00f3n curricular y las l\u00edneas de trabajo que va a abordar.<\/p>\n<p>&nbsp;<\/p>\n","protected":false},"excerpt":{"rendered":"<p>Descripci\u00f3n El Cine, el primer arte de masas, es apreciado como un escenario para la construcci\u00f3n de memoria com\u00fan y veh\u00edculo para la expresi\u00f3n y representaci\u00f3n de la diversidad. Es una de las principales&#46;&#46;&#46;<\/p>\n","protected":false},"author":11671,"featured_media":0,"parent":0,"menu_order":0,"comment_status":"closed","ping_status":"closed","template":"","meta":{"ngg_post_thumbnail":0,"footnotes":"","_mc_calendar":[]},"aioseo_notices":[],"_links":{"self":[{"href":"https:\/\/blogsaverroes.juntadeandalucia.es\/ceipnavasdetolosa\/wp-json\/wp\/v2\/pages\/2330"}],"collection":[{"href":"https:\/\/blogsaverroes.juntadeandalucia.es\/ceipnavasdetolosa\/wp-json\/wp\/v2\/pages"}],"about":[{"href":"https:\/\/blogsaverroes.juntadeandalucia.es\/ceipnavasdetolosa\/wp-json\/wp\/v2\/types\/page"}],"author":[{"embeddable":true,"href":"https:\/\/blogsaverroes.juntadeandalucia.es\/ceipnavasdetolosa\/wp-json\/wp\/v2\/users\/11671"}],"replies":[{"embeddable":true,"href":"https:\/\/blogsaverroes.juntadeandalucia.es\/ceipnavasdetolosa\/wp-json\/wp\/v2\/comments?post=2330"}],"version-history":[{"count":3,"href":"https:\/\/blogsaverroes.juntadeandalucia.es\/ceipnavasdetolosa\/wp-json\/wp\/v2\/pages\/2330\/revisions"}],"predecessor-version":[{"id":3036,"href":"https:\/\/blogsaverroes.juntadeandalucia.es\/ceipnavasdetolosa\/wp-json\/wp\/v2\/pages\/2330\/revisions\/3036"}],"wp:attachment":[{"href":"https:\/\/blogsaverroes.juntadeandalucia.es\/ceipnavasdetolosa\/wp-json\/wp\/v2\/media?parent=2330"}],"curies":[{"name":"wp","href":"https:\/\/api.w.org\/{rel}","templated":true}]}}