{"id":2331,"date":"2021-07-13T17:41:36","date_gmt":"2021-07-13T17:41:36","guid":{"rendered":"https:\/\/blogsaverroes.juntadeandalucia.es\/ceipnavasdetolosa\/?page_id=2331"},"modified":"2023-10-19T16:03:09","modified_gmt":"2023-10-19T16:03:09","slug":"ecoescuelas","status":"publish","type":"page","link":"https:\/\/blogsaverroes.juntadeandalucia.es\/ceipnavasdetolosa\/ecoescuelas\/","title":{"rendered":"Programa ALDEA. Modalidad A: Red Andaluza de Ecoescuelas"},"content":{"rendered":"<h4>En qu\u00e9 consiste<\/h4>\n<p>La Educaci\u00f3n es el motor de transformaci\u00f3n social, y la <strong>Educaci\u00f3n&nbsp;<\/strong><strong>Ambiental para la Sostenibilidad (EAS) nos permite avanzar&nbsp;<\/strong><strong>hacia una transici\u00f3n ecol\u00f3gica justa desde una responsabilidad&nbsp;<\/strong><strong>individual y colectiva, <\/strong>entendida \u00e9sta como aquellas&nbsp;acciones y procesos de educaci\u00f3n, formaci\u00f3n, comunicaci\u00f3n y&nbsp;participaci\u00f3n orientados a desarrollar aprendizajes, reflexiones,&nbsp;actitudes y <strong>competencias para actuar, <\/strong>frente a la emergencia&nbsp;clim\u00e1tica y ambiental y ante el conjunto de los complejos retos&nbsp;socioambientales actuales.&nbsp;<\/p>\n<p>La Declaraci\u00f3n ante la Emergencia Clim\u00e1tica y Ambiental en Espa\u00f1a,&nbsp;aprobada por el Gobierno el 21 de enero de 2020, incluye la&nbsp;elaboraci\u00f3n de un \u201cPlan de Acci\u00f3n de Educaci\u00f3n Ambiental para la&nbsp;Sostenibilidad (2021-2025)\u201d (<strong>PAEAS<\/strong>) que nos marca no solo el \u201cqu\u00e9\u201d&nbsp;sino el \u201ccu\u00e1ndo\u201d intervenir desde un perspectiva sist\u00e9mica e integral.&nbsp;<\/p>\n<p>Asimismo, la recientemente aprobada Ley Org\u00e1nica 3\/2020, de 29&nbsp;de diciembre, por la que se modifica la Ley Org\u00e1nica 2\/2006, de 3 de&nbsp;mayo, de Educaci\u00f3n (LOMLOE) incorpora por primera vez referencias&nbsp;explicitas a la Educaci\u00f3n para el Desarrollo Sostenible y la Educaci\u00f3n&nbsp;para la Ciudadan\u00eda Mundial, <strong>reflejadas en la Agenda 2030<\/strong>.<\/p>\n<p>En este marco, el Programa para la Innovaci\u00f3n Educativa Aldea&nbsp;se configura como una herramienta de transformaci\u00f3n para&nbsp;el desarrollo de las competencias clave en el alumnado, el&nbsp;intercambio de experiencias, el trabajo en equipo y la creaci\u00f3n de&nbsp;redes profesionales; facilitando la introducci\u00f3n y el desarrollo de&nbsp;contenidos relacionados con las relaciones del ser humano con su&nbsp;entorno social y natural (competencia ecosocial), la renaturalizaci\u00f3n&nbsp;de espacios, el cambio clim\u00e1tico, el medio forestal y litoral, la&nbsp;educaci\u00f3n circular, la conservaci\u00f3n de la biodiversidad o el&nbsp;conocimiento de los Espacios Naturales Protegidos de Andaluc\u00eda, en&nbsp;el <strong>Proyecto&nbsp; Educativo de Centro (PEC).<\/strong><\/p>\n<h4>Objetivo<\/h4>\n<p>Llevar a cabo un programa de educaci\u00f3n ambiental para la sostenibilidad, desde una perspectiva integral, con enfoques did\u00e1cticos innovadores, fomentando la acci\u00f3n participativa de toda la comunidad educativa y promoviendo l\u00edneas de intervenci\u00f3n sobre distintos escenarios y situaciones que den respuesta a problem\u00e1ticas<br \/>\nambientales del entorno.<\/p>\n<p><img decoding=\"async\" class=\"aligncenter\" src=\"https:\/\/blogsaverroes.juntadeandalucia.es\/ceipnavasdetolosa\/files\/2022\/03\/eco-huerto.jpg\"><\/p>\n<p>&nbsp;<\/p>\n<p>Se configura como una herramienta para favorecer el desarrollo de las competencias clave del alumnado, el intercambio de experiencias educativas, el trabajo en equipo, la creaci\u00f3n de redes profesionales, el trabajo por proyectos u otras metodolog\u00edas activas e innovadoras que propicien, en definitiva, un cambio en conductas ambientales con nuestro entorno y que incida en la pr\u00e1ctica educativa diaria.<\/p>\n<p><a href=\"https:\/\/blogsaverroes.juntadeandalucia.es\/ceipnavasdetolosa\/files\/2022\/03\/260406439_1053066352137534_3185915288848936102_n.jpg\"><img loading=\"lazy\" decoding=\"async\" class=\"wp-image-2504 alignleft\" src=\"https:\/\/blogsaverroes.juntadeandalucia.es\/ceipnavasdetolosa\/files\/2022\/03\/260406439_1053066352137534_3185915288848936102_n-577x1024.jpg\" alt=\"\" width=\"273\" height=\"484\" srcset=\"https:\/\/blogsaverroes.juntadeandalucia.es\/ceipnavasdetolosa\/files\/2022\/03\/260406439_1053066352137534_3185915288848936102_n-577x1024.jpg 577w, https:\/\/blogsaverroes.juntadeandalucia.es\/ceipnavasdetolosa\/files\/2022\/03\/260406439_1053066352137534_3185915288848936102_n-169x300.jpg 169w, https:\/\/blogsaverroes.juntadeandalucia.es\/ceipnavasdetolosa\/files\/2022\/03\/260406439_1053066352137534_3185915288848936102_n-768x1364.jpg 768w, https:\/\/blogsaverroes.juntadeandalucia.es\/ceipnavasdetolosa\/files\/2022\/03\/260406439_1053066352137534_3185915288848936102_n-865x1536.jpg 865w, https:\/\/blogsaverroes.juntadeandalucia.es\/ceipnavasdetolosa\/files\/2022\/03\/260406439_1053066352137534_3185915288848936102_n.jpg 901w\" sizes=\"(max-width: 273px) 100vw, 273px\" \/><\/a> <a href=\"https:\/\/blogsaverroes.juntadeandalucia.es\/ceipnavasdetolosa\/files\/2022\/03\/260480567_1053066455470857_3492184759982806166_n.jpg\"><img loading=\"lazy\" decoding=\"async\" class=\"wp-image-2505 alignright\" src=\"https:\/\/blogsaverroes.juntadeandalucia.es\/ceipnavasdetolosa\/files\/2022\/03\/260480567_1053066455470857_3492184759982806166_n-577x1024.jpg\" alt=\"\" width=\"270\" height=\"479\" srcset=\"https:\/\/blogsaverroes.juntadeandalucia.es\/ceipnavasdetolosa\/files\/2022\/03\/260480567_1053066455470857_3492184759982806166_n-577x1024.jpg 577w, https:\/\/blogsaverroes.juntadeandalucia.es\/ceipnavasdetolosa\/files\/2022\/03\/260480567_1053066455470857_3492184759982806166_n-169x300.jpg 169w, https:\/\/blogsaverroes.juntadeandalucia.es\/ceipnavasdetolosa\/files\/2022\/03\/260480567_1053066455470857_3492184759982806166_n-768x1364.jpg 768w, https:\/\/blogsaverroes.juntadeandalucia.es\/ceipnavasdetolosa\/files\/2022\/03\/260480567_1053066455470857_3492184759982806166_n-865x1536.jpg 865w, https:\/\/blogsaverroes.juntadeandalucia.es\/ceipnavasdetolosa\/files\/2022\/03\/260480567_1053066455470857_3492184759982806166_n.jpg 901w\" sizes=\"(max-width: 270px) 100vw, 270px\" \/><\/a><\/p>\n<p>&nbsp;<\/p>\n<p>&nbsp;<\/p>\n<p>&nbsp;<\/p>\n<p>&nbsp;<\/p>\n<p>&nbsp;<\/p>\n<p>&nbsp;<\/p>\n<p>&nbsp;<\/p>\n<p>&nbsp;<\/p>\n<p>&nbsp;<\/p>\n<p>&nbsp;<\/p>\n<p>&nbsp;<\/p>\n<p>&nbsp;<\/p>\n<p>&nbsp;<\/p>\n<p>En estas fotograf\u00edas se muestra una de nuestras iniciativas para el proyecto, la creaci\u00f3n de un ecohuerto, en el que el alumnado sea part\u00edcipe de esta iniciativa<\/p>\n","protected":false},"excerpt":{"rendered":"<p>En qu\u00e9 consiste La Educaci\u00f3n es el motor de transformaci\u00f3n social, y la Educaci\u00f3n&nbsp;Ambiental para la Sostenibilidad (EAS) nos permite avanzar&nbsp;hacia una transici\u00f3n ecol\u00f3gica justa desde una responsabilidad&nbsp;individual y colectiva, entendida \u00e9sta como aquellas&nbsp;acciones&#46;&#46;&#46;<\/p>\n","protected":false},"author":11671,"featured_media":0,"parent":0,"menu_order":0,"comment_status":"closed","ping_status":"closed","template":"","meta":{"ngg_post_thumbnail":0,"footnotes":"","_mc_calendar":[]},"aioseo_notices":[],"_links":{"self":[{"href":"https:\/\/blogsaverroes.juntadeandalucia.es\/ceipnavasdetolosa\/wp-json\/wp\/v2\/pages\/2331"}],"collection":[{"href":"https:\/\/blogsaverroes.juntadeandalucia.es\/ceipnavasdetolosa\/wp-json\/wp\/v2\/pages"}],"about":[{"href":"https:\/\/blogsaverroes.juntadeandalucia.es\/ceipnavasdetolosa\/wp-json\/wp\/v2\/types\/page"}],"author":[{"embeddable":true,"href":"https:\/\/blogsaverroes.juntadeandalucia.es\/ceipnavasdetolosa\/wp-json\/wp\/v2\/users\/11671"}],"replies":[{"embeddable":true,"href":"https:\/\/blogsaverroes.juntadeandalucia.es\/ceipnavasdetolosa\/wp-json\/wp\/v2\/comments?post=2331"}],"version-history":[{"count":5,"href":"https:\/\/blogsaverroes.juntadeandalucia.es\/ceipnavasdetolosa\/wp-json\/wp\/v2\/pages\/2331\/revisions"}],"predecessor-version":[{"id":3027,"href":"https:\/\/blogsaverroes.juntadeandalucia.es\/ceipnavasdetolosa\/wp-json\/wp\/v2\/pages\/2331\/revisions\/3027"}],"wp:attachment":[{"href":"https:\/\/blogsaverroes.juntadeandalucia.es\/ceipnavasdetolosa\/wp-json\/wp\/v2\/media?parent=2331"}],"curies":[{"name":"wp","href":"https:\/\/api.w.org\/{rel}","templated":true}]}}

<h4>En qué consiste</h4>
<p>La Educación es el motor de transformación social, y la <strong>Educación&nbsp;</strong><strong>Ambiental para la Sostenibilidad (EAS) nos permite avanzar&nbsp;</strong><strong>hacia una transición ecológica justa desde una responsabilidad&nbsp;</strong><strong>individual y colectiva, </strong>entendida ésta como aquellas&nbsp;acciones y procesos de educación, formación, comunicación y&nbsp;participación orientados a desarrollar aprendizajes, reflexiones,&nbsp;actitudes y <strong>competencias para actuar, </strong>frente a la emergencia&nbsp;climática y ambiental y ante el conjunto de los complejos retos&nbsp;socioambientales actuales.&nbsp;</p>
<p>La Declaración ante la Emergencia Climática y Ambiental en España,&nbsp;aprobada por el Gobierno el 21 de enero de 2020, incluye la&nbsp;elaboración de un “Plan de Acción de Educación Ambiental para la&nbsp;Sostenibilidad (2021-2025)” (<strong>PAEAS</strong>) que nos marca no solo el “qué”&nbsp;sino el “cuándo” intervenir desde un perspectiva sistémica e integral.&nbsp;</p>
<p>Asimismo, la recientemente aprobada Ley Orgánica 3/2020, de 29&nbsp;de diciembre, por la que se modifica la Ley Orgánica 2/2006, de 3 de&nbsp;mayo, de Educación (LOMLOE) incorpora por primera vez referencias&nbsp;explicitas a la Educación para el Desarrollo Sostenible y la Educación&nbsp;para la Ciudadanía Mundial, <strong>reflejadas en la Agenda 2030</strong>.</p>
<p>En este marco, el Programa para la Innovación Educativa Aldea&nbsp;se configura como una herramienta de transformación para&nbsp;el desarrollo de las competencias clave en el alumnado, el&nbsp;intercambio de experiencias, el trabajo en equipo y la creación de&nbsp;redes profesionales; facilitando la introducción y el desarrollo de&nbsp;contenidos relacionados con las relaciones del ser humano con su&nbsp;entorno social y natural (competencia ecosocial), la renaturalización&nbsp;de espacios, el cambio climático, el medio forestal y litoral, la&nbsp;educación circular, la conservación de la biodiversidad o el&nbsp;conocimiento de los Espacios Naturales Protegidos de Andalucía, en&nbsp;el <strong>Proyecto&nbsp; Educativo de Centro (PEC).</strong></p>
<h4>Objetivo</h4>
<p>Llevar a cabo un programa de educación ambiental para la sostenibilidad, desde una perspectiva integral, con enfoques didácticos innovadores, fomentando la acción participativa de toda la comunidad educativa y promoviendo líneas de intervención sobre distintos escenarios y situaciones que den respuesta a problemáticas<br />
ambientales del entorno.</p>
<p><img decoding="async" class="aligncenter" src="https://blogsaverroes.juntadeandalucia.es/ceipnavasdetolosa/files/2022/03/eco-huerto.jpg"></p>
<p>&nbsp;</p>
<p>Se configura como una herramienta para favorecer el desarrollo de las competencias clave del alumnado, el intercambio de experiencias educativas, el trabajo en equipo, la creación de redes profesionales, el trabajo por proyectos u otras metodologías activas e innovadoras que propicien, en definitiva, un cambio en conductas ambientales con nuestro entorno y que incida en la práctica educativa diaria.</p>
<p><a href="https://blogsaverroes.juntadeandalucia.es/ceipnavasdetolosa/files/2022/03/260406439_1053066352137534_3185915288848936102_n.jpg"><img loading="lazy" decoding="async" class="wp-image-2504 alignleft" src="https://blogsaverroes.juntadeandalucia.es/ceipnavasdetolosa/files/2022/03/260406439_1053066352137534_3185915288848936102_n-577x1024.jpg" alt="" width="273" height="484" srcset="https://blogsaverroes.juntadeandalucia.es/ceipnavasdetolosa/files/2022/03/260406439_1053066352137534_3185915288848936102_n-577x1024.jpg 577w, https://blogsaverroes.juntadeandalucia.es/ceipnavasdetolosa/files/2022/03/260406439_1053066352137534_3185915288848936102_n-169x300.jpg 169w, https://blogsaverroes.juntadeandalucia.es/ceipnavasdetolosa/files/2022/03/260406439_1053066352137534_3185915288848936102_n-768x1364.jpg 768w, https://blogsaverroes.juntadeandalucia.es/ceipnavasdetolosa/files/2022/03/260406439_1053066352137534_3185915288848936102_n-865x1536.jpg 865w, https://blogsaverroes.juntadeandalucia.es/ceipnavasdetolosa/files/2022/03/260406439_1053066352137534_3185915288848936102_n.jpg 901w" sizes="(max-width: 273px) 100vw, 273px" /></a> <a href="https://blogsaverroes.juntadeandalucia.es/ceipnavasdetolosa/files/2022/03/260480567_1053066455470857_3492184759982806166_n.jpg"><img loading="lazy" decoding="async" class="wp-image-2505 alignright" src="https://blogsaverroes.juntadeandalucia.es/ceipnavasdetolosa/files/2022/03/260480567_1053066455470857_3492184759982806166_n-577x1024.jpg" alt="" width="270" height="479" srcset="https://blogsaverroes.juntadeandalucia.es/ceipnavasdetolosa/files/2022/03/260480567_1053066455470857_3492184759982806166_n-577x1024.jpg 577w, https://blogsaverroes.juntadeandalucia.es/ceipnavasdetolosa/files/2022/03/260480567_1053066455470857_3492184759982806166_n-169x300.jpg 169w, https://blogsaverroes.juntadeandalucia.es/ceipnavasdetolosa/files/2022/03/260480567_1053066455470857_3492184759982806166_n-768x1364.jpg 768w, https://blogsaverroes.juntadeandalucia.es/ceipnavasdetolosa/files/2022/03/260480567_1053066455470857_3492184759982806166_n-865x1536.jpg 865w, https://blogsaverroes.juntadeandalucia.es/ceipnavasdetolosa/files/2022/03/260480567_1053066455470857_3492184759982806166_n.jpg 901w" sizes="(max-width: 270px) 100vw, 270px" /></a></p>
<p>&nbsp;</p>
<p>&nbsp;</p>
<p>&nbsp;</p>
<p>&nbsp;</p>
<p>&nbsp;</p>
<p>&nbsp;</p>
<p>&nbsp;</p>
<p>&nbsp;</p>
<p>&nbsp;</p>
<p>&nbsp;</p>
<p>&nbsp;</p>
<p>&nbsp;</p>
<p>&nbsp;</p>
<p>En estas fotografías se muestra una de nuestras iniciativas para el proyecto, la creación de un ecohuerto, en el que el alumnado sea partícipe de esta iniciativa</p>

<p>En qué consiste La Educación es el motor de transformación social, y la Educación&nbsp;Ambiental para la Sostenibilidad (EAS) nos permite avanzar&nbsp;hacia una transición ecológica justa desde una responsabilidad&nbsp;individual y colectiva, entendida ésta como aquellas&nbsp;acciones&#46;&#46;&#46;</p>
