{"id":3013,"date":"2023-10-09T17:34:35","date_gmt":"2023-10-09T17:34:35","guid":{"rendered":"https:\/\/blogsaverroes.juntadeandalucia.es\/ceipnavasdetolosa\/?page_id=3013"},"modified":"2023-10-09T17:34:35","modified_gmt":"2023-10-09T17:34:35","slug":"ingles","status":"publish","type":"page","link":"https:\/\/blogsaverroes.juntadeandalucia.es\/ceipnavasdetolosa\/ingles\/","title":{"rendered":"Ingl\u00e9s"},"content":{"rendered":"<p>Hola familias:<\/p>\n<p>El alumnado del Centro tiene una web donde puede ver y consultar materiales \u00fatiles de ingl\u00e9s de su curso y de los dem\u00e1s para encontrar inspiraci\u00f3n, buenas pr\u00e1cticas y algunas sorpresillas. Por favor, si quer\u00e9is saber m\u00e1s, no dud\u00e9is y visitad&nbsp;<a title=\"Teacher Ana's Place\" href=\"https:\/\/sites.google.com\/g.educaand.es\/teacher-anas-place\/inicio-y-cursos\" target=\"_blank\" rel=\"noopener noreferrer\">Teacher Ana&#8217;s Place<\/a><\/p>\n<p><a href=\"https:\/\/blogsaverroes.juntadeandalucia.es\/ceipnavasdetolosa\/files\/2023\/10\/Site-english.jpg\"><img loading=\"lazy\" decoding=\"async\" class=\"aligncenter wp-image-3014 size-large\" src=\"https:\/\/blogsaverroes.juntadeandalucia.es\/ceipnavasdetolosa\/files\/2023\/10\/Site-english-1024x457.jpg\" alt=\"\" width=\"832\" height=\"371\" srcset=\"https:\/\/blogsaverroes.juntadeandalucia.es\/ceipnavasdetolosa\/files\/2023\/10\/Site-english-1024x457.jpg 1024w, https:\/\/blogsaverroes.juntadeandalucia.es\/ceipnavasdetolosa\/files\/2023\/10\/Site-english-300x134.jpg 300w, https:\/\/blogsaverroes.juntadeandalucia.es\/ceipnavasdetolosa\/files\/2023\/10\/Site-english-768x343.jpg 768w, https:\/\/blogsaverroes.juntadeandalucia.es\/ceipnavasdetolosa\/files\/2023\/10\/Site-english-1536x685.jpg 1536w, https:\/\/blogsaverroes.juntadeandalucia.es\/ceipnavasdetolosa\/files\/2023\/10\/Site-english.jpg 1600w\" sizes=\"(max-width: 832px) 100vw, 832px\" \/><\/a><\/p>\n","protected":false},"excerpt":{"rendered":"<p>Hola familias: El alumnado del Centro tiene una web donde puede ver y consultar materiales \u00fatiles de ingl\u00e9s de su curso y de los dem\u00e1s para encontrar inspiraci\u00f3n, buenas pr\u00e1cticas y algunas sorpresillas. Por&#46;&#46;&#46;<\/p>\n","protected":false},"author":11671,"featured_media":0,"parent":0,"menu_order":0,"comment_status":"closed","ping_status":"closed","template":"","meta":{"ngg_post_thumbnail":0,"footnotes":"","_mc_calendar":[]},"aioseo_notices":[],"_links":{"self":[{"href":"https:\/\/blogsaverroes.juntadeandalucia.es\/ceipnavasdetolosa\/wp-json\/wp\/v2\/pages\/3013"}],"collection":[{"href":"https:\/\/blogsaverroes.juntadeandalucia.es\/ceipnavasdetolosa\/wp-json\/wp\/v2\/pages"}],"about":[{"href":"https:\/\/blogsaverroes.juntadeandalucia.es\/ceipnavasdetolosa\/wp-json\/wp\/v2\/types\/page"}],"author":[{"embeddable":true,"href":"https:\/\/blogsaverroes.juntadeandalucia.es\/ceipnavasdetolosa\/wp-json\/wp\/v2\/users\/11671"}],"replies":[{"embeddable":true,"href":"https:\/\/blogsaverroes.juntadeandalucia.es\/ceipnavasdetolosa\/wp-json\/wp\/v2\/comments?post=3013"}],"version-history":[{"count":1,"href":"https:\/\/blogsaverroes.juntadeandalucia.es\/ceipnavasdetolosa\/wp-json\/wp\/v2\/pages\/3013\/revisions"}],"predecessor-version":[{"id":3016,"href":"https:\/\/blogsaverroes.juntadeandalucia.es\/ceipnavasdetolosa\/wp-json\/wp\/v2\/pages\/3013\/revisions\/3016"}],"wp:attachment":[{"href":"https:\/\/blogsaverroes.juntadeandalucia.es\/ceipnavasdetolosa\/wp-json\/wp\/v2\/media?parent=3013"}],"curies":[{"name":"wp","href":"https:\/\/api.w.org\/{rel}","templated":true}]}}