{"id":35,"date":"2015-03-13T08:21:43","date_gmt":"2015-03-13T08:21:43","guid":{"rendered":"http:\/\/blogsaverroes.juntadeandalucia.es\/pre\/ceip\/?page_id=35"},"modified":"2022-10-08T16:56:45","modified_gmt":"2022-10-08T16:56:45","slug":"instalaciones","status":"publish","type":"page","link":"https:\/\/blogsaverroes.juntadeandalucia.es\/ceipnavasdetolosa\/instalaciones\/","title":{"rendered":"NUESTRAS INSTALACIONES"},"content":{"rendered":"<h2 class=\"wsite-content-title\" style=\"text-align: center\"><a href=\"https:\/\/blogsaverroes.juntadeandalucia.es\/ceipnavasdetolosa\/files\/2022\/03\/IMG_0701-1.jpg\"><img loading=\"lazy\" decoding=\"async\" class=\"alignnone size-full wp-image-2492\" src=\"https:\/\/blogsaverroes.juntadeandalucia.es\/ceipnavasdetolosa\/files\/2022\/03\/IMG_0701-1.jpg\" alt=\"\" width=\"1600\" height=\"1024\" srcset=\"https:\/\/blogsaverroes.juntadeandalucia.es\/ceipnavasdetolosa\/files\/2022\/03\/IMG_0701-1.jpg 1600w, https:\/\/blogsaverroes.juntadeandalucia.es\/ceipnavasdetolosa\/files\/2022\/03\/IMG_0701-1-300x192.jpg 300w, https:\/\/blogsaverroes.juntadeandalucia.es\/ceipnavasdetolosa\/files\/2022\/03\/IMG_0701-1-1024x656.jpg 1024w, https:\/\/blogsaverroes.juntadeandalucia.es\/ceipnavasdetolosa\/files\/2022\/03\/IMG_0701-1-768x492.jpg 768w, https:\/\/blogsaverroes.juntadeandalucia.es\/ceipnavasdetolosa\/files\/2022\/03\/IMG_0701-1-1536x983.jpg 1536w, https:\/\/blogsaverroes.juntadeandalucia.es\/ceipnavasdetolosa\/files\/2022\/03\/IMG_0701-1-280x180.jpg 280w\" sizes=\"(max-width: 1600px) 100vw, 1600px\" \/><\/a><\/h2>\n<h2 class=\"wsite-content-title\" style=\"text-align: center\"><span style=\"color: #800000\">DATE UNA VUELTA POR NUESTRO CENTRO<\/span><\/h2>\n<div class=\"paragraph\">Nuestro centro, ubicado en plena naturaleza, fue reformado al comienzo del curso 2019-2020. Se trata de un edificio de una sola planta cuyos bajos se han habilitado como gimnasio\/sal\u00f3n de actos. El centro dispone de las siguientes dependencias:<br \/>\n<u><\/u><\/div>\n<div>&nbsp;<\/div>\n<div class=\"paragraph\">\n<p><strong><u>Interior:<\/u><\/strong><\/p>\n<ul>\n<li>Aula de Primer Ciclo<\/li>\n<li>Despacho de Direcci\u00f3n<\/li>\n<li>Aula de Pedagog\u00eda Terap\u00e9utica<\/li>\n<li>Sala de Profesores<\/li>\n<li>Aseo&nbsp;de ni\u00f1os<\/li>\n<li>Aseo de ni\u00f1as<\/li>\n<li>Aula de Educaci\u00f3n Infantil<\/li>\n<li>Aula de Segundo Ciclo<\/li>\n<li>Aula Espec\u00edfica<\/li>\n<li>Ba\u00f1o completo Aula Espec\u00edfica<\/li>\n<li>Biblioteca&nbsp;<\/li>\n<li>Aula de Quinto&nbsp;<\/li>\n<li>Aula de Sexto<\/li>\n<\/ul>\n<p><u><strong>Exterior:<\/strong><\/u><\/p>\n<ul>\n<li>Patio de arena a la entrada<\/li>\n<li>Huerto<\/li>\n<li>Pistas deportivas con vestuarios y almac\u00e9n de material<\/li>\n<\/ul>\n<p><strong><u>Planta Baja<\/u><\/strong><\/p>\n<ul>\n<li>Gimnasio \/ sal\u00f3n de actos<\/li>\n<\/ul>\n<\/div>\n<h2 class=\"wsite-content-title\" style=\"text-align: center\">EQUIPAMIENTO&nbsp;<\/h2>\n<div class=\"paragraph\">\n<ul>\n<li>Disponemos de conexi\u00f3n WiFi de fibra \u00f3ptica, con puntos de acceso a internet en todas las aulas.&nbsp;<\/li>\n<li>Todas las aulas disponen de un equipo inform\u00e1tico completo, en perfecto estado de funcionamiento con conexi\u00f3n a internet.&nbsp;<\/li>\n<li>La biblioteca dispone de un equipo inform\u00e1tico completo para que toda la comunidad educativa pueda conectarse incluso en horario de tarde. Adem\u00e1s, en dicha dependencia, disponemos de un segundo equipo utilizado para el sistema de prestamos a trav\u00e9s ABIES y Biblioweb.&nbsp;<\/li>\n<li>Cada aula dispone de un proyector, televisi\u00f3n o pizarra digital para el uso por parte de nuestro alumnado.&nbsp;<\/li>\n<li>El centro, adem\u00e1s, dispone de ordenadores port\u00e1tiles para el desarrollo de las sesiones y pr\u00e9stamo en caso de que as\u00ed resulte necesario.&nbsp;<\/li>\n<\/ul>\n<p>Si quieres saber como distribuimos los gastos, hecha un vistazo a nuestro Proyecto de Gesti\u00f3n. Resumiendo mucho el citado documento, nuestras prioridades en la adquisici\u00f3n de recursos, son las siguientes:&nbsp;<\/p>\n<\/div>\n<div class=\"paragraph\">1-. Equipamiento TIC<br \/>\n2-. Material para alumnado con Necesidades Educativas Especiales<br \/>\n3-. Material de lectura<br \/>\n4-. Instrumentos Musicales y Material Deportivo<\/div>\n<p>&nbsp;<\/p>\n","protected":false},"excerpt":{"rendered":"<p>DATE UNA VUELTA POR NUESTRO CENTRO Nuestro centro, ubicado en plena naturaleza, fue reformado al comienzo del curso 2019-2020. Se trata de un edificio de una sola planta cuyos bajos se han habilitado como&#46;&#46;&#46;<\/p>\n","protected":false},"author":1,"featured_media":2492,"parent":0,"menu_order":0,"comment_status":"closed","ping_status":"open","template":"","meta":{"ngg_post_thumbnail":0,"footnotes":"","_mc_calendar":[]},"aioseo_notices":[],"_links":{"self":[{"href":"https:\/\/blogsaverroes.juntadeandalucia.es\/ceipnavasdetolosa\/wp-json\/wp\/v2\/pages\/35"}],"collection":[{"href":"https:\/\/blogsaverroes.juntadeandalucia.es\/ceipnavasdetolosa\/wp-json\/wp\/v2\/pages"}],"about":[{"href":"https:\/\/blogsaverroes.juntadeandalucia.es\/ceipnavasdetolosa\/wp-json\/wp\/v2\/types\/page"}],"author":[{"embeddable":true,"href":"https:\/\/blogsaverroes.juntadeandalucia.es\/ceipnavasdetolosa\/wp-json\/wp\/v2\/users\/1"}],"replies":[{"embeddable":true,"href":"https:\/\/blogsaverroes.juntadeandalucia.es\/ceipnavasdetolosa\/wp-json\/wp\/v2\/comments?post=35"}],"version-history":[{"count":28,"href":"https:\/\/blogsaverroes.juntadeandalucia.es\/ceipnavasdetolosa\/wp-json\/wp\/v2\/pages\/35\/revisions"}],"predecessor-version":[{"id":2739,"href":"https:\/\/blogsaverroes.juntadeandalucia.es\/ceipnavasdetolosa\/wp-json\/wp\/v2\/pages\/35\/revisions\/2739"}],"wp:featuredmedia":[{"embeddable":true,"href":"https:\/\/blogsaverroes.juntadeandalucia.es\/ceipnavasdetolosa\/wp-json\/wp\/v2\/media\/2492"}],"wp:attachment":[{"href":"https:\/\/blogsaverroes.juntadeandalucia.es\/ceipnavasdetolosa\/wp-json\/wp\/v2\/media?parent=35"}],"curies":[{"name":"wp","href":"https:\/\/api.w.org\/{rel}","templated":true}]}}

<h2 class="wsite-content-title" style="text-align: center"><a href="https://blogsaverroes.juntadeandalucia.es/ceipnavasdetolosa/files/2022/03/IMG_0701-1.jpg"><img loading="lazy" decoding="async" class="alignnone size-full wp-image-2492" src="https://blogsaverroes.juntadeandalucia.es/ceipnavasdetolosa/files/2022/03/IMG_0701-1.jpg" alt="" width="1600" height="1024" srcset="https://blogsaverroes.juntadeandalucia.es/ceipnavasdetolosa/files/2022/03/IMG_0701-1.jpg 1600w, https://blogsaverroes.juntadeandalucia.es/ceipnavasdetolosa/files/2022/03/IMG_0701-1-300x192.jpg 300w, https://blogsaverroes.juntadeandalucia.es/ceipnavasdetolosa/files/2022/03/IMG_0701-1-1024x656.jpg 1024w, https://blogsaverroes.juntadeandalucia.es/ceipnavasdetolosa/files/2022/03/IMG_0701-1-768x492.jpg 768w, https://blogsaverroes.juntadeandalucia.es/ceipnavasdetolosa/files/2022/03/IMG_0701-1-1536x983.jpg 1536w, https://blogsaverroes.juntadeandalucia.es/ceipnavasdetolosa/files/2022/03/IMG_0701-1-280x180.jpg 280w" sizes="(max-width: 1600px) 100vw, 1600px" /></a></h2>
<h2 class="wsite-content-title" style="text-align: center"><span style="color: #800000">DATE UNA VUELTA POR NUESTRO CENTRO</span></h2>
<div class="paragraph">Nuestro centro, ubicado en plena naturaleza, fue reformado al comienzo del curso 2019-2020. Se trata de un edificio de una sola planta cuyos bajos se han habilitado como gimnasio/salón de actos. El centro dispone de las siguientes dependencias:<br />
<u></u></div>
<div>&nbsp;</div>
<div class="paragraph">
<p><strong><u>Interior:</u></strong></p>
<ul>
<li>Aula de Primer Ciclo</li>
<li>Despacho de Dirección</li>
<li>Aula de Pedagogía Terapéutica</li>
<li>Sala de Profesores</li>
<li>Aseo&nbsp;de niños</li>
<li>Aseo de niñas</li>
<li>Aula de Educación Infantil</li>
<li>Aula de Segundo Ciclo</li>
<li>Aula Específica</li>
<li>Baño completo Aula Específica</li>
<li>Biblioteca&nbsp;</li>
<li>Aula de Quinto&nbsp;</li>
<li>Aula de Sexto</li>
</ul>
<p><u><strong>Exterior:</strong></u></p>
<ul>
<li>Patio de arena a la entrada</li>
<li>Huerto</li>
<li>Pistas deportivas con vestuarios y almacén de material</li>
</ul>
<p><strong><u>Planta Baja</u></strong></p>
<ul>
<li>Gimnasio / salón de actos</li>
</ul>
</div>
<h2 class="wsite-content-title" style="text-align: center">EQUIPAMIENTO&nbsp;</h2>
<div class="paragraph">
<ul>
<li>Disponemos de conexión WiFi de fibra óptica, con puntos de acceso a internet en todas las aulas.&nbsp;</li>
<li>Todas las aulas disponen de un equipo informático completo, en perfecto estado de funcionamiento con conexión a internet.&nbsp;</li>
<li>La biblioteca dispone de un equipo informático completo para que toda la comunidad educativa pueda conectarse incluso en horario de tarde. Además, en dicha dependencia, disponemos de un segundo equipo utilizado para el sistema de prestamos a través ABIES y Biblioweb.&nbsp;</li>
<li>Cada aula dispone de un proyector, televisión o pizarra digital para el uso por parte de nuestro alumnado.&nbsp;</li>
<li>El centro, además, dispone de ordenadores portátiles para el desarrollo de las sesiones y préstamo en caso de que así resulte necesario.&nbsp;</li>
</ul>
<p>Si quieres saber como distribuimos los gastos, hecha un vistazo a nuestro Proyecto de Gestión. Resumiendo mucho el citado documento, nuestras prioridades en la adquisición de recursos, son las siguientes:&nbsp;</p>
</div>
<div class="paragraph">1-. Equipamiento TIC<br />
2-. Material para alumnado con Necesidades Educativas Especiales<br />
3-. Material de lectura<br />
4-. Instrumentos Musicales y Material Deportivo</div>
<p>&nbsp;</p>
