{"id":44,"date":"2015-03-13T08:42:15","date_gmt":"2015-03-13T08:42:15","guid":{"rendered":"http:\/\/blogsaverroes.juntadeandalucia.es\/pre\/ceip\/?page_id=44"},"modified":"2023-12-27T21:44:39","modified_gmt":"2023-12-27T21:44:39","slug":"calendario-2","status":"publish","type":"page","link":"https:\/\/blogsaverroes.juntadeandalucia.es\/ceipnavasdetolosa\/calendario-2\/","title":{"rendered":"CALENDARIO ESCOLAR"},"content":{"rendered":"<p>El calendario escolar para el curso escolar 2023\/2024 adem\u00e1s incluye como d\u00edas festivos para la poblaci\u00f3n de las Navas de Tolosa:<\/p>\n<ul>\n<li>24 de noviembre: San Juan de la Cruz<\/li>\n<li>1 de marzo: d\u00eda de libre ubicaci\u00f3n<\/li>\n<li>10 de mayo: festivo local<\/li>\n<\/ul>\n<p>El calendario para ir a la piscina tambi\u00e9n lo pod\u00e9is consultar:<\/p>\n<p><a href=\"https:\/\/blogsaverroes.juntadeandalucia.es\/ceipnavasdetolosa\/files\/2023\/12\/CALENDARIO-PISCINA-CUBIERTA-PARA-NAVAS-DE-TOLOSA-23-24.pdf\">CALENDARIO PISCINA CUBIERTA PARA NAVAS DE TOLOSA 23-24<\/a><\/p>\n<p><a href=\"https:\/\/blogsaverroes.juntadeandalucia.es\/ceipnavasdetolosa\/files\/2023\/09\/calendario-2023-2024.pdf\" target=\"_blank\" rel=\"noopener noreferrer\">Calendario 2023-2024<\/a><\/p>\n<p><a href=\"https:\/\/blogsaverroes.juntadeandalucia.es\/ceipnavasdetolosa\/files\/2023\/09\/Calendario-2023-2024.jpg\"><img loading=\"lazy\" decoding=\"async\" class=\"alignleft size-full wp-image-2960\" src=\"https:\/\/blogsaverroes.juntadeandalucia.es\/ceipnavasdetolosa\/files\/2023\/09\/Calendario-2023-2024.jpg\" alt=\"\" width=\"676\" height=\"1041\" srcset=\"https:\/\/blogsaverroes.juntadeandalucia.es\/ceipnavasdetolosa\/files\/2023\/09\/Calendario-2023-2024.jpg 676w, https:\/\/blogsaverroes.juntadeandalucia.es\/ceipnavasdetolosa\/files\/2023\/09\/Calendario-2023-2024-195x300.jpg 195w, https:\/\/blogsaverroes.juntadeandalucia.es\/ceipnavasdetolosa\/files\/2023\/09\/Calendario-2023-2024-665x1024.jpg 665w\" sizes=\"(max-width: 676px) 100vw, 676px\" \/><\/a><\/p>\n<p>&nbsp;<\/p>\n","protected":false},"excerpt":{"rendered":"<p>El calendario escolar para el curso escolar 2023\/2024 adem\u00e1s incluye como d\u00edas festivos para la poblaci\u00f3n de las Navas de Tolosa: 24 de noviembre: San Juan de la Cruz 1 de marzo: d\u00eda de&#46;&#46;&#46;<\/p>\n","protected":false},"author":1,"featured_media":0,"parent":0,"menu_order":0,"comment_status":"closed","ping_status":"closed","template":"","meta":{"ngg_post_thumbnail":0,"footnotes":"","_mc_calendar":[]},"aioseo_notices":[],"_links":{"self":[{"href":"https:\/\/blogsaverroes.juntadeandalucia.es\/ceipnavasdetolosa\/wp-json\/wp\/v2\/pages\/44"}],"collection":[{"href":"https:\/\/blogsaverroes.juntadeandalucia.es\/ceipnavasdetolosa\/wp-json\/wp\/v2\/pages"}],"about":[{"href":"https:\/\/blogsaverroes.juntadeandalucia.es\/ceipnavasdetolosa\/wp-json\/wp\/v2\/types\/page"}],"author":[{"embeddable":true,"href":"https:\/\/blogsaverroes.juntadeandalucia.es\/ceipnavasdetolosa\/wp-json\/wp\/v2\/users\/1"}],"replies":[{"embeddable":true,"href":"https:\/\/blogsaverroes.juntadeandalucia.es\/ceipnavasdetolosa\/wp-json\/wp\/v2\/comments?post=44"}],"version-history":[{"count":13,"href":"https:\/\/blogsaverroes.juntadeandalucia.es\/ceipnavasdetolosa\/wp-json\/wp\/v2\/pages\/44\/revisions"}],"predecessor-version":[{"id":3088,"href":"https:\/\/blogsaverroes.juntadeandalucia.es\/ceipnavasdetolosa\/wp-json\/wp\/v2\/pages\/44\/revisions\/3088"}],"wp:attachment":[{"href":"https:\/\/blogsaverroes.juntadeandalucia.es\/ceipnavasdetolosa\/wp-json\/wp\/v2\/media?parent=44"}],"curies":[{"name":"wp","href":"https:\/\/api.w.org\/{rel}","templated":true}]}}

<p>El calendario escolar para el curso escolar 2023/2024 además incluye como días festivos para la población de las Navas de Tolosa:</p>
<ul>
<li>24 de noviembre: San Juan de la Cruz</li>
<li>1 de marzo: día de libre ubicación</li>
<li>10 de mayo: festivo local</li>
</ul>
<p>El calendario para ir a la piscina también lo podéis consultar:</p>
<p><a href="https://blogsaverroes.juntadeandalucia.es/ceipnavasdetolosa/files/2023/12/CALENDARIO-PISCINA-CUBIERTA-PARA-NAVAS-DE-TOLOSA-23-24.pdf">CALENDARIO PISCINA CUBIERTA PARA NAVAS DE TOLOSA 23-24</a></p>
<p><a href="https://blogsaverroes.juntadeandalucia.es/ceipnavasdetolosa/files/2023/09/calendario-2023-2024.pdf" target="_blank" rel="noopener noreferrer">Calendario 2023-2024</a></p>
<p><a href="https://blogsaverroes.juntadeandalucia.es/ceipnavasdetolosa/files/2023/09/Calendario-2023-2024.jpg"><img loading="lazy" decoding="async" class="alignleft size-full wp-image-2960" src="https://blogsaverroes.juntadeandalucia.es/ceipnavasdetolosa/files/2023/09/Calendario-2023-2024.jpg" alt="" width="676" height="1041" srcset="https://blogsaverroes.juntadeandalucia.es/ceipnavasdetolosa/files/2023/09/Calendario-2023-2024.jpg 676w, https://blogsaverroes.juntadeandalucia.es/ceipnavasdetolosa/files/2023/09/Calendario-2023-2024-195x300.jpg 195w, https://blogsaverroes.juntadeandalucia.es/ceipnavasdetolosa/files/2023/09/Calendario-2023-2024-665x1024.jpg 665w" sizes="(max-width: 676px) 100vw, 676px" /></a></p>
<p>&nbsp;</p>

<p>El calendario escolar para el curso escolar 2023/2024 además incluye como días festivos para la población de las Navas de Tolosa: 24 de noviembre: San Juan de la Cruz 1 de marzo: día de&#46;&#46;&#46;</p>
