{"id":77,"date":"2015-03-16T06:54:56","date_gmt":"2015-03-16T06:54:56","guid":{"rendered":"http:\/\/blogsaverroes.juntadeandalucia.es\/pre\/ceip\/?page_id=77"},"modified":"2024-11-05T11:25:32","modified_gmt":"2024-11-05T11:25:32","slug":"secretaria","status":"publish","type":"page","link":"https:\/\/blogsaverroes.juntadeandalucia.es\/ceipnelsonmandela\/secretaria\/","title":{"rendered":"Secretar\u00eda"},"content":{"rendered":"<p>HORARIOS DE ATENCI\u00d3N EN SECRETAR\u00cdA:<\/p>\n<ul>\n<li>SECRETARIA: LUNES A MI\u00c9RCOLES DE 12:00 A 13:00. JUEVES&nbsp; DE 10:00 A 11:00 Y VIERNES DE 09:00 A 10:00.<\/li>\n<li>ADMINISTRATIVO: LUNES, MI\u00c9RCOLES&nbsp; Y JUEVES DE 9:00 A 10:30 Y DE 12:00 A 14:00.<\/li>\n<\/ul>\n<h3>Im\u00e1genes Relacionadas:<\/h3>","protected":false},"excerpt":{"rendered":"<p>HORARIOS DE ATENCI\u00d3N EN SECRETAR\u00cdA: SECRETARIA: LUNES A MI\u00c9RCOLES DE 12:00 A 13:00. JUEVES&nbsp; DE 10:00 A 11:00 Y VIERNES DE 09:00 A 10:00. ADMINISTRATIVO: LUNES, MI\u00c9RCOLES&nbsp; Y JUEVES DE 9:00 A 10:30 Y DE 12:00 A 14:00. Im\u00e1genes Relacionadas:<\/p>\n","protected":false},"author":1,"featured_media":0,"parent":0,"menu_order":0,"comment_status":"open","ping_status":"open","template":"page-templates\/child-menu.php","meta":{"ngg_post_thumbnail":0,"footnotes":"","_mc_calendar":[]},"aioseo_notices":[],"_links":{"self":[{"href":"https:\/\/blogsaverroes.juntadeandalucia.es\/ceipnelsonmandela\/wp-json\/wp\/v2\/pages\/77"}],"collection":[{"href":"https:\/\/blogsaverroes.juntadeandalucia.es\/ceipnelsonmandela\/wp-json\/wp\/v2\/pages"}],"about":[{"href":"https:\/\/blogsaverroes.juntadeandalucia.es\/ceipnelsonmandela\/wp-json\/wp\/v2\/types\/page"}],"author":[{"embeddable":true,"href":"https:\/\/blogsaverroes.juntadeandalucia.es\/ceipnelsonmandela\/wp-json\/wp\/v2\/users\/1"}],"replies":[{"embeddable":true,"href":"https:\/\/blogsaverroes.juntadeandalucia.es\/ceipnelsonmandela\/wp-json\/wp\/v2\/comments?post=77"}],"version-history":[{"count":16,"href":"https:\/\/blogsaverroes.juntadeandalucia.es\/ceipnelsonmandela\/wp-json\/wp\/v2\/pages\/77\/revisions"}],"predecessor-version":[{"id":6313,"href":"https:\/\/blogsaverroes.juntadeandalucia.es\/ceipnelsonmandela\/wp-json\/wp\/v2\/pages\/77\/revisions\/6313"}],"wp:attachment":[{"href":"https:\/\/blogsaverroes.juntadeandalucia.es\/ceipnelsonmandela\/wp-json\/wp\/v2\/media?parent=77"}],"curies":[{"name":"wp","href":"https:\/\/api.w.org\/{rel}","templated":true}]}}