{"id":3142,"date":"2020-02-22T14:19:15","date_gmt":"2020-02-22T12:19:15","guid":{"rendered":"https:\/\/blogsaverroes.juntadeandalucia.es\/ceipnorena\/?page_id=3142"},"modified":"2021-01-31T01:40:59","modified_gmt":"2021-01-30T23:40:59","slug":"manuales-y-guias","status":"publish","type":"page","link":"https:\/\/blogsaverroes.juntadeandalucia.es\/ceipnorena\/manuales-y-guias\/","title":{"rendered":"Manuales y Gu\u00edas"},"content":{"rendered":"<p>Manuales y gu\u00edas sobre NEAE de la Junta de Andaluc\u00eda.<\/p>\n<p><a href=\"https:\/\/blogsaverroes.juntadeandalucia.es\/ceipnorena\/files\/2020\/02\/Captura-de-pantalla-2020-02-22-a-las-13.05.05-e1582373604232.png\">&nbsp;<\/a><\/p>\n<table class=\" aligncenter\" style=\"height: 36px\" width=\"627\" cellspacing=\"10\">\n<tbody>\n<tr>\n<td style=\"width: 140.25px\"><a href=\"http:\/\/www.juntadeandalucia.es\/educacion\/portals\/delegate\/content\/43c49db8-c1fd-4e73-b680-6633bf2ce53c\"><img fetchpriority=\"high\" decoding=\"async\" class=\"alignleft size-large wp-image-3143\" src=\"https:\/\/blogsaverroes.juntadeandalucia.es\/ceipnorena\/files\/2020\/02\/Captura-de-pantalla-2020-02-22-a-las-13.05.05-1024x1009.png\" alt=\"\" width=\"1024\" height=\"1009\"><\/a><\/td>\n<td style=\"width: 140.25px\"><a href=\"http:\/\/www.juntadeandalucia.es\/educacion\/portals\/delegate\/content\/a6a996ac-746d-47eb-8665-bde83211d80f\"><img decoding=\"async\" class=\"alignleft size-large wp-image-3145\" src=\"https:\/\/blogsaverroes.juntadeandalucia.es\/ceipnorena\/files\/2020\/02\/Captura-de-pantalla-2020-02-22-a-las-13.09.34-1024x969.png\" alt=\"\" width=\"1024\" height=\"969\"><\/a><\/td>\n<td style=\"width: 140.25px\"><a href=\"http:\/\/www.juntadeandalucia.es\/educacion\/portals\/delegate\/content\/fbc04a79-c718-4537-8b63-05b138f6098b\"><img decoding=\"async\" class=\"alignleft size-large wp-image-3146\" src=\"https:\/\/blogsaverroes.juntadeandalucia.es\/ceipnorena\/files\/2020\/02\/Captura-de-pantalla-2020-02-22-a-las-13.16.07-1019x1024.png\" alt=\"\" width=\"1019\" height=\"1024\" srcset=\"https:\/\/blogsaverroes.juntadeandalucia.es\/ceipnorena\/files\/2020\/02\/Captura-de-pantalla-2020-02-22-a-las-13.16.07-1019x1024.png 1019w, https:\/\/blogsaverroes.juntadeandalucia.es\/ceipnorena\/files\/2020\/02\/Captura-de-pantalla-2020-02-22-a-las-13.16.07-150x150.png 150w, https:\/\/blogsaverroes.juntadeandalucia.es\/ceipnorena\/files\/2020\/02\/Captura-de-pantalla-2020-02-22-a-las-13.16.07-300x300.png 300w, https:\/\/blogsaverroes.juntadeandalucia.es\/ceipnorena\/files\/2020\/02\/Captura-de-pantalla-2020-02-22-a-las-13.16.07-768x772.png 768w, https:\/\/blogsaverroes.juntadeandalucia.es\/ceipnorena\/files\/2020\/02\/Captura-de-pantalla-2020-02-22-a-las-13.16.07-100x100.png 100w, https:\/\/blogsaverroes.juntadeandalucia.es\/ceipnorena\/files\/2020\/02\/Captura-de-pantalla-2020-02-22-a-las-13.16.07-160x160.png 160w, https:\/\/blogsaverroes.juntadeandalucia.es\/ceipnorena\/files\/2020\/02\/Captura-de-pantalla-2020-02-22-a-las-13.16.07-24x24.png 24w, https:\/\/blogsaverroes.juntadeandalucia.es\/ceipnorena\/files\/2020\/02\/Captura-de-pantalla-2020-02-22-a-las-13.16.07-36x36.png 36w, https:\/\/blogsaverroes.juntadeandalucia.es\/ceipnorena\/files\/2020\/02\/Captura-de-pantalla-2020-02-22-a-las-13.16.07-48x48.png 48w, https:\/\/blogsaverroes.juntadeandalucia.es\/ceipnorena\/files\/2020\/02\/Captura-de-pantalla-2020-02-22-a-las-13.16.07.png 1244w\" sizes=\"(max-width: 1019px) 100vw, 1019px\" \/><\/a><\/td>\n<td style=\"width: 140.25px\"><a href=\"http:\/\/www.juntadeandalucia.es\/educacion\/portals\/delegate\/content\/2ac1a9b1-85cc-417f-ab3a-645c346655e3\"><img loading=\"lazy\" decoding=\"async\" class=\"alignleft size-large wp-image-3151\" src=\"https:\/\/blogsaverroes.juntadeandalucia.es\/ceipnorena\/files\/2020\/02\/manual-neae_04-1024x1024.jpg\" alt=\"\" width=\"1024\" height=\"1024\" srcset=\"https:\/\/blogsaverroes.juntadeandalucia.es\/ceipnorena\/files\/2020\/02\/manual-neae_04-1024x1024.jpg 1024w, https:\/\/blogsaverroes.juntadeandalucia.es\/ceipnorena\/files\/2020\/02\/manual-neae_04-150x150.jpg 150w, https:\/\/blogsaverroes.juntadeandalucia.es\/ceipnorena\/files\/2020\/02\/manual-neae_04-300x300.jpg 300w, https:\/\/blogsaverroes.juntadeandalucia.es\/ceipnorena\/files\/2020\/02\/manual-neae_04-768x768.jpg 768w, https:\/\/blogsaverroes.juntadeandalucia.es\/ceipnorena\/files\/2020\/02\/manual-neae_04-100x100.jpg 100w, https:\/\/blogsaverroes.juntadeandalucia.es\/ceipnorena\/files\/2020\/02\/manual-neae_04-160x160.jpg 160w, https:\/\/blogsaverroes.juntadeandalucia.es\/ceipnorena\/files\/2020\/02\/manual-neae_04-320x320.jpg 320w, https:\/\/blogsaverroes.juntadeandalucia.es\/ceipnorena\/files\/2020\/02\/manual-neae_04-24x24.jpg 24w, https:\/\/blogsaverroes.juntadeandalucia.es\/ceipnorena\/files\/2020\/02\/manual-neae_04-36x36.jpg 36w, https:\/\/blogsaverroes.juntadeandalucia.es\/ceipnorena\/files\/2020\/02\/manual-neae_04-48x48.jpg 48w, https:\/\/blogsaverroes.juntadeandalucia.es\/ceipnorena\/files\/2020\/02\/manual-neae_04.jpg 1299w\" sizes=\"(max-width: 1024px) 100vw, 1024px\" \/><\/a><\/td>\n<\/tr>\n<tr>\n<td style=\"width: 140.25px\"><a href=\"http:\/\/www.juntadeandalucia.es\/educacion\/portals\/delegate\/content\/9a08898a-4036-44d4-ac36-ce64fef0c8f6\"><img loading=\"lazy\" decoding=\"async\" class=\"alignleft size-large wp-image-3158\" src=\"https:\/\/blogsaverroes.juntadeandalucia.es\/ceipnorena\/files\/2020\/02\/manual-neae_05-1024x1024.jpg\" alt=\"TRASTORNOS DEL DESARROLLO\" width=\"1024\" height=\"1024\" srcset=\"https:\/\/blogsaverroes.juntadeandalucia.es\/ceipnorena\/files\/2020\/02\/manual-neae_05-1024x1024.jpg 1024w, https:\/\/blogsaverroes.juntadeandalucia.es\/ceipnorena\/files\/2020\/02\/manual-neae_05-150x150.jpg 150w, https:\/\/blogsaverroes.juntadeandalucia.es\/ceipnorena\/files\/2020\/02\/manual-neae_05-300x300.jpg 300w, https:\/\/blogsaverroes.juntadeandalucia.es\/ceipnorena\/files\/2020\/02\/manual-neae_05-768x768.jpg 768w, https:\/\/blogsaverroes.juntadeandalucia.es\/ceipnorena\/files\/2020\/02\/manual-neae_05-100x100.jpg 100w, https:\/\/blogsaverroes.juntadeandalucia.es\/ceipnorena\/files\/2020\/02\/manual-neae_05-160x160.jpg 160w, https:\/\/blogsaverroes.juntadeandalucia.es\/ceipnorena\/files\/2020\/02\/manual-neae_05-320x320.jpg 320w, https:\/\/blogsaverroes.juntadeandalucia.es\/ceipnorena\/files\/2020\/02\/manual-neae_05-24x24.jpg 24w, https:\/\/blogsaverroes.juntadeandalucia.es\/ceipnorena\/files\/2020\/02\/manual-neae_05-36x36.jpg 36w, https:\/\/blogsaverroes.juntadeandalucia.es\/ceipnorena\/files\/2020\/02\/manual-neae_05-48x48.jpg 48w, https:\/\/blogsaverroes.juntadeandalucia.es\/ceipnorena\/files\/2020\/02\/manual-neae_05.jpg 1299w\" sizes=\"(max-width: 1024px) 100vw, 1024px\" \/><\/a><\/td>\n<td style=\"width: 140.25px\"><a href=\"http:\/\/www.juntadeandalucia.es\/educacion\/portals\/delegate\/content\/6f73a9ea-644b-41cf-b909-6e5601d74832\"><img loading=\"lazy\" decoding=\"async\" class=\"alignleft size-large wp-image-3159\" src=\"https:\/\/blogsaverroes.juntadeandalucia.es\/ceipnorena\/files\/2020\/02\/manual-neae_06-1024x1022.jpg\" alt=\"\" width=\"1024\" height=\"1022\" srcset=\"https:\/\/blogsaverroes.juntadeandalucia.es\/ceipnorena\/files\/2020\/02\/manual-neae_06-1024x1022.jpg 1024w, https:\/\/blogsaverroes.juntadeandalucia.es\/ceipnorena\/files\/2020\/02\/manual-neae_06-150x150.jpg 150w, https:\/\/blogsaverroes.juntadeandalucia.es\/ceipnorena\/files\/2020\/02\/manual-neae_06-300x300.jpg 300w, https:\/\/blogsaverroes.juntadeandalucia.es\/ceipnorena\/files\/2020\/02\/manual-neae_06-768x766.jpg 768w, https:\/\/blogsaverroes.juntadeandalucia.es\/ceipnorena\/files\/2020\/02\/manual-neae_06-100x100.jpg 100w, https:\/\/blogsaverroes.juntadeandalucia.es\/ceipnorena\/files\/2020\/02\/manual-neae_06-160x160.jpg 160w, https:\/\/blogsaverroes.juntadeandalucia.es\/ceipnorena\/files\/2020\/02\/manual-neae_06-320x320.jpg 320w, https:\/\/blogsaverroes.juntadeandalucia.es\/ceipnorena\/files\/2020\/02\/manual-neae_06-24x24.jpg 24w, https:\/\/blogsaverroes.juntadeandalucia.es\/ceipnorena\/files\/2020\/02\/manual-neae_06-36x36.jpg 36w, https:\/\/blogsaverroes.juntadeandalucia.es\/ceipnorena\/files\/2020\/02\/manual-neae_06-48x48.jpg 48w, https:\/\/blogsaverroes.juntadeandalucia.es\/ceipnorena\/files\/2020\/02\/manual-neae_06.jpg 1290w\" sizes=\"(max-width: 1024px) 100vw, 1024px\" \/><\/a><\/td>\n<td style=\"width: 140.25px\"><a href=\"http:\/\/www.juntadeandalucia.es\/educacion\/portals\/delegate\/content\/aca52fcb-f247-4c4b-88b6-690486023ca3\"><img loading=\"lazy\" decoding=\"async\" class=\"alignleft size-large wp-image-3160\" src=\"https:\/\/blogsaverroes.juntadeandalucia.es\/ceipnorena\/files\/2020\/02\/manual-neae_07-1024x1024.jpg\" alt=\"\" width=\"1024\" height=\"1024\" srcset=\"https:\/\/blogsaverroes.juntadeandalucia.es\/ceipnorena\/files\/2020\/02\/manual-neae_07-1024x1024.jpg 1024w, https:\/\/blogsaverroes.juntadeandalucia.es\/ceipnorena\/files\/2020\/02\/manual-neae_07-150x150.jpg 150w, https:\/\/blogsaverroes.juntadeandalucia.es\/ceipnorena\/files\/2020\/02\/manual-neae_07-300x300.jpg 300w, https:\/\/blogsaverroes.juntadeandalucia.es\/ceipnorena\/files\/2020\/02\/manual-neae_07-768x768.jpg 768w, https:\/\/blogsaverroes.juntadeandalucia.es\/ceipnorena\/files\/2020\/02\/manual-neae_07-100x100.jpg 100w, https:\/\/blogsaverroes.juntadeandalucia.es\/ceipnorena\/files\/2020\/02\/manual-neae_07-160x160.jpg 160w, https:\/\/blogsaverroes.juntadeandalucia.es\/ceipnorena\/files\/2020\/02\/manual-neae_07-320x320.jpg 320w, https:\/\/blogsaverroes.juntadeandalucia.es\/ceipnorena\/files\/2020\/02\/manual-neae_07-24x24.jpg 24w, https:\/\/blogsaverroes.juntadeandalucia.es\/ceipnorena\/files\/2020\/02\/manual-neae_07-36x36.jpg 36w, https:\/\/blogsaverroes.juntadeandalucia.es\/ceipnorena\/files\/2020\/02\/manual-neae_07-48x48.jpg 48w, https:\/\/blogsaverroes.juntadeandalucia.es\/ceipnorena\/files\/2020\/02\/manual-neae_07.jpg 1299w\" sizes=\"(max-width: 1024px) 100vw, 1024px\" \/><\/a><\/td>\n<td style=\"width: 140.25px\"><a href=\"http:\/\/www.juntadeandalucia.es\/educacion\/portals\/delegate\/content\/71b9f72e-f492-4703-a3d7-4e09aa19691e\"><img loading=\"lazy\" decoding=\"async\" class=\"alignleft size-large wp-image-3161\" src=\"https:\/\/blogsaverroes.juntadeandalucia.es\/ceipnorena\/files\/2020\/02\/manual-neae_08-1024x1024.jpg\" alt=\"\" width=\"1024\" height=\"1024\" srcset=\"https:\/\/blogsaverroes.juntadeandalucia.es\/ceipnorena\/files\/2020\/02\/manual-neae_08-1024x1024.jpg 1024w, https:\/\/blogsaverroes.juntadeandalucia.es\/ceipnorena\/files\/2020\/02\/manual-neae_08-150x150.jpg 150w, https:\/\/blogsaverroes.juntadeandalucia.es\/ceipnorena\/files\/2020\/02\/manual-neae_08-300x300.jpg 300w, https:\/\/blogsaverroes.juntadeandalucia.es\/ceipnorena\/files\/2020\/02\/manual-neae_08-768x768.jpg 768w, https:\/\/blogsaverroes.juntadeandalucia.es\/ceipnorena\/files\/2020\/02\/manual-neae_08-100x100.jpg 100w, https:\/\/blogsaverroes.juntadeandalucia.es\/ceipnorena\/files\/2020\/02\/manual-neae_08-160x160.jpg 160w, https:\/\/blogsaverroes.juntadeandalucia.es\/ceipnorena\/files\/2020\/02\/manual-neae_08-320x320.jpg 320w, https:\/\/blogsaverroes.juntadeandalucia.es\/ceipnorena\/files\/2020\/02\/manual-neae_08-24x24.jpg 24w, https:\/\/blogsaverroes.juntadeandalucia.es\/ceipnorena\/files\/2020\/02\/manual-neae_08-36x36.jpg 36w, https:\/\/blogsaverroes.juntadeandalucia.es\/ceipnorena\/files\/2020\/02\/manual-neae_08-48x48.jpg 48w, https:\/\/blogsaverroes.juntadeandalucia.es\/ceipnorena\/files\/2020\/02\/manual-neae_08.jpg 1299w\" sizes=\"(max-width: 1024px) 100vw, 1024px\" \/><\/a><\/td>\n<\/tr>\n<tr>\n<td style=\"width: 140.25px\"><a href=\"https:\/\/blogsaverroes.juntadeandalucia.es\/ceipnorena\/files\/2020\/02\/manual-neae_09.jpg\"><img loading=\"lazy\" decoding=\"async\" class=\"alignleft size-large wp-image-3162\" src=\"https:\/\/blogsaverroes.juntadeandalucia.es\/ceipnorena\/files\/2020\/02\/manual-neae_09-1024x1024.jpg\" alt=\"\" width=\"1024\" height=\"1024\" srcset=\"https:\/\/blogsaverroes.juntadeandalucia.es\/ceipnorena\/files\/2020\/02\/manual-neae_09-1024x1024.jpg 1024w, https:\/\/blogsaverroes.juntadeandalucia.es\/ceipnorena\/files\/2020\/02\/manual-neae_09-150x150.jpg 150w, https:\/\/blogsaverroes.juntadeandalucia.es\/ceipnorena\/files\/2020\/02\/manual-neae_09-300x300.jpg 300w, https:\/\/blogsaverroes.juntadeandalucia.es\/ceipnorena\/files\/2020\/02\/manual-neae_09-768x769.jpg 768w, https:\/\/blogsaverroes.juntadeandalucia.es\/ceipnorena\/files\/2020\/02\/manual-neae_09-100x100.jpg 100w, https:\/\/blogsaverroes.juntadeandalucia.es\/ceipnorena\/files\/2020\/02\/manual-neae_09-160x160.jpg 160w, https:\/\/blogsaverroes.juntadeandalucia.es\/ceipnorena\/files\/2020\/02\/manual-neae_09-320x320.jpg 320w, https:\/\/blogsaverroes.juntadeandalucia.es\/ceipnorena\/files\/2020\/02\/manual-neae_09-24x24.jpg 24w, https:\/\/blogsaverroes.juntadeandalucia.es\/ceipnorena\/files\/2020\/02\/manual-neae_09-36x36.jpg 36w, https:\/\/blogsaverroes.juntadeandalucia.es\/ceipnorena\/files\/2020\/02\/manual-neae_09-48x48.jpg 48w, https:\/\/blogsaverroes.juntadeandalucia.es\/ceipnorena\/files\/2020\/02\/manual-neae_09.jpg 1289w\" sizes=\"(max-width: 1024px) 100vw, 1024px\" \/><\/a><\/td>\n<td style=\"width: 140.25px\"><a href=\"https:\/\/blogsaverroes.juntadeandalucia.es\/ceipnorena\/files\/2021\/01\/NEAE_10.pdf\"><img loading=\"lazy\" decoding=\"async\" class=\"aligncenter size-full wp-image-3879\" src=\"https:\/\/blogsaverroes.juntadeandalucia.es\/ceipnorena\/files\/2021\/01\/NEAE10.png\" alt=\"\" width=\"982\" height=\"982\" srcset=\"https:\/\/blogsaverroes.juntadeandalucia.es\/ceipnorena\/files\/2021\/01\/NEAE10.png 982w, https:\/\/blogsaverroes.juntadeandalucia.es\/ceipnorena\/files\/2021\/01\/NEAE10-200x200.png 200w, https:\/\/blogsaverroes.juntadeandalucia.es\/ceipnorena\/files\/2021\/01\/NEAE10-150x150.png 150w, https:\/\/blogsaverroes.juntadeandalucia.es\/ceipnorena\/files\/2021\/01\/NEAE10-768x768.png 768w, https:\/\/blogsaverroes.juntadeandalucia.es\/ceipnorena\/files\/2021\/01\/NEAE10-100x100.png 100w, https:\/\/blogsaverroes.juntadeandalucia.es\/ceipnorena\/files\/2021\/01\/NEAE10-80x80.png 80w, https:\/\/blogsaverroes.juntadeandalucia.es\/ceipnorena\/files\/2021\/01\/NEAE10-320x320.png 320w, https:\/\/blogsaverroes.juntadeandalucia.es\/ceipnorena\/files\/2021\/01\/NEAE10-24x24.png 24w, https:\/\/blogsaverroes.juntadeandalucia.es\/ceipnorena\/files\/2021\/01\/NEAE10-36x36.png 36w, https:\/\/blogsaverroes.juntadeandalucia.es\/ceipnorena\/files\/2021\/01\/NEAE10-48x48.png 48w\" sizes=\"(max-width: 982px) 100vw, 982px\" \/><\/a><\/td>\n<td style=\"width: 140.25px;text-align: center\"><a href=\"http:\/\/www.juntadeandalucia.es\/educacion\/portals\/delegate\/content\/9c6436cb-4f23-4832-aafc-aec5d7449e9d\"><img loading=\"lazy\" decoding=\"async\" class=\"alignleft size-large wp-image-3164\" src=\"https:\/\/blogsaverroes.juntadeandalucia.es\/ceipnorena\/files\/2020\/02\/manual-neae_11-1024x1024.jpg\" alt=\"\" width=\"1024\" height=\"1024\" srcset=\"https:\/\/blogsaverroes.juntadeandalucia.es\/ceipnorena\/files\/2020\/02\/manual-neae_11-1024x1024.jpg 1024w, https:\/\/blogsaverroes.juntadeandalucia.es\/ceipnorena\/files\/2020\/02\/manual-neae_11-150x150.jpg 150w, https:\/\/blogsaverroes.juntadeandalucia.es\/ceipnorena\/files\/2020\/02\/manual-neae_11-300x300.jpg 300w, https:\/\/blogsaverroes.juntadeandalucia.es\/ceipnorena\/files\/2020\/02\/manual-neae_11-768x768.jpg 768w, https:\/\/blogsaverroes.juntadeandalucia.es\/ceipnorena\/files\/2020\/02\/manual-neae_11-100x100.jpg 100w, https:\/\/blogsaverroes.juntadeandalucia.es\/ceipnorena\/files\/2020\/02\/manual-neae_11-160x160.jpg 160w, https:\/\/blogsaverroes.juntadeandalucia.es\/ceipnorena\/files\/2020\/02\/manual-neae_11-320x320.jpg 320w, https:\/\/blogsaverroes.juntadeandalucia.es\/ceipnorena\/files\/2020\/02\/manual-neae_11-24x24.jpg 24w, https:\/\/blogsaverroes.juntadeandalucia.es\/ceipnorena\/files\/2020\/02\/manual-neae_11-36x36.jpg 36w, https:\/\/blogsaverroes.juntadeandalucia.es\/ceipnorena\/files\/2020\/02\/manual-neae_11-48x48.jpg 48w, https:\/\/blogsaverroes.juntadeandalucia.es\/ceipnorena\/files\/2020\/02\/manual-neae_11.jpg 1299w\" sizes=\"(max-width: 1024px) 100vw, 1024px\" \/><\/a><\/td>\n<td style=\"width: 140.25px\"><a href=\"https:\/\/blogsaverroes.juntadeandalucia.es\/ceipnorena\/files\/2020\/02\/C\u00d3MO-ADAPTAR-LOS-EX\u00c1MENES.pdf\"><img loading=\"lazy\" decoding=\"async\" class=\"alignleft size-full wp-image-3176\" src=\"https:\/\/blogsaverroes.juntadeandalucia.es\/ceipnorena\/files\/2020\/02\/Captura-de-pantalla-2020-02-23-a-las-11.19.38.png\" alt=\"\" width=\"648\" height=\"470\" srcset=\"https:\/\/blogsaverroes.juntadeandalucia.es\/ceipnorena\/files\/2020\/02\/Captura-de-pantalla-2020-02-23-a-las-11.19.38.png 648w, https:\/\/blogsaverroes.juntadeandalucia.es\/ceipnorena\/files\/2020\/02\/Captura-de-pantalla-2020-02-23-a-las-11.19.38-300x218.png 300w, https:\/\/blogsaverroes.juntadeandalucia.es\/ceipnorena\/files\/2020\/02\/Captura-de-pantalla-2020-02-23-a-las-11.19.38-24x17.png 24w, https:\/\/blogsaverroes.juntadeandalucia.es\/ceipnorena\/files\/2020\/02\/Captura-de-pantalla-2020-02-23-a-las-11.19.38-36x26.png 36w, https:\/\/blogsaverroes.juntadeandalucia.es\/ceipnorena\/files\/2020\/02\/Captura-de-pantalla-2020-02-23-a-las-11.19.38-48x35.png 48w\" sizes=\"(max-width: 648px) 100vw, 648px\" \/><\/a><\/td>\n<\/tr>\n<\/tbody>\n<\/table>\n<p>&nbsp;<\/p>\n","protected":false},"excerpt":{"rendered":"<p>Manuales y gu\u00edas sobre NEAE de la Junta de Andaluc\u00eda. &nbsp; &nbsp;<\/p>\n","protected":false},"author":3565,"featured_media":0,"parent":0,"menu_order":0,"comment_status":"closed","ping_status":"closed","template":"","meta":{"ngg_post_thumbnail":0,"footnotes":"","_mc_calendar":[]},"aioseo_notices":[],"_links":{"self":[{"href":"https:\/\/blogsaverroes.juntadeandalucia.es\/ceipnorena\/wp-json\/wp\/v2\/pages\/3142"}],"collection":[{"href":"https:\/\/blogsaverroes.juntadeandalucia.es\/ceipnorena\/wp-json\/wp\/v2\/pages"}],"about":[{"href":"https:\/\/blogsaverroes.juntadeandalucia.es\/ceipnorena\/wp-json\/wp\/v2\/types\/page"}],"author":[{"embeddable":true,"href":"https:\/\/blogsaverroes.juntadeandalucia.es\/ceipnorena\/wp-json\/wp\/v2\/users\/3565"}],"replies":[{"embeddable":true,"href":"https:\/\/blogsaverroes.juntadeandalucia.es\/ceipnorena\/wp-json\/wp\/v2\/comments?post=3142"}],"version-history":[{"count":14,"href":"https:\/\/blogsaverroes.juntadeandalucia.es\/ceipnorena\/wp-json\/wp\/v2\/pages\/3142\/revisions"}],"predecessor-version":[{"id":3880,"href":"https:\/\/blogsaverroes.juntadeandalucia.es\/ceipnorena\/wp-json\/wp\/v2\/pages\/3142\/revisions\/3880"}],"wp:attachment":[{"href":"https:\/\/blogsaverroes.juntadeandalucia.es\/ceipnorena\/wp-json\/wp\/v2\/media?parent=3142"}],"curies":[{"name":"wp","href":"https:\/\/api.w.org\/{rel}","templated":true}]}}