{"id":77,"date":"2015-03-16T06:54:56","date_gmt":"2015-03-16T06:54:56","guid":{"rendered":"http:\/\/blogsaverroes.juntadeandalucia.es\/pre\/ceip\/?page_id=77"},"modified":"2020-05-19T10:45:33","modified_gmt":"2020-05-19T08:45:33","slug":"secretaria","status":"publish","type":"page","link":"https:\/\/blogsaverroes.juntadeandalucia.es\/ceipnorena\/secretaria\/","title":{"rendered":"Secretar\u00eda"},"content":{"rendered":"\t\t<div data-elementor-type=\"wp-post\" data-elementor-id=\"77\" class=\"elementor elementor-77\">\n\t\t\t\t\t\t<section class=\"elementor-section elementor-top-section elementor-element elementor-element-1fb7e03d elementor-section-boxed elementor-section-height-default elementor-section-height-default\" data-id=\"1fb7e03d\" data-element_type=\"section\">\n\t\t\t\t\t\t<div class=\"elementor-container elementor-column-gap-default\">\n\t\t\t\t\t<div class=\"elementor-column elementor-col-100 elementor-top-column elementor-element elementor-element-6fce47a3\" data-id=\"6fce47a3\" data-element_type=\"column\">\n\t\t\t<div class=\"elementor-widget-wrap elementor-element-populated\">\n\t\t\t\t\t\t<div class=\"elementor-element elementor-element-0ca15a9 elementor-widget elementor-widget-heading\" data-id=\"0ca15a9\" data-element_type=\"widget\" data-widget_type=\"heading.default\">\n\t\t\t\t<div class=\"elementor-widget-container\">\n\t\t\t\t\t<h2 class=\"elementor-heading-title elementor-size-default\">Secretar\u00eda CEIP NORE\u00d1A<\/h2>\t\t\t\t<\/div>\n\t\t\t\t<\/div>\n\t\t\t\t<div class=\"elementor-element elementor-element-18b78ade elementor-widget elementor-widget-text-editor\" data-id=\"18b78ade\" data-element_type=\"widget\" data-widget_type=\"text-editor.default\">\n\t\t\t\t<div class=\"elementor-widget-container\">\n\t\t\t\t\t\t\t\t\t<a href=\"https:\/\/blogsaverroes.juntadeandalucia.es\/ceipnorena\/files\/2020\/02\/Captura-de-pantalla-2020-02-19-a-las-22.32.55.png\"><img decoding=\"async\" class=\"alignleft  wp-image-3108\" src=\"https:\/\/blogsaverroes.juntadeandalucia.es\/ceipnorena\/files\/2020\/02\/Captura-de-pantalla-2020-02-19-a-las-22.32.55.png\" alt=\"\" width=\"192\" height=\"219\" srcset=\"https:\/\/blogsaverroes.juntadeandalucia.es\/ceipnorena\/files\/2020\/02\/Captura-de-pantalla-2020-02-19-a-las-22.32.55.png 416w, https:\/\/blogsaverroes.juntadeandalucia.es\/ceipnorena\/files\/2020\/02\/Captura-de-pantalla-2020-02-19-a-las-22.32.55-263x300.png 263w, https:\/\/blogsaverroes.juntadeandalucia.es\/ceipnorena\/files\/2020\/02\/Captura-de-pantalla-2020-02-19-a-las-22.32.55-21x24.png 21w, https:\/\/blogsaverroes.juntadeandalucia.es\/ceipnorena\/files\/2020\/02\/Captura-de-pantalla-2020-02-19-a-las-22.32.55-32x36.png 32w, https:\/\/blogsaverroes.juntadeandalucia.es\/ceipnorena\/files\/2020\/02\/Captura-de-pantalla-2020-02-19-a-las-22.32.55-42x48.png 42w\" sizes=\"(max-width: 192px) 100vw, 192px\" \/><\/a>\r\n\r\n2\u00ba Ciclo Ed. Infantil y Primaria (Decreto 328 \/ 2010 )\r\n\r\nArt\u00edculo 74.\r\n\r\nSon competencias de la secretar\u00eda:\r\n<p style=\"text-align: justify\">a) Ordenar el r\u00e9gimen administrativo del centro, de conformidad con las directrices de la direcci\u00f3n.<\/p>\r\n<p style=\"text-align: justify\">b) Ejercer la secretar\u00eda de los \u00f3rganos colegiados de gobierno del centro, establecer el plan de reuniones de dichos \u00f3rganos, levantar acta de las sesiones&nbsp; y dar fe de los acuerdos,&nbsp; todo ello con el visto bueno de la direcci\u00f3n.<\/p>\r\n<p style=\"text-align: justify\">c) Custodiar los libros oficiales y archivos del centro.<\/p>\r\n<p style=\"text-align: justify\">d) Expedir,&nbsp; con el visto&nbsp; bueno de la direcci\u00f3n,&nbsp; las certificaciones&nbsp; que soliciten&nbsp; las autoridades&nbsp; y las personas interesadas.<\/p>\r\n<p style=\"text-align: justify\">e) Realizar el inventario general del centro y mantenerlo&nbsp; actualizado.<\/p>\r\n<p style=\"text-align: justify\">f) Adquirir&nbsp; el material&nbsp; y el equipamiento&nbsp; del centro, custodiar y gestionar la utilizaci\u00f3n del mismo&nbsp; y velar por su mantenimiento en todos los aspectos, de acuerdo con la normativa&nbsp; vigente&nbsp; y las indicaciones de la direcci\u00f3n, sin perjuicio de las facultades que en materia de contrataci\u00f3n corresponden a la persona titular de la direcci\u00f3n, de conformidad con lo recogido en el art\u00edculo 70.1.k)<\/p>\r\n<p style=\"text-align: justify\">g) Ejercer, por delegaci\u00f3n de la direcci\u00f3n&nbsp; y bajo su autoridad, la jefatura del personal de administraci\u00f3n&nbsp;&nbsp; y servicios&nbsp; y de atenci\u00f3n educativa complementaria adscrito al centro y controlar la asistencia al trabajo del mismo.<\/p>\r\n<p style=\"text-align: justify\">h) Elaborar,&nbsp; en colaboraci\u00f3n&nbsp; con los restantes miembros del equipo directivo,&nbsp; el horario del personal de&nbsp; administraci\u00f3n&nbsp;&nbsp;&nbsp; y&nbsp; servicios y&nbsp;&nbsp; de&nbsp; atenci\u00f3n educativa complementaria, as\u00ed como velar por su estricto cumplimiento.<\/p>\r\n<p style=\"text-align: justify\">i) Elaborar el anteproyecto&nbsp; de presupuesto de ingresos y gastos del centro.<\/p>\r\n<p style=\"text-align: justify\">j) Ordenar&nbsp; el r\u00e9gimen econ\u00f3mico del centro, de conformidad con las instrucciones de la direcci\u00f3n, realizar la contabilidad y rendir cuentas&nbsp; ante la Consejer\u00eda competente en materia de educaci\u00f3n&nbsp; y los \u00f3rganos a los que se refiere el art\u00edculo 25.4.<\/p>\r\n<p style=\"text-align: justify\">k) Cualesquiera&nbsp; otras que le sean atribuidas en el Plan de Centro o por Orden de la persona titular de la Consejer\u00eda competente en materia de educaci\u00f3n.<\/p>\r\n<p style=\"text-align: justify\">&nbsp;<\/p>\t\t\t\t\t\t\t\t<\/div>\n\t\t\t\t<\/div>\n\t\t\t\t\t<\/div>\n\t\t<\/div>\n\t\t\t\t\t<\/div>\n\t\t<\/section>\n\t\t\t\t<\/div>\n\t\t","protected":false},"excerpt":{"rendered":"<p>Secretar\u00eda CEIP NORE\u00d1A 2\u00ba Ciclo Ed. Infantil y Primaria (Decreto 328 \/ 2010 ) Art\u00edculo 74. Son competencias de la secretar\u00eda: a) Ordenar el r\u00e9gimen administrativo del centro, de conformidad con las directrices de&#46;&#46;&#46;<\/p>\n","protected":false},"author":1,"featured_media":0,"parent":0,"menu_order":0,"comment_status":"open","ping_status":"open","template":"page-templates\/child-menu.php","meta":{"ngg_post_thumbnail":0,"footnotes":"","_mc_calendar":[]},"aioseo_notices":[],"_links":{"self":[{"href":"https:\/\/blogsaverroes.juntadeandalucia.es\/ceipnorena\/wp-json\/wp\/v2\/pages\/77"}],"collection":[{"href":"https:\/\/blogsaverroes.juntadeandalucia.es\/ceipnorena\/wp-json\/wp\/v2\/pages"}],"about":[{"href":"https:\/\/blogsaverroes.juntadeandalucia.es\/ceipnorena\/wp-json\/wp\/v2\/types\/page"}],"author":[{"embeddable":true,"href":"https:\/\/blogsaverroes.juntadeandalucia.es\/ceipnorena\/wp-json\/wp\/v2\/users\/1"}],"replies":[{"embeddable":true,"href":"https:\/\/blogsaverroes.juntadeandalucia.es\/ceipnorena\/wp-json\/wp\/v2\/comments?post=77"}],"version-history":[{"count":8,"href":"https:\/\/blogsaverroes.juntadeandalucia.es\/ceipnorena\/wp-json\/wp\/v2\/pages\/77\/revisions"}],"predecessor-version":[{"id":3383,"href":"https:\/\/blogsaverroes.juntadeandalucia.es\/ceipnorena\/wp-json\/wp\/v2\/pages\/77\/revisions\/3383"}],"wp:attachment":[{"href":"https:\/\/blogsaverroes.juntadeandalucia.es\/ceipnorena\/wp-json\/wp\/v2\/media?parent=77"}],"curies":[{"name":"wp","href":"https:\/\/api.w.org\/{rel}","templated":true}]}}

Secretaría

<div data-elementor-type="wp-post" data-elementor-id="77" class="elementor elementor-77">
						<section class="elementor-section elementor-top-section elementor-element elementor-element-1fb7e03d elementor-section-boxed elementor-section-height-default elementor-section-height-default" data-id="1fb7e03d" data-element_type="section">
						<div class="elementor-container elementor-column-gap-default">
					<div class="elementor-column elementor-col-100 elementor-top-column elementor-element elementor-element-6fce47a3" data-id="6fce47a3" data-element_type="column">
			<div class="elementor-widget-wrap elementor-element-populated">
						<div class="elementor-element elementor-element-0ca15a9 elementor-widget elementor-widget-heading" data-id="0ca15a9" data-element_type="widget" data-widget_type="heading.default">
				<div class="elementor-widget-container">
					<h2 class="elementor-heading-title elementor-size-default">Secretaría CEIP NOREÑA</h2>				</div>
				</div>
				<div class="elementor-element elementor-element-18b78ade elementor-widget elementor-widget-text-editor" data-id="18b78ade" data-element_type="widget" data-widget_type="text-editor.default">
				<div class="elementor-widget-container">
									<a href="https://blogsaverroes.juntadeandalucia.es/ceipnorena/files/2020/02/Captura-de-pantalla-2020-02-19-a-las-22.32.55.png"><img decoding="async" class="alignleft  wp-image-3108" src="https://blogsaverroes.juntadeandalucia.es/ceipnorena/files/2020/02/Captura-de-pantalla-2020-02-19-a-las-22.32.55.png" alt="" width="192" height="219" srcset="https://blogsaverroes.juntadeandalucia.es/ceipnorena/files/2020/02/Captura-de-pantalla-2020-02-19-a-las-22.32.55.png 416w, https://blogsaverroes.juntadeandalucia.es/ceipnorena/files/2020/02/Captura-de-pantalla-2020-02-19-a-las-22.32.55-263x300.png 263w, https://blogsaverroes.juntadeandalucia.es/ceipnorena/files/2020/02/Captura-de-pantalla-2020-02-19-a-las-22.32.55-21x24.png 21w, https://blogsaverroes.juntadeandalucia.es/ceipnorena/files/2020/02/Captura-de-pantalla-2020-02-19-a-las-22.32.55-32x36.png 32w, https://blogsaverroes.juntadeandalucia.es/ceipnorena/files/2020/02/Captura-de-pantalla-2020-02-19-a-las-22.32.55-42x48.png 42w" sizes="(max-width: 192px) 100vw, 192px" /></a>

2º Ciclo Ed. Infantil y Primaria (Decreto 328 / 2010 )

Artículo 74.

Son competencias de la secretaría:
<p style="text-align: justify">a) Ordenar el régimen administrativo del centro, de conformidad con las directrices de la dirección.</p>
<p style="text-align: justify">b) Ejercer la secretaría de los órganos colegiados de gobierno del centro, establecer el plan de reuniones de dichos órganos, levantar acta de las sesiones&nbsp; y dar fe de los acuerdos,&nbsp; todo ello con el visto bueno de la dirección.</p>
<p style="text-align: justify">c) Custodiar los libros oficiales y archivos del centro.</p>
<p style="text-align: justify">d) Expedir,&nbsp; con el visto&nbsp; bueno de la dirección,&nbsp; las certificaciones&nbsp; que soliciten&nbsp; las autoridades&nbsp; y las personas interesadas.</p>
<p style="text-align: justify">e) Realizar el inventario general del centro y mantenerlo&nbsp; actualizado.</p>
<p style="text-align: justify">f) Adquirir&nbsp; el material&nbsp; y el equipamiento&nbsp; del centro, custodiar y gestionar la utilización del mismo&nbsp; y velar por su mantenimiento en todos los aspectos, de acuerdo con la normativa&nbsp; vigente&nbsp; y las indicaciones de la dirección, sin perjuicio de las facultades que en materia de contratación corresponden a la persona titular de la dirección, de conformidad con lo recogido en el artículo 70.1.k)</p>
<p style="text-align: justify">g) Ejercer, por delegación de la dirección&nbsp; y bajo su autoridad, la jefatura del personal de administración&nbsp;&nbsp; y servicios&nbsp; y de atención educativa complementaria adscrito al centro y controlar la asistencia al trabajo del mismo.</p>
<p style="text-align: justify">h) Elaborar,&nbsp; en colaboración&nbsp; con los restantes miembros del equipo directivo,&nbsp; el horario del personal de&nbsp; administración&nbsp;&nbsp;&nbsp; y&nbsp; servicios y&nbsp;&nbsp; de&nbsp; atención educativa complementaria, así como velar por su estricto cumplimiento.</p>
<p style="text-align: justify">i) Elaborar el anteproyecto&nbsp; de presupuesto de ingresos y gastos del centro.</p>
<p style="text-align: justify">j) Ordenar&nbsp; el régimen económico del centro, de conformidad con las instrucciones de la dirección, realizar la contabilidad y rendir cuentas&nbsp; ante la Consejería competente en materia de educación&nbsp; y los órganos a los que se refiere el artículo 25.4.</p>
<p style="text-align: justify">k) Cualesquiera&nbsp; otras que le sean atribuidas en el Plan de Centro o por Orden de la persona titular de la Consejería competente en materia de educación.</p>
<p style="text-align: justify">&nbsp;</p>								</div>
				</div>
					</div>
		</div>
					</div>
		</section>
				</div>

<p>Secretaría CEIP NOREÑA 2º Ciclo Ed. Infantil y Primaria (Decreto 328 / 2010 ) Artículo 74. Son competencias de la secretaría: a) Ordenar el régimen administrativo del centro, de conformidad con las directrices de&#46;&#46;&#46;</p>
