{"id":869,"date":"2015-03-16T07:03:52","date_gmt":"2015-03-16T07:03:52","guid":{"rendered":"http:\/\/blogsaverroes.juntadeandalucia.es\/pre\/ceip\/?page_id=84"},"modified":"2024-10-15T18:26:12","modified_gmt":"2024-10-15T16:26:12","slug":"calendario-escolar","status":"publish","type":"page","link":"https:\/\/blogsaverroes.juntadeandalucia.es\/ceipnorena\/calendario-escolar\/","title":{"rendered":"Calendario Escolar"},"content":{"rendered":"<p style=\"text-align: center\">\n<p><img fetchpriority=\"high\" decoding=\"async\" class=\"aligncenter wp-image-5602\" src=\"https:\/\/blogsaverroes.juntadeandalucia.es\/ceipnorena\/files\/2024\/05\/CALENDARIO-24_25.png\" alt=\"\" width=\"696\" height=\"117\" srcset=\"https:\/\/blogsaverroes.juntadeandalucia.es\/ceipnorena\/files\/2024\/05\/CALENDARIO-24_25.png 624w, https:\/\/blogsaverroes.juntadeandalucia.es\/ceipnorena\/files\/2024\/05\/CALENDARIO-24_25-200x34.png 200w, https:\/\/blogsaverroes.juntadeandalucia.es\/ceipnorena\/files\/2024\/05\/CALENDARIO-24_25-24x4.png 24w, https:\/\/blogsaverroes.juntadeandalucia.es\/ceipnorena\/files\/2024\/05\/CALENDARIO-24_25-36x6.png 36w, https:\/\/blogsaverroes.juntadeandalucia.es\/ceipnorena\/files\/2024\/05\/CALENDARIO-24_25-48x8.png 48w\" sizes=\"(max-width: 696px) 100vw, 696px\" \/><\/p>\n<p><img decoding=\"async\" class=\"aligncenter\" src=\"https:\/\/blogsaverroes.juntadeandalucia.es\/ceipnorena\/files\/2024\/05\/CALENDARIO-FOTO.png\" \/><\/p>\n<p>Las fiestas locales en C\u00f3rdoba ser\u00e1n los d\u00edas<span style=\"color: #ff6600\"><strong> 29 y 30 de mayo<\/strong><\/span>, coincidiendo con la feria de C\u00f3rdoba<\/p>\n<p>Enlace al <a href=\"https:\/\/blogsaverroes.juntadeandalucia.es\/ceipnorena\/files\/2024\/05\/240515_CALENDARIO-COLOR-2024-2025.pdf\"><span style=\"color: #993366\">calendario escolar<\/span><\/a><\/p>\n","protected":false},"excerpt":{"rendered":"<p>Las fiestas locales en C\u00f3rdoba ser\u00e1n los d\u00edas 29 y 30 de mayo, coincidiendo con la feria de C\u00f3rdoba Enlace al calendario escolar<\/p>\n","protected":false},"author":1,"featured_media":0,"parent":0,"menu_order":0,"comment_status":"open","ping_status":"open","template":"page-templates\/child-menu.php","meta":{"ngg_post_thumbnail":0,"footnotes":"","_mc_calendar":{"weekends":"true","shortcode":"[my_calendar weekends=&quot;true&quot;]","append":""}},"aioseo_notices":[],"_links":{"self":[{"href":"https:\/\/blogsaverroes.juntadeandalucia.es\/ceipnorena\/wp-json\/wp\/v2\/pages\/869"}],"collection":[{"href":"https:\/\/blogsaverroes.juntadeandalucia.es\/ceipnorena\/wp-json\/wp\/v2\/pages"}],"about":[{"href":"https:\/\/blogsaverroes.juntadeandalucia.es\/ceipnorena\/wp-json\/wp\/v2\/types\/page"}],"author":[{"embeddable":true,"href":"https:\/\/blogsaverroes.juntadeandalucia.es\/ceipnorena\/wp-json\/wp\/v2\/users\/1"}],"replies":[{"embeddable":true,"href":"https:\/\/blogsaverroes.juntadeandalucia.es\/ceipnorena\/wp-json\/wp\/v2\/comments?post=869"}],"version-history":[{"count":18,"href":"https:\/\/blogsaverroes.juntadeandalucia.es\/ceipnorena\/wp-json\/wp\/v2\/pages\/869\/revisions"}],"predecessor-version":[{"id":5610,"href":"https:\/\/blogsaverroes.juntadeandalucia.es\/ceipnorena\/wp-json\/wp\/v2\/pages\/869\/revisions\/5610"}],"wp:attachment":[{"href":"https:\/\/blogsaverroes.juntadeandalucia.es\/ceipnorena\/wp-json\/wp\/v2\/media?parent=869"}],"curies":[{"name":"wp","href":"https:\/\/api.w.org\/{rel}","templated":true}]}}

<p style="text-align: center">
<p><img fetchpriority="high" decoding="async" class="aligncenter wp-image-5602" src="https://blogsaverroes.juntadeandalucia.es/ceipnorena/files/2024/05/CALENDARIO-24_25.png" alt="" width="696" height="117" srcset="https://blogsaverroes.juntadeandalucia.es/ceipnorena/files/2024/05/CALENDARIO-24_25.png 624w, https://blogsaverroes.juntadeandalucia.es/ceipnorena/files/2024/05/CALENDARIO-24_25-200x34.png 200w, https://blogsaverroes.juntadeandalucia.es/ceipnorena/files/2024/05/CALENDARIO-24_25-24x4.png 24w, https://blogsaverroes.juntadeandalucia.es/ceipnorena/files/2024/05/CALENDARIO-24_25-36x6.png 36w, https://blogsaverroes.juntadeandalucia.es/ceipnorena/files/2024/05/CALENDARIO-24_25-48x8.png 48w" sizes="(max-width: 696px) 100vw, 696px" /></p>
<p><img decoding="async" class="aligncenter" src="https://blogsaverroes.juntadeandalucia.es/ceipnorena/files/2024/05/CALENDARIO-FOTO.png" /></p>
<p>Las fiestas locales en Córdoba serán los días<span style="color: #ff6600"><strong> 29 y 30 de mayo</strong></span>, coincidiendo con la feria de Córdoba</p>
<p>Enlace al <a href="https://blogsaverroes.juntadeandalucia.es/ceipnorena/files/2024/05/240515_CALENDARIO-COLOR-2024-2025.pdf"><span style="color: #993366">calendario escolar</span></a></p>

<p>Las fiestas locales en Córdoba serán los días 29 y 30 de mayo, coincidiendo con la feria de Córdoba Enlace al calendario escolar</p>
