{"id":99,"date":"2015-03-16T07:22:54","date_gmt":"2015-03-16T07:22:54","guid":{"rendered":"http:\/\/blogsaverroes.juntadeandalucia.es\/pre\/ceip\/?page_id=99"},"modified":"2020-02-16T15:01:29","modified_gmt":"2020-02-16T13:01:29","slug":"comedor-escolar","status":"publish","type":"page","link":"https:\/\/blogsaverroes.juntadeandalucia.es\/ceipnorena\/comedor-escolar\/","title":{"rendered":"Comedor escolar"},"content":{"rendered":"<p style=\"text-align: justify\"><a href=\"https:\/\/blogsaverroes.juntadeandalucia.es\/ceipnorena\/files\/2020\/02\/Captura-de-pantalla-2020-02-16-a-las-12.07.03.png\"><img fetchpriority=\"high\" decoding=\"async\" class=\"wp-image-3009 alignleft\" src=\"https:\/\/blogsaverroes.juntadeandalucia.es\/ceipnorena\/files\/2020\/02\/Captura-de-pantalla-2020-02-16-a-las-12.07.03-1024x679.png\" alt=\"\" width=\"429\" height=\"284\" srcset=\"https:\/\/blogsaverroes.juntadeandalucia.es\/ceipnorena\/files\/2020\/02\/Captura-de-pantalla-2020-02-16-a-las-12.07.03-1024x679.png 1024w, https:\/\/blogsaverroes.juntadeandalucia.es\/ceipnorena\/files\/2020\/02\/Captura-de-pantalla-2020-02-16-a-las-12.07.03-300x199.png 300w, https:\/\/blogsaverroes.juntadeandalucia.es\/ceipnorena\/files\/2020\/02\/Captura-de-pantalla-2020-02-16-a-las-12.07.03-768x510.png 768w, https:\/\/blogsaverroes.juntadeandalucia.es\/ceipnorena\/files\/2020\/02\/Captura-de-pantalla-2020-02-16-a-las-12.07.03-24x16.png 24w, https:\/\/blogsaverroes.juntadeandalucia.es\/ceipnorena\/files\/2020\/02\/Captura-de-pantalla-2020-02-16-a-las-12.07.03-36x24.png 36w, https:\/\/blogsaverroes.juntadeandalucia.es\/ceipnorena\/files\/2020\/02\/Captura-de-pantalla-2020-02-16-a-las-12.07.03-48x32.png 48w, https:\/\/blogsaverroes.juntadeandalucia.es\/ceipnorena\/files\/2020\/02\/Captura-de-pantalla-2020-02-16-a-las-12.07.03.png 1248w\" sizes=\"(max-width: 429px) 100vw, 429px\" \/><\/a>Nuestro comedor escolar es un servicio complementario que resulta de gran utilidad a padres y madres para ayudarles a&nbsp;conciliar la vida laboral y familiar. Tiene una duraci\u00f3n de hasta dos horas desde que acaba la jornada escolar de la ma\u00f1ana (de 14.00 a 16.00 horas).<\/p>\n<p style=\"text-align: justify\">Es una pieza importante&nbsp;en todas las medidas dirigidas a mejorar los h\u00e1bitos alimenticios de los ni\u00f1os y ni\u00f1as y prevenir problemas de salud como la obesidad.<\/p>\n<p style=\"text-align: justify\">El comedor escolar del CEIP NORE\u00d1A promueve una alimentaci\u00f3n saludable que est\u00e1 supervisada por nutricionistas y que, entre otros aspectos, se caracteriza por:<\/p>\n<p style=\"padding-left: 40px\">Una mayor proporci\u00f3n de verdura en los men\u00fas<\/p>\n<p style=\"padding-left: 40px\">Fruta fresca como postre al menos cuatro d\u00edas a la semana<\/p>\n<p style=\"padding-left: 40px\">Uso de aceite de oliva virgen extra<\/p>\n<p style=\"padding-left: 40px\">M\u00e1s pescado que carne, que debe ser magra<\/p>\n<p style=\"padding-left: 40px\">Prohibici\u00f3n de los alimentos precocinados y limitaci\u00f3n de los fritos<\/p>\n<p style=\"padding-left: 40px\">Apuesta por la dieta mediterr\u00e1nea y los productos ecol\u00f3gicos<\/p>\n<p>&nbsp;<\/p>\n","protected":false},"excerpt":{"rendered":"<p>Nuestro comedor escolar es un servicio complementario que resulta de gran utilidad a padres y madres para ayudarles a&nbsp;conciliar la vida laboral y familiar. Tiene una duraci\u00f3n de hasta dos horas desde que acaba&#46;&#46;&#46;<\/p>\n","protected":false},"author":1,"featured_media":0,"parent":0,"menu_order":0,"comment_status":"open","ping_status":"open","template":"page-templates\/child-menu.php","meta":{"ngg_post_thumbnail":0,"footnotes":"","_mc_calendar":[]},"aioseo_notices":[],"_links":{"self":[{"href":"https:\/\/blogsaverroes.juntadeandalucia.es\/ceipnorena\/wp-json\/wp\/v2\/pages\/99"}],"collection":[{"href":"https:\/\/blogsaverroes.juntadeandalucia.es\/ceipnorena\/wp-json\/wp\/v2\/pages"}],"about":[{"href":"https:\/\/blogsaverroes.juntadeandalucia.es\/ceipnorena\/wp-json\/wp\/v2\/types\/page"}],"author":[{"embeddable":true,"href":"https:\/\/blogsaverroes.juntadeandalucia.es\/ceipnorena\/wp-json\/wp\/v2\/users\/1"}],"replies":[{"embeddable":true,"href":"https:\/\/blogsaverroes.juntadeandalucia.es\/ceipnorena\/wp-json\/wp\/v2\/comments?post=99"}],"version-history":[{"count":6,"href":"https:\/\/blogsaverroes.juntadeandalucia.es\/ceipnorena\/wp-json\/wp\/v2\/pages\/99\/revisions"}],"predecessor-version":[{"id":3011,"href":"https:\/\/blogsaverroes.juntadeandalucia.es\/ceipnorena\/wp-json\/wp\/v2\/pages\/99\/revisions\/3011"}],"wp:attachment":[{"href":"https:\/\/blogsaverroes.juntadeandalucia.es\/ceipnorena\/wp-json\/wp\/v2\/media?parent=99"}],"curies":[{"name":"wp","href":"https:\/\/api.w.org\/{rel}","templated":true}]}}

<p style="text-align: justify"><a href="https://blogsaverroes.juntadeandalucia.es/ceipnorena/files/2020/02/Captura-de-pantalla-2020-02-16-a-las-12.07.03.png"><img fetchpriority="high" decoding="async" class="wp-image-3009 alignleft" src="https://blogsaverroes.juntadeandalucia.es/ceipnorena/files/2020/02/Captura-de-pantalla-2020-02-16-a-las-12.07.03-1024x679.png" alt="" width="429" height="284" srcset="https://blogsaverroes.juntadeandalucia.es/ceipnorena/files/2020/02/Captura-de-pantalla-2020-02-16-a-las-12.07.03-1024x679.png 1024w, https://blogsaverroes.juntadeandalucia.es/ceipnorena/files/2020/02/Captura-de-pantalla-2020-02-16-a-las-12.07.03-300x199.png 300w, https://blogsaverroes.juntadeandalucia.es/ceipnorena/files/2020/02/Captura-de-pantalla-2020-02-16-a-las-12.07.03-768x510.png 768w, https://blogsaverroes.juntadeandalucia.es/ceipnorena/files/2020/02/Captura-de-pantalla-2020-02-16-a-las-12.07.03-24x16.png 24w, https://blogsaverroes.juntadeandalucia.es/ceipnorena/files/2020/02/Captura-de-pantalla-2020-02-16-a-las-12.07.03-36x24.png 36w, https://blogsaverroes.juntadeandalucia.es/ceipnorena/files/2020/02/Captura-de-pantalla-2020-02-16-a-las-12.07.03-48x32.png 48w, https://blogsaverroes.juntadeandalucia.es/ceipnorena/files/2020/02/Captura-de-pantalla-2020-02-16-a-las-12.07.03.png 1248w" sizes="(max-width: 429px) 100vw, 429px" /></a>Nuestro comedor escolar es un servicio complementario que resulta de gran utilidad a padres y madres para ayudarles a&nbsp;conciliar la vida laboral y familiar. Tiene una duración de hasta dos horas desde que acaba la jornada escolar de la mañana (de 14.00 a 16.00 horas).</p>
<p style="text-align: justify">Es una pieza importante&nbsp;en todas las medidas dirigidas a mejorar los hábitos alimenticios de los niños y niñas y prevenir problemas de salud como la obesidad.</p>
<p style="text-align: justify">El comedor escolar del CEIP NOREÑA promueve una alimentación saludable que está supervisada por nutricionistas y que, entre otros aspectos, se caracteriza por:</p>
<p style="padding-left: 40px">Una mayor proporción de verdura en los menús</p>
<p style="padding-left: 40px">Fruta fresca como postre al menos cuatro días a la semana</p>
<p style="padding-left: 40px">Uso de aceite de oliva virgen extra</p>
<p style="padding-left: 40px">Más pescado que carne, que debe ser magra</p>
<p style="padding-left: 40px">Prohibición de los alimentos precocinados y limitación de los fritos</p>
<p style="padding-left: 40px">Apuesta por la dieta mediterránea y los productos ecológicos</p>
<p>&nbsp;</p>

<p>Nuestro comedor escolar es un servicio complementario que resulta de gran utilidad a padres y madres para ayudarles a&nbsp;conciliar la vida laboral y familiar. Tiene una duración de hasta dos horas desde que acaba&#46;&#46;&#46;</p>
