{"id":6490,"date":"2025-09-17T04:06:42","date_gmt":"2025-09-17T03:06:42","guid":{"rendered":"https:\/\/blogsaverroes.juntadeandalucia.es\/ceipnsangustias\/?page_id=6490"},"modified":"2026-01-25T14:59:38","modified_gmt":"2026-01-25T13:59:38","slug":"plan-de-centro","status":"publish","type":"page","link":"https:\/\/blogsaverroes.juntadeandalucia.es\/ceipnsangustias\/plan-de-centro\/","title":{"rendered":"Plan de centro"},"content":{"rendered":"<p>[et_pb_section fb_built=&#8221;1&#8243; fullwidth=&#8221;on&#8221; _builder_version=&#8221;4.24.2&#8243; _module_preset=&#8221;default&#8221; global_colors_info=&#8221;{}&#8221;][et_pb_fullwidth_header title=&#8221;PLAN DE CENTRO&#8221; text_orientation=&#8221;center&#8221; _builder_version=&#8221;4.24.2&#8243; _module_preset=&#8221;default&#8221; title_text_align=&#8221;center&#8221; title_font_size=&#8221;34px&#8221; content_font_size=&#8221;21px&#8221; background_color=&#8221;RGBA(255,255,255,0)&#8221; background_layout=&#8221;light&#8221; custom_margin=&#8221;||-17px|||&#8221; custom_padding=&#8221;0px||0px|||&#8221; global_colors_info=&#8221;{}&#8221;][\/et_pb_fullwidth_header][\/et_pb_section][et_pb_section fb_built=&#8221;1&#8243; admin_label=&#8221;Programs&#8221; _builder_version=&#8221;4.25.1&#8243; _module_preset=&#8221;ed4b42cd-3b8a-4821-a1d2-e1b2418b0577&#8243; custom_padding=&#8221;0px||2px|||&#8221; collapsed=&#8221;on&#8221; global_colors_info=&#8221;{}&#8221;][et_pb_row column_structure=&#8221;1_3,1_3,1_3&#8243; _builder_version=&#8221;4.24.2&#8243; _module_preset=&#8221;default&#8221; custom_padding=&#8221;|0px||||&#8221; global_colors_info=&#8221;{}&#8221;][et_pb_column type=&#8221;1_3&#8243; _builder_version=&#8221;4.25.1&#8243; _module_preset=&#8221;default&#8221; global_colors_info=&#8221;{}&#8221;][et_pb_image src=&#8221;https:\/\/blogsaverroes.juntadeandalucia.es\/ceipnsangustias\/files\/2025\/09\/Post-de-Facebook-Minimalista-con-Frase-Inspiradora-Simple-Beige-6.png&#8221; title_text=&#8221;Post de Facebook Minimalista con Frase Inspiradora Simple Beige&#8221; url=&#8221;https:\/\/blogsaverroes.juntadeandalucia.es\/ceipnsangustias\/proyecto-de-direccion-2023-2026\/&#8221; url_new_window=&#8221;on&#8221; _builder_version=&#8221;4.24.2&#8243; _module_preset=&#8221;6ca48a7f-dd5e-43a4-bfb2-9a227fa0d7ce&#8221; custom_margin=&#8221;||||false|false&#8221; custom_padding=&#8221;44px|9px||||&#8221; global_colors_info=&#8221;{}&#8221;][\/et_pb_image][et_pb_text _builder_version=&#8221;4.24.2&#8243; _module_preset=&#8221;f145cdd5-ca67-4591-8424-8620ace26c5d&#8221; width=&#8221;88.4%&#8221; custom_margin=&#8221;|5px|10px||false|false&#8221; custom_padding=&#8221;|5px||5px||true&#8221; link_option_url=&#8221;https:\/\/blogsaverroes.juntadeandalucia.es\/ceipnsangustias\/proyecto-de-direccion-2023-2026\/&#8221; link_option_url_new_window=&#8221;on&#8221; global_colors_info=&#8221;{}&#8221;]<\/p>\n<p style=\"text-align: center\">Descubre el Proyecto de Direcci\u00f3n de V\u00edctor de Haro.<\/p>\n<p>[\/et_pb_text][et_pb_button button_url=&#8221;https:\/\/blogsaverroes.juntadeandalucia.es\/ceipnsangustias\/proyecto-de-direccion-2023-2026\/&#8221; url_new_window=&#8221;on&#8221; button_text=&#8221;Pincha aqu\u00ed para + informaci\u00f3n&#8221; button_alignment=&#8221;center&#8221; _builder_version=&#8221;4.24.2&#8243; _module_preset=&#8221;90e99c5f-915a-4be6-99ad-bf0bae0b4ae8&#8243; custom_margin=&#8221;|0px||||&#8221; custom_padding=&#8221;|11px||||&#8221; global_colors_info=&#8221;{}&#8221;][\/et_pb_button][\/et_pb_column][et_pb_column type=&#8221;1_3&#8243; _builder_version=&#8221;4.25.1&#8243; _module_preset=&#8221;default&#8221; global_colors_info=&#8221;{}&#8221;][et_pb_image src=&#8221;https:\/\/blogsaverroes.juntadeandalucia.es\/ceipnsangustias\/files\/2025\/09\/Post-de-Facebook-Minimalista-con-Frase-Inspiradora-Simple-Beige-1-1.png&#8221; title_text=&#8221;Post de Facebook Minimalista con Frase Inspiradora Simple Beige (1)&#8221; url=&#8221;https:\/\/blogsaverroes.juntadeandalucia.es\/ceipnsangustias\/files\/2025\/04\/Proyecto-Educativo-24_25.pdf&#8221; url_new_window=&#8221;on&#8221; _builder_version=&#8221;4.24.2&#8243; _module_preset=&#8221;6ca48a7f-dd5e-43a4-bfb2-9a227fa0d7ce&#8221; custom_margin=&#8221;||||false|false&#8221; custom_padding=&#8221;42px|0px|0px|5px||&#8221; global_colors_info=&#8221;{}&#8221;][\/et_pb_image][et_pb_text _builder_version=&#8221;4.24.2&#8243; _module_preset=&#8221;f145cdd5-ca67-4591-8424-8620ace26c5d&#8221; width=&#8221;90.4%&#8221; custom_margin=&#8221;|23px|10px||false|false&#8221; custom_padding=&#8221;|15px||||&#8221; link_option_url=&#8221;https:\/\/blogsaverroes.juntadeandalucia.es\/ceipnsangustias\/files\/2025\/04\/Proyecto-Educativo-24_25.pdf&#8221; link_option_url_new_window=&#8221;on&#8221; global_colors_info=&#8221;{}&#8221;]<\/p>\n<p style=\"text-align: center\">Aqu\u00ed conocer\u00e1s nuestro Proyecto Educativo, con los Criterios de Evaluaci\u00f3n de cada \u00e1rea.<\/p>\n<p>[\/et_pb_text][et_pb_button button_url=&#8221;https:\/\/blogsaverroes.juntadeandalucia.es\/ceipnsangustias\/files\/2025\/04\/Proyecto-Educativo-24_25.pdf&#8221; url_new_window=&#8221;on&#8221; button_text=&#8221;Pincha aqu\u00ed para + informaci\u00f3n&#8221; button_alignment=&#8221;center&#8221; _builder_version=&#8221;4.24.2&#8243; _module_preset=&#8221;90e99c5f-915a-4be6-99ad-bf0bae0b4ae8&#8243; custom_margin=&#8221;|13px||||&#8221; custom_padding=&#8221;|11px||||&#8221; global_colors_info=&#8221;{}&#8221;][\/et_pb_button][\/et_pb_column][et_pb_column type=&#8221;1_3&#8243; _builder_version=&#8221;4.24.2&#8243; _module_preset=&#8221;default&#8221; custom_padding=&#8221;21px|21px|21px|21px|false|false&#8221; global_colors_info=&#8221;{}&#8221;][et_pb_image src=&#8221;https:\/\/blogsaverroes.juntadeandalucia.es\/ceipnsangustias\/files\/2025\/09\/Post-de-Facebook-Minimalista-con-Frase-Inspiradora-Simple-Beige-5-1.png&#8221; title_text=&#8221;Post de Facebook Minimalista con Frase Inspiradora Simple Beige (5)&#8221; url=&#8221;https:\/\/blogsaverroes.juntadeandalucia.es\/ceipnsangustias\/files\/2026\/01\/Criterios-de-evaluacion-1.pdf&#8221; url_new_window=&#8221;on&#8221; _builder_version=&#8221;4.24.2&#8243; _module_preset=&#8221;6ca48a7f-dd5e-43a4-bfb2-9a227fa0d7ce&#8221; custom_margin=&#8221;||||false|false&#8221; custom_padding=&#8221;20px|0px|35px|5px||&#8221; global_colors_info=&#8221;{}&#8221;][\/et_pb_image][et_pb_text _builder_version=&#8221;4.24.2&#8243; _module_preset=&#8221;f145cdd5-ca67-4591-8424-8620ace26c5d&#8221; custom_margin=&#8221;|-1px|10px||false|false&#8221; custom_padding=&#8221;|3px||||&#8221; link_option_url=&#8221;https:\/\/blogsaverroes.juntadeandalucia.es\/ceipnsangustias\/files\/2026\/01\/Criterios-de-evaluacion-1.pdf&#8221; link_option_url_new_window=&#8221;on&#8221; global_colors_info=&#8221;{}&#8221;]<\/p>\n<p style=\"text-align: center\">Criterios de Evaluaci\u00f3n, calificaci\u00f3n y promoci\u00f3n recogidos en el Proyecto Educativo.<\/p>\n<p>[\/et_pb_text][et_pb_button button_url=&#8221;https:\/\/blogsaverroes.juntadeandalucia.es\/ceipnsangustias\/files\/2026\/01\/Criterios-de-evaluacion-1.pdf&#8221; button_text=&#8221;Pincha aqu\u00ed para + informaci\u00f3n&#8221; button_alignment=&#8221;center&#8221; _builder_version=&#8221;4.24.2&#8243; _module_preset=&#8221;90e99c5f-915a-4be6-99ad-bf0bae0b4ae8&#8243; custom_margin=&#8221;|-1px||||&#8221; custom_padding=&#8221;|7px||||&#8221; global_colors_info=&#8221;{}&#8221;][\/et_pb_button][\/et_pb_column][\/et_pb_row][et_pb_row column_structure=&#8221;1_3,1_3,1_3&#8243; _builder_version=&#8221;4.24.2&#8243; _module_preset=&#8221;default&#8221; global_colors_info=&#8221;{}&#8221;][et_pb_column type=&#8221;1_3&#8243; _builder_version=&#8221;4.24.2&#8243; _module_preset=&#8221;default&#8221; custom_padding=&#8221;21px|21px|21px|21px|false|false&#8221; global_colors_info=&#8221;{}&#8221;][et_pb_image src=&#8221;https:\/\/blogsaverroes.juntadeandalucia.es\/ceipnsangustias\/files\/2025\/09\/Post-de-Facebook-Minimalista-con-Frase-Inspiradora-Simple-Beige-3-1.png&#8221; title_text=&#8221;Post de Facebook Minimalista con Frase Inspiradora Simple Beige (3)&#8221; url=&#8221;https:\/\/blogsaverroes.juntadeandalucia.es\/ceipnsangustias\/files\/2025\/04\/POAT-1.pdf&#8221; url_new_window=&#8221;on&#8221; _builder_version=&#8221;4.24.2&#8243; _module_preset=&#8221;6ca48a7f-dd5e-43a4-bfb2-9a227fa0d7ce&#8221; custom_margin=&#8221;||||false|false&#8221; custom_padding=&#8221;|1px||||&#8221; global_colors_info=&#8221;{}&#8221;][\/et_pb_image][et_pb_text _builder_version=&#8221;4.24.2&#8243; _module_preset=&#8221;f145cdd5-ca67-4591-8424-8620ace26c5d&#8221; custom_margin=&#8221;|-1px|10px||false|false&#8221; custom_padding=&#8221;|14px||||&#8221; link_option_url=&#8221;https:\/\/blogsaverroes.juntadeandalucia.es\/ceipnsangustias\/files\/2025\/04\/POAT-1.pdf&#8221; hover_enabled=&#8221;0&#8243; global_colors_info=&#8221;{}&#8221; sticky_enabled=&#8221;0&#8243;]<\/p>\n<p style=\"text-align: center\">Nuestro Plan de Orientaci\u00f3n y Acci\u00f3n tutorial es una pieza muy importante del centro.<\/p>\n<p>[\/et_pb_text][et_pb_button button_url=&#8221;https:\/\/blogsaverroes.juntadeandalucia.es\/ceipnsangustias\/files\/2025\/04\/POAT-1.pdf&#8221; url_new_window=&#8221;on&#8221; button_text=&#8221;Pincha aqu\u00ed para + informaci\u00f3n&#8221; button_alignment=&#8221;center&#8221; _builder_version=&#8221;4.24.2&#8243; _module_preset=&#8221;90e99c5f-915a-4be6-99ad-bf0bae0b4ae8&#8243; custom_margin=&#8221;|1px||||&#8221; custom_padding=&#8221;|2px||||&#8221; global_colors_info=&#8221;{}&#8221;][\/et_pb_button][\/et_pb_column][et_pb_column type=&#8221;1_3&#8243; _builder_version=&#8221;4.24.2&#8243; _module_preset=&#8221;default&#8221; custom_padding=&#8221;21px|21px|21px|21px|false|false&#8221; global_colors_info=&#8221;{}&#8221;][et_pb_image src=&#8221;https:\/\/blogsaverroes.juntadeandalucia.es\/ceipnsangustias\/files\/2025\/09\/Post-de-Facebook-Minimalista-con-Frase-Inspiradora-Simple-Beige-4-1.png&#8221; title_text=&#8221;Post de Facebook Minimalista con Frase Inspiradora Simple Beige (4)&#8221; url=&#8221;https:\/\/blogsaverroes.juntadeandalucia.es\/ceipnsangustias\/files\/2024\/11\/Plan-de-convivencia-2024_2025.pdf&#8221; url_new_window=&#8221;on&#8221; _builder_version=&#8221;4.24.2&#8243; _module_preset=&#8221;6ca48a7f-dd5e-43a4-bfb2-9a227fa0d7ce&#8221; custom_margin=&#8221;||||false|false&#8221; custom_padding=&#8221;|2px||||&#8221; hover_enabled=&#8221;0&#8243; global_colors_info=&#8221;{}&#8221; sticky_enabled=&#8221;0&#8243;][\/et_pb_image][et_pb_text _builder_version=&#8221;4.24.2&#8243; _module_preset=&#8221;f145cdd5-ca67-4591-8424-8620ace26c5d&#8221; width=&#8221;91.7%&#8221; custom_margin=&#8221;|0px|10px||false|false&#8221; custom_padding=&#8221;|0px||||&#8221; link_option_url=&#8221;https:\/\/blogsaverroes.juntadeandalucia.es\/ceipnsangustias\/files\/2024\/11\/Plan-de-convivencia-2024_2025.pdf&#8221; link_option_url_new_window=&#8221;on&#8221; hover_enabled=&#8221;0&#8243; global_colors_info=&#8221;{}&#8221; sticky_enabled=&#8221;0&#8243;]<\/p>\n<p style=\"text-align: center\">El Plan de Convivencia nos ayuda a tener unas relaciones saludables.<\/p>\n<p>[\/et_pb_text][et_pb_button button_url=&#8221;https:\/\/blogsaverroes.juntadeandalucia.es\/ceipnsangustias\/files\/2024\/11\/Plan-de-convivencia-2024_2025.pdf&#8221; url_new_window=&#8221;on&#8221; button_text=&#8221;Pincha aqu\u00ed para + informaci\u00f3n&#8221; button_alignment=&#8221;center&#8221; _builder_version=&#8221;4.24.2&#8243; _module_preset=&#8221;90e99c5f-915a-4be6-99ad-bf0bae0b4ae8&#8243; custom_margin=&#8221;|-3px||||&#8221; custom_padding=&#8221;|0px||||&#8221; global_colors_info=&#8221;{}&#8221;][\/et_pb_button][\/et_pb_column][et_pb_column type=&#8221;1_3&#8243; _builder_version=&#8221;4.24.2&#8243; _module_preset=&#8221;default&#8221; custom_padding=&#8221;21px|21px|21px|21px|false|false&#8221; global_colors_info=&#8221;{}&#8221;][et_pb_image src=&#8221;https:\/\/blogsaverroes.juntadeandalucia.es\/ceipnsangustias\/files\/2025\/09\/Post-de-Facebook-Minimalista-con-Frase-Inspiradora-Simple-Beige-2-1.png&#8221; title_text=&#8221;Post de Facebook Minimalista con Frase Inspiradora Simple Beige (2)&#8221; url=&#8221;https:\/\/blogsaverroes.juntadeandalucia.es\/ceipnsangustias\/files\/2026\/01\/Plan-de-mejora_merged.pdf&#8221; url_new_window=&#8221;on&#8221; _builder_version=&#8221;4.24.2&#8243; _module_preset=&#8221;6ca48a7f-dd5e-43a4-bfb2-9a227fa0d7ce&#8221; custom_margin=&#8221;||||false|false&#8221; custom_padding=&#8221;|2px||||&#8221; hover_enabled=&#8221;0&#8243; global_colors_info=&#8221;{}&#8221; sticky_enabled=&#8221;0&#8243;][\/et_pb_image][et_pb_text _builder_version=&#8221;4.24.2&#8243; _module_preset=&#8221;f145cdd5-ca67-4591-8424-8620ace26c5d&#8221; custom_margin=&#8221;|0px|10px||false|false&#8221; custom_padding=&#8221;|0px||||&#8221; link_option_url=&#8221;https:\/\/blogsaverroes.juntadeandalucia.es\/ceipnsangustias\/files\/2026\/01\/Plan-de-mejora_merged.pdf&#8221; link_option_url_new_window=&#8221;on&#8221; hover_enabled=&#8221;0&#8243; global_colors_info=&#8221;{}&#8221; sticky_enabled=&#8221;0&#8243;]<\/p>\n<p style=\"text-align: center\">\u00c9ste es el Plan de Mejora dise\u00f1ado para este curso escolar.<\/p>\n<p>[\/et_pb_text][et_pb_button button_url=&#8221;https:\/\/blogsaverroes.juntadeandalucia.es\/ceipnsangustias\/files\/2026\/01\/Plan-de-mejora_merged.pdf&#8221; url_new_window=&#8221;on&#8221; button_text=&#8221;Pincha aqu\u00ed para + informaci\u00f3n&#8221; button_alignment=&#8221;center&#8221; _builder_version=&#8221;4.24.2&#8243; _module_preset=&#8221;90e99c5f-915a-4be6-99ad-bf0bae0b4ae8&#8243; custom_margin=&#8221;|2px||||&#8221; custom_padding=&#8221;|0px||||&#8221; hover_enabled=&#8221;0&#8243; global_colors_info=&#8221;{}&#8221; sticky_enabled=&#8221;0&#8243;][\/et_pb_button][\/et_pb_column][\/et_pb_row][et_pb_row column_structure=&#8221;1_3,1_3,1_3&#8243; _builder_version=&#8221;4.24.2&#8243; _module_preset=&#8221;default&#8221; global_colors_info=&#8221;{}&#8221;][et_pb_column type=&#8221;1_3&#8243; _builder_version=&#8221;4.24.2&#8243; _module_preset=&#8221;default&#8221; custom_padding=&#8221;21px|21px|21px|21px|false|false&#8221; global_colors_info=&#8221;{}&#8221;][et_pb_image src=&#8221;https:\/\/blogsaverroes.juntadeandalucia.es\/ceipnsangustias\/files\/2025\/09\/Post-de-Facebook-Minimalista-con-Frase-Inspiradora-Simple-Beige-6-1.png&#8221; title_text=&#8221;Post de Facebook Minimalista con Frase Inspiradora Simple Beige (6)&#8221; url=&#8221;https:\/\/blogsaverroes.juntadeandalucia.es\/ceipnsangustias\/files\/2026\/01\/ROF-2025_2026.pdf&#8221; url_new_window=&#8221;on&#8221; _builder_version=&#8221;4.24.2&#8243; _module_preset=&#8221;6ca48a7f-dd5e-43a4-bfb2-9a227fa0d7ce&#8221; custom_margin=&#8221;||||false|false&#8221; custom_padding=&#8221;|1px||||&#8221; hover_enabled=&#8221;0&#8243; global_colors_info=&#8221;{}&#8221; sticky_enabled=&#8221;0&#8243;][\/et_pb_image][et_pb_text _builder_version=&#8221;4.24.2&#8243; _module_preset=&#8221;f145cdd5-ca67-4591-8424-8620ace26c5d&#8221; custom_margin=&#8221;|-1px|10px||false|false&#8221; custom_padding=&#8221;|14px||||&#8221; link_option_url=&#8221;https:\/\/blogsaverroes.juntadeandalucia.es\/ceipnsangustias\/files\/2026\/01\/ROF-2025_2026.pdf&#8221; hover_enabled=&#8221;0&#8243; global_colors_info=&#8221;{}&#8221; sticky_enabled=&#8221;0&#8243;]<\/p>\n<p style=\"text-align: center\">El Reglamento de Organizaci\u00f3n y Funcionamiento recoge c\u00f3mo nos organizamos<\/p>\n<p>[\/et_pb_text][et_pb_button button_url=&#8221;https:\/\/blogsaverroes.juntadeandalucia.es\/ceipnsangustias\/files\/2026\/01\/ROF-2025_2026.pdf&#8221; url_new_window=&#8221;on&#8221; button_text=&#8221;Pincha aqu\u00ed para + informaci\u00f3n&#8221; button_alignment=&#8221;center&#8221; _builder_version=&#8221;4.24.2&#8243; _module_preset=&#8221;90e99c5f-915a-4be6-99ad-bf0bae0b4ae8&#8243; custom_margin=&#8221;|1px||||&#8221; custom_padding=&#8221;|2px||||&#8221; hover_enabled=&#8221;0&#8243; global_colors_info=&#8221;{}&#8221; sticky_enabled=&#8221;0&#8243;][\/et_pb_button][\/et_pb_column][et_pb_column type=&#8221;1_3&#8243; _builder_version=&#8221;4.24.2&#8243; _module_preset=&#8221;default&#8221; custom_padding=&#8221;21px|21px|21px|21px|false|false&#8221; global_colors_info=&#8221;{}&#8221;][et_pb_image src=&#8221;https:\/\/blogsaverroes.juntadeandalucia.es\/ceipnsangustias\/files\/2025\/09\/Post-de-Facebook-Minimalista-con-Frase-Inspiradora-Simple-Beige-7.png&#8221; title_text=&#8221;Post de Facebook Minimalista con Frase Inspiradora Simple Beige (7)&#8221; url=&#8221;https:\/\/blogsaverroes.juntadeandalucia.es\/ceipnsangustias\/proyecto-de-gestion-y-protocolo-covid\/&#8221; url_new_window=&#8221;on&#8221; _builder_version=&#8221;4.24.2&#8243; _module_preset=&#8221;6ca48a7f-dd5e-43a4-bfb2-9a227fa0d7ce&#8221; custom_margin=&#8221;||||false|false&#8221; custom_padding=&#8221;|2px||||&#8221; hover_enabled=&#8221;0&#8243; global_colors_info=&#8221;{}&#8221; sticky_enabled=&#8221;0&#8243;][\/et_pb_image][et_pb_text _builder_version=&#8221;4.24.2&#8243; _module_preset=&#8221;f145cdd5-ca67-4591-8424-8620ace26c5d&#8221; width=&#8221;91.7%&#8221; custom_margin=&#8221;|0px|10px||false|false&#8221; custom_padding=&#8221;|0px||||&#8221; link_option_url=&#8221;https:\/\/blogsaverroes.juntadeandalucia.es\/ceipnsangustias\/proyecto-de-gestion-y-protocolo-covid\/&#8221; link_option_url_new_window=&#8221;on&#8221; global_colors_info=&#8221;{}&#8221;]<\/p>\n<p style=\"text-align: center\">Consulta c\u00f3mo gestionamos los diferentes recursos materiales y personales.<\/p>\n<p>[\/et_pb_text][et_pb_button button_url=&#8221;https:\/\/blogsaverroes.juntadeandalucia.es\/ceipnsangustias\/proyecto-de-gestion-y-protocolo-covid\/&#8221; url_new_window=&#8221;on&#8221; button_text=&#8221;Pincha aqu\u00ed para + informaci\u00f3n&#8221; button_alignment=&#8221;center&#8221; _builder_version=&#8221;4.24.2&#8243; _module_preset=&#8221;90e99c5f-915a-4be6-99ad-bf0bae0b4ae8&#8243; custom_margin=&#8221;|-3px||||&#8221; custom_padding=&#8221;|0px||||&#8221; global_colors_info=&#8221;{}&#8221;][\/et_pb_button][\/et_pb_column][et_pb_column type=&#8221;1_3&#8243; _builder_version=&#8221;4.24.2&#8243; _module_preset=&#8221;default&#8221; custom_padding=&#8221;21px|21px|21px|21px|false|false&#8221; global_colors_info=&#8221;{}&#8221;][et_pb_image src=&#8221;https:\/\/blogsaverroes.juntadeandalucia.es\/ceipnsangustias\/files\/2025\/09\/Post-de-Facebook-Minimalista-con-Frase-Inspiradora-Simple-Beige-8.png&#8221; title_text=&#8221;Post de Facebook Minimalista con Frase Inspiradora Simple Beige (8)&#8221; url=&#8221;https:\/\/blogsaverroes.juntadeandalucia.es\/ceipnsangustias\/autoproteccion\/&#8221; url_new_window=&#8221;on&#8221; _builder_version=&#8221;4.24.2&#8243; _module_preset=&#8221;6ca48a7f-dd5e-43a4-bfb2-9a227fa0d7ce&#8221; custom_margin=&#8221;||||false|false&#8221; custom_padding=&#8221;|2px||||&#8221; global_colors_info=&#8221;{}&#8221;][\/et_pb_image][et_pb_text _builder_version=&#8221;4.24.2&#8243; _module_preset=&#8221;f145cdd5-ca67-4591-8424-8620ace26c5d&#8221; custom_margin=&#8221;|0px|10px||false|false&#8221; custom_padding=&#8221;|0px||||&#8221; link_option_url=&#8221;https:\/\/blogsaverroes.juntadeandalucia.es\/ceipnsangustias\/autoproteccion\/&#8221; link_option_url_new_window=&#8221;on&#8221; global_colors_info=&#8221;{}&#8221;]<\/p>\n<p style=\"text-align: center\">Recoge los diferentes protocolos para protegernos y sentirnos seguros<\/p>\n<p>[\/et_pb_text][et_pb_button button_url=&#8221;https:\/\/blogsaverroes.juntadeandalucia.es\/ceipnsangustias\/autoproteccion\/&#8221; url_new_window=&#8221;on&#8221; button_text=&#8221;Pincha aqu\u00ed para + informaci\u00f3n&#8221; button_alignment=&#8221;center&#8221; _builder_version=&#8221;4.24.2&#8243; _module_preset=&#8221;90e99c5f-915a-4be6-99ad-bf0bae0b4ae8&#8243; custom_margin=&#8221;|2px||||&#8221; custom_padding=&#8221;|0px||||&#8221; global_colors_info=&#8221;{}&#8221;][\/et_pb_button][\/et_pb_column][\/et_pb_row][et_pb_row _builder_version=&#8221;4.24.2&#8243; _module_preset=&#8221;default&#8221; global_colors_info=&#8221;{}&#8221;][et_pb_column type=&#8221;4_4&#8243; _builder_version=&#8221;4.24.2&#8243; _module_preset=&#8221;default&#8221; global_colors_info=&#8221;{}&#8221;][et_pb_heading title=&#8221;Plan de actividades complementarias y extraescolares (salidas) del curso 2025\/2026&#8243; _builder_version=&#8221;4.24.2&#8243; _module_preset=&#8221;default&#8221; title_text_align=&#8221;center&#8221; title_text_color=&#8221;#FFFFFF&#8221; title_font_size=&#8221;32px&#8221; title_line_height=&#8221;1.1em&#8221; background_color=&#8221;#0C71C3&#8243; animation_style=&#8221;slide&#8221; title_text_shadow_style=&#8221;preset1&#8243; border_width_all=&#8221;5px&#8221; border_color_all=&#8221;#000000&#8243; box_shadow_style=&#8221;preset5&#8243; box_shadow_color=&#8221;#0C71C3&#8243; text_shadow_style=&#8221;preset1&#8243; text_shadow_vertical_length=&#8221;0.08em&#8221; text_shadow_blur_strength=&#8221;0.06em&#8221; text_shadow_color=&#8221;#FFFFFF&#8221; global_colors_info=&#8221;{}&#8221;][\/et_pb_heading][et_pb_button button_url=&#8221;https:\/\/www.calameo.com\/read\/004043019005a7ea27f38&#8243; url_new_window=&#8221;on&#8221; button_text=&#8221;Pincha aqu\u00ed para consultar las actividades de este curso escolar&#8221; button_alignment=&#8221;center&#8221; _builder_version=&#8221;4.24.2&#8243; _module_preset=&#8221;default&#8221; custom_button=&#8221;on&#8221; button_icon=&#8221;&#xe031;||divi||400&#8243; animation_style=&#8221;roll&#8221; button_text_shadow_style=&#8221;preset1&#8243; box_shadow_style=&#8221;preset6&#8243; global_colors_info=&#8221;{}&#8221;][\/et_pb_button][\/et_pb_column][\/et_pb_row][\/et_pb_section]<\/p>\n","protected":false},"excerpt":{"rendered":"<p>Descubre el Proyecto de Direcci\u00f3n de V\u00edctor de Haro.Aqu\u00ed conocer\u00e1s nuestro Proyecto Educativo, con los Criterios de Evaluaci\u00f3n de cada \u00e1rea.Criterios de Evaluaci\u00f3n, calificaci\u00f3n y promoci\u00f3n recogidos en el Proyecto Educativo.Nuestro Plan de Orientaci\u00f3n y Acci\u00f3n tutorial es una pieza muy importante del centro.El Plan de Convivencia nos ayuda a tener unas relaciones saludables.\u00c9ste es [&hellip;]<\/p>\n","protected":false},"author":15846,"featured_media":0,"parent":0,"menu_order":0,"comment_status":"closed","ping_status":"closed","template":"","meta":{"_et_pb_use_builder":"on","_et_pb_old_content":"","_et_gb_content_width":"","ngg_post_thumbnail":0,"footnotes":"","_mc_calendar":[]},"aioseo_notices":[],"_links":{"self":[{"href":"https:\/\/blogsaverroes.juntadeandalucia.es\/ceipnsangustias\/wp-json\/wp\/v2\/pages\/6490"}],"collection":[{"href":"https:\/\/blogsaverroes.juntadeandalucia.es\/ceipnsangustias\/wp-json\/wp\/v2\/pages"}],"about":[{"href":"https:\/\/blogsaverroes.juntadeandalucia.es\/ceipnsangustias\/wp-json\/wp\/v2\/types\/page"}],"author":[{"embeddable":true,"href":"https:\/\/blogsaverroes.juntadeandalucia.es\/ceipnsangustias\/wp-json\/wp\/v2\/users\/15846"}],"replies":[{"embeddable":true,"href":"https:\/\/blogsaverroes.juntadeandalucia.es\/ceipnsangustias\/wp-json\/wp\/v2\/comments?post=6490"}],"version-history":[{"count":12,"href":"https:\/\/blogsaverroes.juntadeandalucia.es\/ceipnsangustias\/wp-json\/wp\/v2\/pages\/6490\/revisions"}],"predecessor-version":[{"id":6959,"href":"https:\/\/blogsaverroes.juntadeandalucia.es\/ceipnsangustias\/wp-json\/wp\/v2\/pages\/6490\/revisions\/6959"}],"wp:attachment":[{"href":"https:\/\/blogsaverroes.juntadeandalucia.es\/ceipnsangustias\/wp-json\/wp\/v2\/media?parent=6490"}],"curies":[{"name":"wp","href":"https:\/\/api.w.org\/{rel}","templated":true}]}}