{"id":2984,"date":"2021-12-10T09:47:34","date_gmt":"2021-12-10T09:47:34","guid":{"rendered":"http:\/\/blogsaverroes.juntadeandalucia.es\/ceipnscarmen\/?page_id=2984"},"modified":"2021-12-10T09:47:34","modified_gmt":"2021-12-10T09:47:34","slug":"atal","status":"publish","type":"page","link":"https:\/\/blogsaverroes.juntadeandalucia.es\/ceipnscarmen\/atal\/","title":{"rendered":"ATAL"},"content":{"rendered":"<p><iframe loading=\"lazy\" title=\"\u0627\u0633\u0627\u0633\u064a\u0627\u062a \u0627\u0644\u0644\u063a\u0629 \u0627\u0644\u0627\u0633\u0628\u0627\u0646\u064a\u0629 | \u0625\u0633\u062a\u0639\u0645\u0627\u0644\u0627\u062a  ser \/ estar [ \u062a\u0639\u0644\u0645 \u0627\u0644\u0627\u0633\u0628\u0627\u0646\u064a\u0629 \u0627\u0644\u0627\u0646 \u0648 \u0644\u0627 \u062a\u0636\u064a\u0639 \u0627\u0644\u0648\u0642\u062a]\" width=\"843\" height=\"474\" src=\"https:\/\/www.youtube.com\/embed\/3h3PPx6RxTc?feature=oembed\" frameborder=\"0\" allow=\"accelerometer; autoplay; clipboard-write; encrypted-media; gyroscope; picture-in-picture; web-share\" referrerpolicy=\"strict-origin-when-cross-origin\" allowfullscreen><\/iframe><\/p>\n<p>Dejamos este v\u00eddeo para que nuestras queridas familias marroqu\u00edes practiquen y mejoren la lengua espa\u00f1ola.<\/p>\n","protected":false},"excerpt":{"rendered":"<p>Dejamos este v\u00eddeo para que nuestras queridas familias marroqu\u00edes practiquen y mejoren la lengua espa\u00f1ola.<\/p>\n","protected":false},"author":1907,"featured_media":0,"parent":0,"menu_order":0,"comment_status":"closed","ping_status":"closed","template":"","meta":{"ngg_post_thumbnail":0,"footnotes":"","_mc_calendar":[]},"aioseo_notices":[],"_links":{"self":[{"href":"https:\/\/blogsaverroes.juntadeandalucia.es\/ceipnscarmen\/wp-json\/wp\/v2\/pages\/2984"}],"collection":[{"href":"https:\/\/blogsaverroes.juntadeandalucia.es\/ceipnscarmen\/wp-json\/wp\/v2\/pages"}],"about":[{"href":"https:\/\/blogsaverroes.juntadeandalucia.es\/ceipnscarmen\/wp-json\/wp\/v2\/types\/page"}],"author":[{"embeddable":true,"href":"https:\/\/blogsaverroes.juntadeandalucia.es\/ceipnscarmen\/wp-json\/wp\/v2\/users\/1907"}],"replies":[{"embeddable":true,"href":"https:\/\/blogsaverroes.juntadeandalucia.es\/ceipnscarmen\/wp-json\/wp\/v2\/comments?post=2984"}],"version-history":[{"count":1,"href":"https:\/\/blogsaverroes.juntadeandalucia.es\/ceipnscarmen\/wp-json\/wp\/v2\/pages\/2984\/revisions"}],"predecessor-version":[{"id":2986,"href":"https:\/\/blogsaverroes.juntadeandalucia.es\/ceipnscarmen\/wp-json\/wp\/v2\/pages\/2984\/revisions\/2986"}],"wp:attachment":[{"href":"https:\/\/blogsaverroes.juntadeandalucia.es\/ceipnscarmen\/wp-json\/wp\/v2\/media?parent=2984"}],"curies":[{"name":"wp","href":"https:\/\/api.w.org\/{rel}","templated":true}]}}

<p><iframe loading="lazy" title="اساسيات اللغة الاسبانية | إستعمالات  ser / estar [ تعلم الاسبانية الان و لا تضيع الوقت]" width="843" height="474" src="https://www.youtube.com/embed/3h3PPx6RxTc?feature=oembed" frameborder="0" allow="accelerometer; autoplay; clipboard-write; encrypted-media; gyroscope; picture-in-picture; web-share" referrerpolicy="strict-origin-when-cross-origin" allowfullscreen></iframe></p>
<p>Dejamos este vídeo para que nuestras queridas familias marroquíes practiquen y mejoren la lengua española.</p>

<p>Dejamos este vídeo para que nuestras queridas familias marroquíes practiquen y mejoren la lengua española.</p>
