{"id":6049,"date":"2025-02-20T09:12:16","date_gmt":"2025-02-20T09:12:16","guid":{"rendered":"https:\/\/blogsaverroes.juntadeandalucia.es\/ceipnscarmen\/?page_id=6049"},"modified":"2025-02-20T09:26:20","modified_gmt":"2025-02-20T09:26:20","slug":"circulos-de-dialogo","status":"publish","type":"page","link":"https:\/\/blogsaverroes.juntadeandalucia.es\/ceipnscarmen\/circulos-de-dialogo\/","title":{"rendered":"C\u00edrculos de di\u00e1logo"},"content":{"rendered":"<p>En nuestro cole nos importa mucho la convivencia y el bienestar de nuestro alumnos. Para ello hemos puesto en marcha \u00abC\u00cdRCULOS DE DI\u00c1LOGO\u00bb en los que nuestro alumnado podr\u00e1 aprender a gestionar sus emociones y nos hablar\u00e1n de lo que nos preocupa. Esta actividad la realiza nuestra maestra PT del programa PROA+ TRANSF\u00d3RMATE<\/p>\n<p>&nbsp;<\/p>\n<p>https:\/\/www.facebook.com\/CEIPNuestraSradelCarmenrealengo\/posts\/pfbid0W25CzsPdtbVMRo6BuiMrEMXLApFZwKRJvay4c6RM5jRTi7inmdWAyvCnwQDs6SFl<\/p>\n<p>&nbsp;<\/p>\n<p><a href=\"https:\/\/blogsaverroes.juntadeandalucia.es\/ceipnscarmen\/files\/2025\/02\/logo-proa.jpg\"><img loading=\"lazy\" decoding=\"async\" class=\"alignnone size-medium wp-image-6050\" src=\"https:\/\/blogsaverroes.juntadeandalucia.es\/ceipnscarmen\/files\/2025\/02\/logo-proa-300x150.jpg\" alt=\"\" width=\"300\" height=\"150\" srcset=\"https:\/\/blogsaverroes.juntadeandalucia.es\/ceipnscarmen\/files\/2025\/02\/logo-proa-300x150.jpg 300w, https:\/\/blogsaverroes.juntadeandalucia.es\/ceipnscarmen\/files\/2025\/02\/logo-proa.jpg 600w\" sizes=\"(max-width: 300px) 100vw, 300px\" \/><\/a><\/p>\n<p><a href=\"https:\/\/blogsaverroes.juntadeandalucia.es\/ceipnscarmen\/files\/2025\/02\/WhatsApp-Image-2025-02-17-at-11.27.27-1.jpeg\"><img loading=\"lazy\" decoding=\"async\" class=\"alignnone size-medium wp-image-6051\" src=\"https:\/\/blogsaverroes.juntadeandalucia.es\/ceipnscarmen\/files\/2025\/02\/WhatsApp-Image-2025-02-17-at-11.27.27-1-300x169.jpeg\" alt=\"\" width=\"300\" height=\"169\" srcset=\"https:\/\/blogsaverroes.juntadeandalucia.es\/ceipnscarmen\/files\/2025\/02\/WhatsApp-Image-2025-02-17-at-11.27.27-1-300x169.jpeg 300w, https:\/\/blogsaverroes.juntadeandalucia.es\/ceipnscarmen\/files\/2025\/02\/WhatsApp-Image-2025-02-17-at-11.27.27-1-1024x577.jpeg 1024w, https:\/\/blogsaverroes.juntadeandalucia.es\/ceipnscarmen\/files\/2025\/02\/WhatsApp-Image-2025-02-17-at-11.27.27-1-768x432.jpeg 768w, https:\/\/blogsaverroes.juntadeandalucia.es\/ceipnscarmen\/files\/2025\/02\/WhatsApp-Image-2025-02-17-at-11.27.27-1-1536x865.jpeg 1536w, https:\/\/blogsaverroes.juntadeandalucia.es\/ceipnscarmen\/files\/2025\/02\/WhatsApp-Image-2025-02-17-at-11.27.27-1.jpeg 1600w\" sizes=\"(max-width: 300px) 100vw, 300px\" \/><\/a> <a href=\"https:\/\/blogsaverroes.juntadeandalucia.es\/ceipnscarmen\/files\/2025\/02\/WhatsApp-Image-2025-02-17-at-11.27.14-3.jpeg\"><img loading=\"lazy\" decoding=\"async\" class=\"alignnone size-medium wp-image-6052\" src=\"https:\/\/blogsaverroes.juntadeandalucia.es\/ceipnscarmen\/files\/2025\/02\/WhatsApp-Image-2025-02-17-at-11.27.14-3-300x225.jpeg\" alt=\"\" width=\"300\" height=\"225\" srcset=\"https:\/\/blogsaverroes.juntadeandalucia.es\/ceipnscarmen\/files\/2025\/02\/WhatsApp-Image-2025-02-17-at-11.27.14-3-300x225.jpeg 300w, https:\/\/blogsaverroes.juntadeandalucia.es\/ceipnscarmen\/files\/2025\/02\/WhatsApp-Image-2025-02-17-at-11.27.14-3-1024x768.jpeg 1024w, https:\/\/blogsaverroes.juntadeandalucia.es\/ceipnscarmen\/files\/2025\/02\/WhatsApp-Image-2025-02-17-at-11.27.14-3-768x576.jpeg 768w, https:\/\/blogsaverroes.juntadeandalucia.es\/ceipnscarmen\/files\/2025\/02\/WhatsApp-Image-2025-02-17-at-11.27.14-3-1536x1152.jpeg 1536w, https:\/\/blogsaverroes.juntadeandalucia.es\/ceipnscarmen\/files\/2025\/02\/WhatsApp-Image-2025-02-17-at-11.27.14-3.jpeg 1600w\" sizes=\"(max-width: 300px) 100vw, 300px\" \/><\/a> <a href=\"https:\/\/blogsaverroes.juntadeandalucia.es\/ceipnscarmen\/files\/2025\/02\/WhatsApp-Image-2025-02-17-at-11.27.14-2.jpeg\"><img loading=\"lazy\" decoding=\"async\" class=\"alignnone size-medium wp-image-6053\" src=\"https:\/\/blogsaverroes.juntadeandalucia.es\/ceipnscarmen\/files\/2025\/02\/WhatsApp-Image-2025-02-17-at-11.27.14-2-300x225.jpeg\" alt=\"\" width=\"300\" height=\"225\" srcset=\"https:\/\/blogsaverroes.juntadeandalucia.es\/ceipnscarmen\/files\/2025\/02\/WhatsApp-Image-2025-02-17-at-11.27.14-2-300x225.jpeg 300w, https:\/\/blogsaverroes.juntadeandalucia.es\/ceipnscarmen\/files\/2025\/02\/WhatsApp-Image-2025-02-17-at-11.27.14-2-1024x768.jpeg 1024w, https:\/\/blogsaverroes.juntadeandalucia.es\/ceipnscarmen\/files\/2025\/02\/WhatsApp-Image-2025-02-17-at-11.27.14-2-768x576.jpeg 768w, https:\/\/blogsaverroes.juntadeandalucia.es\/ceipnscarmen\/files\/2025\/02\/WhatsApp-Image-2025-02-17-at-11.27.14-2-1536x1152.jpeg 1536w, https:\/\/blogsaverroes.juntadeandalucia.es\/ceipnscarmen\/files\/2025\/02\/WhatsApp-Image-2025-02-17-at-11.27.14-2.jpeg 1600w\" sizes=\"(max-width: 300px) 100vw, 300px\" \/><\/a><\/p>\n","protected":false},"excerpt":{"rendered":"<p>En nuestro cole nos importa mucho la convivencia y el bienestar de nuestro alumnos. Para ello hemos puesto en marcha \u00abC\u00cdRCULOS DE DI\u00c1LOGO\u00bb en los&hellip;<\/p>\n","protected":false},"author":1907,"featured_media":0,"parent":0,"menu_order":0,"comment_status":"closed","ping_status":"closed","template":"","meta":{"ngg_post_thumbnail":0,"footnotes":"","_mc_calendar":[]},"aioseo_notices":[],"_links":{"self":[{"href":"https:\/\/blogsaverroes.juntadeandalucia.es\/ceipnscarmen\/wp-json\/wp\/v2\/pages\/6049"}],"collection":[{"href":"https:\/\/blogsaverroes.juntadeandalucia.es\/ceipnscarmen\/wp-json\/wp\/v2\/pages"}],"about":[{"href":"https:\/\/blogsaverroes.juntadeandalucia.es\/ceipnscarmen\/wp-json\/wp\/v2\/types\/page"}],"author":[{"embeddable":true,"href":"https:\/\/blogsaverroes.juntadeandalucia.es\/ceipnscarmen\/wp-json\/wp\/v2\/users\/1907"}],"replies":[{"embeddable":true,"href":"https:\/\/blogsaverroes.juntadeandalucia.es\/ceipnscarmen\/wp-json\/wp\/v2\/comments?post=6049"}],"version-history":[{"count":2,"href":"https:\/\/blogsaverroes.juntadeandalucia.es\/ceipnscarmen\/wp-json\/wp\/v2\/pages\/6049\/revisions"}],"predecessor-version":[{"id":6058,"href":"https:\/\/blogsaverroes.juntadeandalucia.es\/ceipnscarmen\/wp-json\/wp\/v2\/pages\/6049\/revisions\/6058"}],"wp:attachment":[{"href":"https:\/\/blogsaverroes.juntadeandalucia.es\/ceipnscarmen\/wp-json\/wp\/v2\/media?parent=6049"}],"curies":[{"name":"wp","href":"https:\/\/api.w.org\/{rel}","templated":true}]}}