{"id":6669,"date":"2025-05-23T11:47:53","date_gmt":"2025-05-23T11:47:53","guid":{"rendered":"https:\/\/blogsaverroes.juntadeandalucia.es\/ceipnscarmen\/?page_id=6669"},"modified":"2025-05-30T08:54:47","modified_gmt":"2025-05-30T08:54:47","slug":"dia-de-europa","status":"publish","type":"page","link":"https:\/\/blogsaverroes.juntadeandalucia.es\/ceipnscarmen\/dia-de-europa\/","title":{"rendered":"D\u00eda de Europa"},"content":{"rendered":"<p>El 9 de mayo celebramos el d\u00eda de Europa dentro de nuestro programa ERASMUS. Descubrimos que a nuestros ni\u00f1<a class=\"x1i10hfl xjbqb8w x1ejq31n xd10rxx x1sy0etr x17r0tee x972fbf xcfux6l x1qhh985 xm0m39n x9f619 x1ypdohk xt0psk2 xe8uvvx xdj266r x11i5rnm xat24cr x1mh8g0r xexx8yu x4uap5 x18d9i69 xkhd6sd x16tdsg8 x1hl2dhg xggy1nq x1a2a7pz notranslate _a6hd\" role=\"link\" href=\"https:\/\/www.instagram.com\/s\/\">@s<\/a>&nbsp;les encanta viajar<\/p>\n<p><a href=\"https:\/\/blogsaverroes.juntadeandalucia.es\/ceipnscarmen\/files\/2025\/05\/Logo.png\"><img loading=\"lazy\" decoding=\"async\" class=\"alignnone size-medium wp-image-6670\" src=\"https:\/\/blogsaverroes.juntadeandalucia.es\/ceipnscarmen\/files\/2025\/05\/Logo-296x300.png\" alt=\"\" width=\"296\" height=\"300\" srcset=\"https:\/\/blogsaverroes.juntadeandalucia.es\/ceipnscarmen\/files\/2025\/05\/Logo-296x300.png 296w, https:\/\/blogsaverroes.juntadeandalucia.es\/ceipnscarmen\/files\/2025\/05\/Logo-768x778.png 768w, https:\/\/blogsaverroes.juntadeandalucia.es\/ceipnscarmen\/files\/2025\/05\/Logo-60x60.png 60w, https:\/\/blogsaverroes.juntadeandalucia.es\/ceipnscarmen\/files\/2025\/05\/Logo.png 910w\" sizes=\"(max-width: 296px) 100vw, 296px\" \/><\/a> <a href=\"https:\/\/blogsaverroes.juntadeandalucia.es\/ceipnscarmen\/files\/2025\/05\/6.png\"><img loading=\"lazy\" decoding=\"async\" class=\"alignnone size-medium wp-image-6671\" src=\"https:\/\/blogsaverroes.juntadeandalucia.es\/ceipnscarmen\/files\/2025\/05\/6-300x165.png\" alt=\"\" width=\"300\" height=\"165\" srcset=\"https:\/\/blogsaverroes.juntadeandalucia.es\/ceipnscarmen\/files\/2025\/05\/6-300x165.png 300w, https:\/\/blogsaverroes.juntadeandalucia.es\/ceipnscarmen\/files\/2025\/05\/6-1024x562.png 1024w, https:\/\/blogsaverroes.juntadeandalucia.es\/ceipnscarmen\/files\/2025\/05\/6-768x421.png 768w, https:\/\/blogsaverroes.juntadeandalucia.es\/ceipnscarmen\/files\/2025\/05\/6.png 1510w\" sizes=\"(max-width: 300px) 100vw, 300px\" \/><\/a> <a href=\"https:\/\/blogsaverroes.juntadeandalucia.es\/ceipnscarmen\/files\/2025\/05\/5.png\"><img loading=\"lazy\" decoding=\"async\" class=\"alignnone size-medium wp-image-6672\" src=\"https:\/\/blogsaverroes.juntadeandalucia.es\/ceipnscarmen\/files\/2025\/05\/5-300x174.png\" alt=\"\" width=\"300\" height=\"174\" srcset=\"https:\/\/blogsaverroes.juntadeandalucia.es\/ceipnscarmen\/files\/2025\/05\/5-300x174.png 300w, https:\/\/blogsaverroes.juntadeandalucia.es\/ceipnscarmen\/files\/2025\/05\/5-1024x594.png 1024w, https:\/\/blogsaverroes.juntadeandalucia.es\/ceipnscarmen\/files\/2025\/05\/5-768x445.png 768w, https:\/\/blogsaverroes.juntadeandalucia.es\/ceipnscarmen\/files\/2025\/05\/5.png 1462w\" sizes=\"(max-width: 300px) 100vw, 300px\" \/><\/a> <a href=\"https:\/\/blogsaverroes.juntadeandalucia.es\/ceipnscarmen\/files\/2025\/05\/4.png\"><img loading=\"lazy\" decoding=\"async\" class=\"alignnone size-medium wp-image-6673\" src=\"https:\/\/blogsaverroes.juntadeandalucia.es\/ceipnscarmen\/files\/2025\/05\/4-300x176.png\" alt=\"\" width=\"300\" height=\"176\" srcset=\"https:\/\/blogsaverroes.juntadeandalucia.es\/ceipnscarmen\/files\/2025\/05\/4-300x176.png 300w, https:\/\/blogsaverroes.juntadeandalucia.es\/ceipnscarmen\/files\/2025\/05\/4-1024x602.png 1024w, https:\/\/blogsaverroes.juntadeandalucia.es\/ceipnscarmen\/files\/2025\/05\/4-768x452.png 768w, https:\/\/blogsaverroes.juntadeandalucia.es\/ceipnscarmen\/files\/2025\/05\/4.png 1440w\" sizes=\"(max-width: 300px) 100vw, 300px\" \/><\/a> <a href=\"https:\/\/blogsaverroes.juntadeandalucia.es\/ceipnscarmen\/files\/2025\/05\/2.png\"><img loading=\"lazy\" decoding=\"async\" class=\"alignnone size-medium wp-image-6674\" src=\"https:\/\/blogsaverroes.juntadeandalucia.es\/ceipnscarmen\/files\/2025\/05\/2-300x172.png\" alt=\"\" width=\"300\" height=\"172\" srcset=\"https:\/\/blogsaverroes.juntadeandalucia.es\/ceipnscarmen\/files\/2025\/05\/2-300x172.png 300w, https:\/\/blogsaverroes.juntadeandalucia.es\/ceipnscarmen\/files\/2025\/05\/2-1024x588.png 1024w, https:\/\/blogsaverroes.juntadeandalucia.es\/ceipnscarmen\/files\/2025\/05\/2-768x441.png 768w, https:\/\/blogsaverroes.juntadeandalucia.es\/ceipnscarmen\/files\/2025\/05\/2-832x475.png 832w, https:\/\/blogsaverroes.juntadeandalucia.es\/ceipnscarmen\/files\/2025\/05\/2.png 1425w\" sizes=\"(max-width: 300px) 100vw, 300px\" \/><\/a> <a href=\"https:\/\/blogsaverroes.juntadeandalucia.es\/ceipnscarmen\/files\/2025\/05\/3.png\"><img loading=\"lazy\" decoding=\"async\" class=\"alignnone size-medium wp-image-6675\" src=\"https:\/\/blogsaverroes.juntadeandalucia.es\/ceipnscarmen\/files\/2025\/05\/3-300x174.png\" alt=\"\" width=\"300\" height=\"174\" srcset=\"https:\/\/blogsaverroes.juntadeandalucia.es\/ceipnscarmen\/files\/2025\/05\/3-300x174.png 300w, https:\/\/blogsaverroes.juntadeandalucia.es\/ceipnscarmen\/files\/2025\/05\/3-1024x594.png 1024w, https:\/\/blogsaverroes.juntadeandalucia.es\/ceipnscarmen\/files\/2025\/05\/3-768x445.png 768w, https:\/\/blogsaverroes.juntadeandalucia.es\/ceipnscarmen\/files\/2025\/05\/3.png 1452w\" sizes=\"(max-width: 300px) 100vw, 300px\" \/><\/a> <a href=\"https:\/\/blogsaverroes.juntadeandalucia.es\/ceipnscarmen\/files\/2025\/05\/1.png\"><img loading=\"lazy\" decoding=\"async\" class=\"alignnone size-medium wp-image-6676\" src=\"https:\/\/blogsaverroes.juntadeandalucia.es\/ceipnscarmen\/files\/2025\/05\/1-300x169.png\" alt=\"\" width=\"300\" height=\"169\" srcset=\"https:\/\/blogsaverroes.juntadeandalucia.es\/ceipnscarmen\/files\/2025\/05\/1-300x169.png 300w, https:\/\/blogsaverroes.juntadeandalucia.es\/ceipnscarmen\/files\/2025\/05\/1-1024x576.png 1024w, https:\/\/blogsaverroes.juntadeandalucia.es\/ceipnscarmen\/files\/2025\/05\/1-768x432.png 768w, https:\/\/blogsaverroes.juntadeandalucia.es\/ceipnscarmen\/files\/2025\/05\/1.png 1523w\" sizes=\"(max-width: 300px) 100vw, 300px\" \/><\/a><\/p>\n","protected":false},"excerpt":{"rendered":"<p>El 9 de mayo celebramos el d\u00eda de Europa dentro de nuestro programa ERASMUS. Descubrimos que a nuestros ni\u00f1@s&nbsp;les encanta viajar<\/p>\n","protected":false},"author":1907,"featured_media":0,"parent":0,"menu_order":0,"comment_status":"closed","ping_status":"closed","template":"","meta":{"ngg_post_thumbnail":0,"footnotes":"","_mc_calendar":[]},"aioseo_notices":[],"_links":{"self":[{"href":"https:\/\/blogsaverroes.juntadeandalucia.es\/ceipnscarmen\/wp-json\/wp\/v2\/pages\/6669"}],"collection":[{"href":"https:\/\/blogsaverroes.juntadeandalucia.es\/ceipnscarmen\/wp-json\/wp\/v2\/pages"}],"about":[{"href":"https:\/\/blogsaverroes.juntadeandalucia.es\/ceipnscarmen\/wp-json\/wp\/v2\/types\/page"}],"author":[{"embeddable":true,"href":"https:\/\/blogsaverroes.juntadeandalucia.es\/ceipnscarmen\/wp-json\/wp\/v2\/users\/1907"}],"replies":[{"embeddable":true,"href":"https:\/\/blogsaverroes.juntadeandalucia.es\/ceipnscarmen\/wp-json\/wp\/v2\/comments?post=6669"}],"version-history":[{"count":2,"href":"https:\/\/blogsaverroes.juntadeandalucia.es\/ceipnscarmen\/wp-json\/wp\/v2\/pages\/6669\/revisions"}],"predecessor-version":[{"id":6680,"href":"https:\/\/blogsaverroes.juntadeandalucia.es\/ceipnscarmen\/wp-json\/wp\/v2\/pages\/6669\/revisions\/6680"}],"wp:attachment":[{"href":"https:\/\/blogsaverroes.juntadeandalucia.es\/ceipnscarmen\/wp-json\/wp\/v2\/media?parent=6669"}],"curies":[{"name":"wp","href":"https:\/\/api.w.org\/{rel}","templated":true}]}}

Día de Europa

<p>El 9 de mayo celebramos el día de Europa dentro de nuestro programa ERASMUS. Descubrimos que a nuestros niñ<a class="x1i10hfl xjbqb8w x1ejq31n xd10rxx x1sy0etr x17r0tee x972fbf xcfux6l x1qhh985 xm0m39n x9f619 x1ypdohk xt0psk2 xe8uvvx xdj266r x11i5rnm xat24cr x1mh8g0r xexx8yu x4uap5 x18d9i69 xkhd6sd x16tdsg8 x1hl2dhg xggy1nq x1a2a7pz notranslate _a6hd" role="link" href="https://www.instagram.com/s/">@s</a>&nbsp;les encanta viajar</p>
<p><a href="https://blogsaverroes.juntadeandalucia.es/ceipnscarmen/files/2025/05/Logo.png"><img loading="lazy" decoding="async" class="alignnone size-medium wp-image-6670" src="https://blogsaverroes.juntadeandalucia.es/ceipnscarmen/files/2025/05/Logo-296x300.png" alt="" width="296" height="300" srcset="https://blogsaverroes.juntadeandalucia.es/ceipnscarmen/files/2025/05/Logo-296x300.png 296w, https://blogsaverroes.juntadeandalucia.es/ceipnscarmen/files/2025/05/Logo-768x778.png 768w, https://blogsaverroes.juntadeandalucia.es/ceipnscarmen/files/2025/05/Logo-60x60.png 60w, https://blogsaverroes.juntadeandalucia.es/ceipnscarmen/files/2025/05/Logo.png 910w" sizes="(max-width: 296px) 100vw, 296px" /></a> <a href="https://blogsaverroes.juntadeandalucia.es/ceipnscarmen/files/2025/05/6.png"><img loading="lazy" decoding="async" class="alignnone size-medium wp-image-6671" src="https://blogsaverroes.juntadeandalucia.es/ceipnscarmen/files/2025/05/6-300x165.png" alt="" width="300" height="165" srcset="https://blogsaverroes.juntadeandalucia.es/ceipnscarmen/files/2025/05/6-300x165.png 300w, https://blogsaverroes.juntadeandalucia.es/ceipnscarmen/files/2025/05/6-1024x562.png 1024w, https://blogsaverroes.juntadeandalucia.es/ceipnscarmen/files/2025/05/6-768x421.png 768w, https://blogsaverroes.juntadeandalucia.es/ceipnscarmen/files/2025/05/6.png 1510w" sizes="(max-width: 300px) 100vw, 300px" /></a> <a href="https://blogsaverroes.juntadeandalucia.es/ceipnscarmen/files/2025/05/5.png"><img loading="lazy" decoding="async" class="alignnone size-medium wp-image-6672" src="https://blogsaverroes.juntadeandalucia.es/ceipnscarmen/files/2025/05/5-300x174.png" alt="" width="300" height="174" srcset="https://blogsaverroes.juntadeandalucia.es/ceipnscarmen/files/2025/05/5-300x174.png 300w, https://blogsaverroes.juntadeandalucia.es/ceipnscarmen/files/2025/05/5-1024x594.png 1024w, https://blogsaverroes.juntadeandalucia.es/ceipnscarmen/files/2025/05/5-768x445.png 768w, https://blogsaverroes.juntadeandalucia.es/ceipnscarmen/files/2025/05/5.png 1462w" sizes="(max-width: 300px) 100vw, 300px" /></a> <a href="https://blogsaverroes.juntadeandalucia.es/ceipnscarmen/files/2025/05/4.png"><img loading="lazy" decoding="async" class="alignnone size-medium wp-image-6673" src="https://blogsaverroes.juntadeandalucia.es/ceipnscarmen/files/2025/05/4-300x176.png" alt="" width="300" height="176" srcset="https://blogsaverroes.juntadeandalucia.es/ceipnscarmen/files/2025/05/4-300x176.png 300w, https://blogsaverroes.juntadeandalucia.es/ceipnscarmen/files/2025/05/4-1024x602.png 1024w, https://blogsaverroes.juntadeandalucia.es/ceipnscarmen/files/2025/05/4-768x452.png 768w, https://blogsaverroes.juntadeandalucia.es/ceipnscarmen/files/2025/05/4.png 1440w" sizes="(max-width: 300px) 100vw, 300px" /></a> <a href="https://blogsaverroes.juntadeandalucia.es/ceipnscarmen/files/2025/05/2.png"><img loading="lazy" decoding="async" class="alignnone size-medium wp-image-6674" src="https://blogsaverroes.juntadeandalucia.es/ceipnscarmen/files/2025/05/2-300x172.png" alt="" width="300" height="172" srcset="https://blogsaverroes.juntadeandalucia.es/ceipnscarmen/files/2025/05/2-300x172.png 300w, https://blogsaverroes.juntadeandalucia.es/ceipnscarmen/files/2025/05/2-1024x588.png 1024w, https://blogsaverroes.juntadeandalucia.es/ceipnscarmen/files/2025/05/2-768x441.png 768w, https://blogsaverroes.juntadeandalucia.es/ceipnscarmen/files/2025/05/2-832x475.png 832w, https://blogsaverroes.juntadeandalucia.es/ceipnscarmen/files/2025/05/2.png 1425w" sizes="(max-width: 300px) 100vw, 300px" /></a> <a href="https://blogsaverroes.juntadeandalucia.es/ceipnscarmen/files/2025/05/3.png"><img loading="lazy" decoding="async" class="alignnone size-medium wp-image-6675" src="https://blogsaverroes.juntadeandalucia.es/ceipnscarmen/files/2025/05/3-300x174.png" alt="" width="300" height="174" srcset="https://blogsaverroes.juntadeandalucia.es/ceipnscarmen/files/2025/05/3-300x174.png 300w, https://blogsaverroes.juntadeandalucia.es/ceipnscarmen/files/2025/05/3-1024x594.png 1024w, https://blogsaverroes.juntadeandalucia.es/ceipnscarmen/files/2025/05/3-768x445.png 768w, https://blogsaverroes.juntadeandalucia.es/ceipnscarmen/files/2025/05/3.png 1452w" sizes="(max-width: 300px) 100vw, 300px" /></a> <a href="https://blogsaverroes.juntadeandalucia.es/ceipnscarmen/files/2025/05/1.png"><img loading="lazy" decoding="async" class="alignnone size-medium wp-image-6676" src="https://blogsaverroes.juntadeandalucia.es/ceipnscarmen/files/2025/05/1-300x169.png" alt="" width="300" height="169" srcset="https://blogsaverroes.juntadeandalucia.es/ceipnscarmen/files/2025/05/1-300x169.png 300w, https://blogsaverroes.juntadeandalucia.es/ceipnscarmen/files/2025/05/1-1024x576.png 1024w, https://blogsaverroes.juntadeandalucia.es/ceipnscarmen/files/2025/05/1-768x432.png 768w, https://blogsaverroes.juntadeandalucia.es/ceipnscarmen/files/2025/05/1.png 1523w" sizes="(max-width: 300px) 100vw, 300px" /></a></p>

<p>El 9 de mayo celebramos el día de Europa dentro de nuestro programa ERASMUS. Descubrimos que a nuestros niñ@s&nbsp;les encanta viajar</p>
