{"id":99,"date":"2015-03-16T07:22:54","date_gmt":"2015-03-16T07:22:54","guid":{"rendered":"http:\/\/blogsaverroes.juntadeandalucia.es\/pre\/ceip\/?page_id=99"},"modified":"2020-12-01T17:27:34","modified_gmt":"2020-12-01T17:27:34","slug":"comedor-escolar","status":"publish","type":"page","link":"https:\/\/blogsaverroes.juntadeandalucia.es\/ceipnsdelrosario\/comedor-escolar\/","title":{"rendered":"Comedor Escolar"},"content":{"rendered":"<h4><a href=\"https:\/\/blogsaverroes.juntadeandalucia.es\/ceipnsdelrosario\/files\/2020\/12\/MEN\u00da-DICIEMBRE-2020.pdf\">MEN\u00da DICIEMBRE 2020 (ENLACE A MEN\u00da)<\/a><\/h4>\n<p><a href=\"https:\/\/blogsaverroes.juntadeandalucia.es\/ceipnsdelrosario\/files\/2020\/12\/MEN\u00da-DICIEMBRE-2020.png\"><img loading=\"lazy\" decoding=\"async\" class=\"alignnone  wp-image-2490\" src=\"https:\/\/blogsaverroes.juntadeandalucia.es\/ceipnsdelrosario\/files\/2020\/12\/MEN\u00da-DICIEMBRE-2020-300x213.png\" alt=\"\" width=\"398\" height=\"283\" srcset=\"https:\/\/blogsaverroes.juntadeandalucia.es\/ceipnsdelrosario\/files\/2020\/12\/MEN\u00da-DICIEMBRE-2020-300x213.png 300w, https:\/\/blogsaverroes.juntadeandalucia.es\/ceipnsdelrosario\/files\/2020\/12\/MEN\u00da-DICIEMBRE-2020-768x544.png 768w, https:\/\/blogsaverroes.juntadeandalucia.es\/ceipnsdelrosario\/files\/2020\/12\/MEN\u00da-DICIEMBRE-2020-24x17.png 24w, https:\/\/blogsaverroes.juntadeandalucia.es\/ceipnsdelrosario\/files\/2020\/12\/MEN\u00da-DICIEMBRE-2020-36x26.png 36w, https:\/\/blogsaverroes.juntadeandalucia.es\/ceipnsdelrosario\/files\/2020\/12\/MEN\u00da-DICIEMBRE-2020-48x34.png 48w, https:\/\/blogsaverroes.juntadeandalucia.es\/ceipnsdelrosario\/files\/2020\/12\/MEN\u00da-DICIEMBRE-2020.png 926w\" sizes=\"(max-width: 398px) 100vw, 398px\" \/><\/a><\/p>\n<h4>&nbsp;<\/h4>\n<h4><a href=\"https:\/\/blogsaverroes.juntadeandalucia.es\/ceipnsdelrosario\/files\/2020\/09\/Men\u00fa-basal-l.-fr\u00eda-Junta-curso-20-21_10-sept-9-oct.pdf\">Men\u00fa basal l. fr\u00eda Junta curso 20-21_10 sept-9 oct<\/a><\/h4>\n<h4>Aqu\u00ed disponen del men\u00fa para septiembre&nbsp; y hasta el 9 de octubre. Buen provecho!!<\/h4>\n<h4><a href=\"https:\/\/blogsaverroes.juntadeandalucia.es\/ceipnsdelrosario\/files\/2020\/09\/unnamed.jpg\"><img loading=\"lazy\" decoding=\"async\" class=\"alignnone wp-image-2275\" src=\"https:\/\/blogsaverroes.juntadeandalucia.es\/ceipnsdelrosario\/files\/2020\/09\/unnamed-300x278.jpg\" alt=\"\" width=\"215\" height=\"199\" srcset=\"https:\/\/blogsaverroes.juntadeandalucia.es\/ceipnsdelrosario\/files\/2020\/09\/unnamed-300x278.jpg 300w, https:\/\/blogsaverroes.juntadeandalucia.es\/ceipnsdelrosario\/files\/2020\/09\/unnamed-24x22.jpg 24w, https:\/\/blogsaverroes.juntadeandalucia.es\/ceipnsdelrosario\/files\/2020\/09\/unnamed-36x33.jpg 36w, https:\/\/blogsaverroes.juntadeandalucia.es\/ceipnsdelrosario\/files\/2020\/09\/unnamed-48x44.jpg 48w, https:\/\/blogsaverroes.juntadeandalucia.es\/ceipnsdelrosario\/files\/2020\/09\/unnamed.jpg 340w\" sizes=\"(max-width: 215px) 100vw, 215px\" \/><\/a><\/h4>\n<h4>&nbsp;<\/h4>\n<h4><strong>Comedor Escolar<\/strong><\/h4>\n<p>Los comedores escolares son un servicio complementario que resulta de gran utilidad a padres y madres para ayudarles a conciliar la vida laboral y familiar. La empresa Mediterr\u00e1nea de Catering es la empresa encargada de este servicio en nuestro centro. Tiene una duraci\u00f3n de hasta dos horas desde que acaba la jornada escolar de la ma\u00f1ana (de 14.00 a 16.00 horas).<\/p>\n<p>Los comedores son adem\u00e1s una pieza importante&nbsp;en todas las medidas dirigidas a mejorar los h\u00e1bitos alimenticios de los ni\u00f1os y ni\u00f1as y prevenir problemas de salud como la obesidad.<\/p>\n<p>Los comedores escolares de los centros p\u00fablicos andaluces promueven una alimentaci\u00f3n saludable que est\u00e1 supervisada por nutricionistas y que, entre otros aspectos, se caracteriza por:<\/p>\n<p>Una mayor proporci\u00f3n de verdura en los men\u00fas<\/p>\n<p>Fruta fresca como postre al menos cuatro d\u00edas a la semana<\/p>\n<p>Uso de aceite de oliva virgen extra<\/p>\n<p>M\u00e1s pescado que carne, que debe ser magra<\/p>\n<p>Prohibici\u00f3n de los alimentos precocinados y limitaci\u00f3n de los fritos<\/p>\n<p>Apuesta por la dieta mediterr\u00e1nea y los productos ecol\u00f3gicos<\/p>\n<p>&nbsp;<\/p>\n<p>Nota Importante: Debido a la situaci\u00f3n actual que vivimos por la pandemia del Covid-19, se ruega respetar el horario de recogida del alumnado, el cual seguir\u00e1 un orden establecido:<\/p>\n<ul>\n<li>Infantil: 15 horas a 15:10 horas<\/li>\n<li>Primer ciclo: 15:15 horas&nbsp;<\/li>\n<li>Segundo ciclo: 15:20 horas<\/li>\n<li>Tercer ciclo: 15:25 horas<\/li>\n<\/ul>\n","protected":false},"excerpt":{"rendered":"<p>MEN\u00da DICIEMBRE 2020 (ENLACE A MEN\u00da) &nbsp; Men\u00fa basal l. fr\u00eda Junta curso 20-21_10 sept-9 oct Aqu\u00ed disponen del men\u00fa para septiembre&nbsp; y hasta el 9 de octubre. Buen provecho!! &nbsp; Comedor Escolar Los&#46;&#46;&#46;<\/p>\n","protected":false},"author":1,"featured_media":0,"parent":0,"menu_order":0,"comment_status":"closed","ping_status":"open","template":"page-cs.php","meta":{"ngg_post_thumbnail":0,"footnotes":"","_mc_calendar":[]},"aioseo_notices":[],"_links":{"self":[{"href":"https:\/\/blogsaverroes.juntadeandalucia.es\/ceipnsdelrosario\/wp-json\/wp\/v2\/pages\/99"}],"collection":[{"href":"https:\/\/blogsaverroes.juntadeandalucia.es\/ceipnsdelrosario\/wp-json\/wp\/v2\/pages"}],"about":[{"href":"https:\/\/blogsaverroes.juntadeandalucia.es\/ceipnsdelrosario\/wp-json\/wp\/v2\/types\/page"}],"author":[{"embeddable":true,"href":"https:\/\/blogsaverroes.juntadeandalucia.es\/ceipnsdelrosario\/wp-json\/wp\/v2\/users\/1"}],"replies":[{"embeddable":true,"href":"https:\/\/blogsaverroes.juntadeandalucia.es\/ceipnsdelrosario\/wp-json\/wp\/v2\/comments?post=99"}],"version-history":[{"count":8,"href":"https:\/\/blogsaverroes.juntadeandalucia.es\/ceipnsdelrosario\/wp-json\/wp\/v2\/pages\/99\/revisions"}],"predecessor-version":[{"id":2491,"href":"https:\/\/blogsaverroes.juntadeandalucia.es\/ceipnsdelrosario\/wp-json\/wp\/v2\/pages\/99\/revisions\/2491"}],"wp:attachment":[{"href":"https:\/\/blogsaverroes.juntadeandalucia.es\/ceipnsdelrosario\/wp-json\/wp\/v2\/media?parent=99"}],"curies":[{"name":"wp","href":"https:\/\/api.w.org\/{rel}","templated":true}]}}

<h4><a href="https://blogsaverroes.juntadeandalucia.es/ceipnsdelrosario/files/2020/12/MENÚ-DICIEMBRE-2020.pdf">MENÚ DICIEMBRE 2020 (ENLACE A MENÚ)</a></h4>
<p><a href="https://blogsaverroes.juntadeandalucia.es/ceipnsdelrosario/files/2020/12/MENÚ-DICIEMBRE-2020.png"><img loading="lazy" decoding="async" class="alignnone  wp-image-2490" src="https://blogsaverroes.juntadeandalucia.es/ceipnsdelrosario/files/2020/12/MENÚ-DICIEMBRE-2020-300x213.png" alt="" width="398" height="283" srcset="https://blogsaverroes.juntadeandalucia.es/ceipnsdelrosario/files/2020/12/MENÚ-DICIEMBRE-2020-300x213.png 300w, https://blogsaverroes.juntadeandalucia.es/ceipnsdelrosario/files/2020/12/MENÚ-DICIEMBRE-2020-768x544.png 768w, https://blogsaverroes.juntadeandalucia.es/ceipnsdelrosario/files/2020/12/MENÚ-DICIEMBRE-2020-24x17.png 24w, https://blogsaverroes.juntadeandalucia.es/ceipnsdelrosario/files/2020/12/MENÚ-DICIEMBRE-2020-36x26.png 36w, https://blogsaverroes.juntadeandalucia.es/ceipnsdelrosario/files/2020/12/MENÚ-DICIEMBRE-2020-48x34.png 48w, https://blogsaverroes.juntadeandalucia.es/ceipnsdelrosario/files/2020/12/MENÚ-DICIEMBRE-2020.png 926w" sizes="(max-width: 398px) 100vw, 398px" /></a></p>
<h4>&nbsp;</h4>
<h4><a href="https://blogsaverroes.juntadeandalucia.es/ceipnsdelrosario/files/2020/09/Menú-basal-l.-fría-Junta-curso-20-21_10-sept-9-oct.pdf">Menú basal l. fría Junta curso 20-21_10 sept-9 oct</a></h4>
<h4>Aquí disponen del menú para septiembre&nbsp; y hasta el 9 de octubre. Buen provecho!!</h4>
<h4><a href="https://blogsaverroes.juntadeandalucia.es/ceipnsdelrosario/files/2020/09/unnamed.jpg"><img loading="lazy" decoding="async" class="alignnone wp-image-2275" src="https://blogsaverroes.juntadeandalucia.es/ceipnsdelrosario/files/2020/09/unnamed-300x278.jpg" alt="" width="215" height="199" srcset="https://blogsaverroes.juntadeandalucia.es/ceipnsdelrosario/files/2020/09/unnamed-300x278.jpg 300w, https://blogsaverroes.juntadeandalucia.es/ceipnsdelrosario/files/2020/09/unnamed-24x22.jpg 24w, https://blogsaverroes.juntadeandalucia.es/ceipnsdelrosario/files/2020/09/unnamed-36x33.jpg 36w, https://blogsaverroes.juntadeandalucia.es/ceipnsdelrosario/files/2020/09/unnamed-48x44.jpg 48w, https://blogsaverroes.juntadeandalucia.es/ceipnsdelrosario/files/2020/09/unnamed.jpg 340w" sizes="(max-width: 215px) 100vw, 215px" /></a></h4>
<h4>&nbsp;</h4>
<h4><strong>Comedor Escolar</strong></h4>
<p>Los comedores escolares son un servicio complementario que resulta de gran utilidad a padres y madres para ayudarles a conciliar la vida laboral y familiar. La empresa Mediterránea de Catering es la empresa encargada de este servicio en nuestro centro. Tiene una duración de hasta dos horas desde que acaba la jornada escolar de la mañana (de 14.00 a 16.00 horas).</p>
<p>Los comedores son además una pieza importante&nbsp;en todas las medidas dirigidas a mejorar los hábitos alimenticios de los niños y niñas y prevenir problemas de salud como la obesidad.</p>
<p>Los comedores escolares de los centros públicos andaluces promueven una alimentación saludable que está supervisada por nutricionistas y que, entre otros aspectos, se caracteriza por:</p>
<p>Una mayor proporción de verdura en los menús</p>
<p>Fruta fresca como postre al menos cuatro días a la semana</p>
<p>Uso de aceite de oliva virgen extra</p>
<p>Más pescado que carne, que debe ser magra</p>
<p>Prohibición de los alimentos precocinados y limitación de los fritos</p>
<p>Apuesta por la dieta mediterránea y los productos ecológicos</p>
<p>&nbsp;</p>
<p>Nota Importante: Debido a la situación actual que vivimos por la pandemia del Covid-19, se ruega respetar el horario de recogida del alumnado, el cual seguirá un orden establecido:</p>
<ul>
<li>Infantil: 15 horas a 15:10 horas</li>
<li>Primer ciclo: 15:15 horas&nbsp;</li>
<li>Segundo ciclo: 15:20 horas</li>
<li>Tercer ciclo: 15:25 horas</li>
</ul>

<p>MENÚ DICIEMBRE 2020 (ENLACE A MENÚ) &nbsp; Menú basal l. fría Junta curso 20-21_10 sept-9 oct Aquí disponen del menú para septiembre&nbsp; y hasta el 9 de octubre. Buen provecho!! &nbsp; Comedor Escolar Los&#46;&#46;&#46;</p>
