{"id":2386,"date":"2017-02-23T11:49:50","date_gmt":"2017-02-23T10:49:50","guid":{"rendered":"http:\/\/blogsaverroes.juntadeandalucia.es\/ceipnslasnieves\/?page_id=2386"},"modified":"2021-12-15T09:06:29","modified_gmt":"2021-12-15T08:06:29","slug":"ampa","status":"publish","type":"page","link":"https:\/\/blogsaverroes.juntadeandalucia.es\/ceipnslasnieves\/ampa\/","title":{"rendered":"AMPA 5 DE AGOSTO"},"content":{"rendered":"<p>Asociaci\u00f3n de Madres y Padres de Alumnos del Colegio Ceip Ntra. Sra. de Las Nieves de Benacaz\u00f3n.<\/p>\n<p>CORREO ELECTR\u00d3NICO:&nbsp; &nbsp;<span role=\"gridcell\"><a href=\"mailto:deagostoampa@gmail.com\" target=\"_blank\" rel=\"noopener noreferrer\">deagostoampa@gmail.com<\/a><\/span><\/p>\n<p>SITIO WEB: <a href=\"https:\/\/ampa5deagosto.blogspot.com\">https:\/\/ampa5deagosto.blogspot.com<\/a><\/p>\n","protected":false},"excerpt":{"rendered":"<p>Asociaci\u00f3n de Madres y Padres de Alumnos del Colegio Ceip Ntra. Sra. de Las Nieves de Benacaz\u00f3n. CORREO ELECTR\u00d3NICO:&nbsp; &nbsp;deagostoampa@gmail.com SITIO WEB: https:\/\/ampa5deagosto.blogspot.com<\/p>\n","protected":false},"author":1867,"featured_media":0,"parent":0,"menu_order":0,"comment_status":"closed","ping_status":"closed","template":"","meta":{"ngg_post_thumbnail":0,"footnotes":"","_mc_calendar":[]},"aioseo_notices":[],"_links":{"self":[{"href":"https:\/\/blogsaverroes.juntadeandalucia.es\/ceipnslasnieves\/wp-json\/wp\/v2\/pages\/2386"}],"collection":[{"href":"https:\/\/blogsaverroes.juntadeandalucia.es\/ceipnslasnieves\/wp-json\/wp\/v2\/pages"}],"about":[{"href":"https:\/\/blogsaverroes.juntadeandalucia.es\/ceipnslasnieves\/wp-json\/wp\/v2\/types\/page"}],"author":[{"embeddable":true,"href":"https:\/\/blogsaverroes.juntadeandalucia.es\/ceipnslasnieves\/wp-json\/wp\/v2\/users\/1867"}],"replies":[{"embeddable":true,"href":"https:\/\/blogsaverroes.juntadeandalucia.es\/ceipnslasnieves\/wp-json\/wp\/v2\/comments?post=2386"}],"version-history":[{"count":6,"href":"https:\/\/blogsaverroes.juntadeandalucia.es\/ceipnslasnieves\/wp-json\/wp\/v2\/pages\/2386\/revisions"}],"predecessor-version":[{"id":3527,"href":"https:\/\/blogsaverroes.juntadeandalucia.es\/ceipnslasnieves\/wp-json\/wp\/v2\/pages\/2386\/revisions\/3527"}],"wp:attachment":[{"href":"https:\/\/blogsaverroes.juntadeandalucia.es\/ceipnslasnieves\/wp-json\/wp\/v2\/media?parent=2386"}],"curies":[{"name":"wp","href":"https:\/\/api.w.org\/{rel}","templated":true}]}}