{"id":35,"date":"2015-03-13T08:21:43","date_gmt":"2015-03-13T08:21:43","guid":{"rendered":"http:\/\/blogsaverroes.juntadeandalucia.es\/pre\/ceip\/?page_id=35"},"modified":"2021-03-02T10:42:02","modified_gmt":"2021-03-02T09:42:02","slug":"el-centro-2","status":"publish","type":"page","link":"https:\/\/blogsaverroes.juntadeandalucia.es\/ceipnslasnieves\/el-centro-2\/","title":{"rendered":"Datos del centro"},"content":{"rendered":"<p>&nbsp;<\/p>\n<table style=\"border-collapse: collapse;width: 100%;height: 23px\">\n<tbody>\n<tr>\n<td style=\"width: 50%\" colspan=\"2\">\n<h3>El Colegio <em><strong>Nuestra Se\u00f1ora de las Nieves<\/strong><\/em> es un centro escolar p\u00fablico que se encuentra ubicado en la localidad de <a title=\"Benacaz\u00f3n\" href=\"http:\/\/sevillapedia.wikanda.es\/wiki\/Benacaz%C3%B3n\">Benacaz\u00f3n<\/a> (<a title=\"Provincia de Sevilla\" href=\"http:\/\/sevillapedia.wikanda.es\/wiki\/Provincia_de_Sevilla\">Sevilla<\/a>).<\/h3>\n<h3>Direcci\u00f3n:&nbsp;<strong> Avd. Andaluc\u00eda 12. &nbsp;Benacaz\u00f3n&nbsp;41805 (Sevilla)<\/strong><\/h3>\n<\/td>\n<\/tr>\n<tr style=\"height: 23px\">\n<td style=\"width: 50%;height: 23px\"><strong>Formulario de contacto<\/strong><\/p>\n<p>\n<div class=\"wpcf7 no-js\" id=\"wpcf7-f2990-o1\" lang=\"es-ES\" dir=\"ltr\">\n<div class=\"screen-reader-response\"><p role=\"status\" aria-live=\"polite\" aria-atomic=\"true\"><\/p> <ul><\/ul><\/div>\n<form action=\"\/ceipnslasnieves\/wp-json\/wp\/v2\/pages\/35#wpcf7-f2990-o1\" method=\"post\" class=\"wpcf7-form init\" aria-label=\"Formulario de contacto\" novalidate=\"novalidate\" data-status=\"init\">\n<div style=\"display: none;\">\n<input type=\"hidden\" name=\"_wpcf7\" value=\"2990\" \/>\n<input type=\"hidden\" name=\"_wpcf7_version\" value=\"5.9.8\" \/>\n<input type=\"hidden\" name=\"_wpcf7_locale\" value=\"es_ES\" \/>\n<input type=\"hidden\" name=\"_wpcf7_unit_tag\" value=\"wpcf7-f2990-o1\" \/>\n<input type=\"hidden\" name=\"_wpcf7_container_post\" value=\"0\" \/>\n<input type=\"hidden\" name=\"_wpcf7_posted_data_hash\" value=\"\" \/>\n<\/div>\n<p><label> Nombre (requerido)<br \/>\n<span class=\"wpcf7-form-control-wrap\" data-name=\"your-name\"><input size=\"40\" maxlength=\"400\" class=\"wpcf7-form-control wpcf7-text wpcf7-validates-as-required\" aria-required=\"true\" aria-invalid=\"false\" value=\"\" type=\"text\" name=\"your-name\" \/><\/span> <\/label>\n<\/p>\n<p><label> Tu correo electr\u00f3nico (requerido)<br \/>\n<span class=\"wpcf7-form-control-wrap\" data-name=\"your-email\"><input size=\"40\" maxlength=\"400\" class=\"wpcf7-form-control wpcf7-email wpcf7-validates-as-required wpcf7-text wpcf7-validates-as-email\" aria-required=\"true\" aria-invalid=\"false\" value=\"\" type=\"email\" name=\"your-email\" \/><\/span> <\/label>\n<\/p>\n<p><label> Asunto<br \/>\n<span class=\"wpcf7-form-control-wrap\" data-name=\"your-subject\"><input size=\"40\" maxlength=\"400\" class=\"wpcf7-form-control wpcf7-text\" aria-invalid=\"false\" value=\"\" type=\"text\" name=\"your-subject\" \/><\/span> <\/label>\n<\/p>\n<p><label> Mensaje<br \/>\n<span class=\"wpcf7-form-control-wrap\" data-name=\"your-message\"><textarea cols=\"40\" rows=\"10\" maxlength=\"2000\" class=\"wpcf7-form-control wpcf7-textarea\" aria-invalid=\"false\" name=\"your-message\"><\/textarea><\/span> <\/label>\n<\/p>\n<p><input class=\"wpcf7-form-control wpcf7-submit has-spinner\" type=\"submit\" value=\"Enviar\" \/>\n<\/p><div class=\"wpcf7-response-output\" aria-hidden=\"true\"><\/div>\n<\/form>\n<\/div>\n<\/td>\n<td style=\"width: 50%;height: 23px\"><strong>Tel\u00e9fonos: &nbsp;&nbsp;955 622 117 \/ 671534507 \/ 671 56 55 39<\/strong><br \/>\n<strong>Emails:<\/strong>&nbsp;<\/p>\n<ul>\n<li>41000648.edu@juntadeandalucia.es<\/li>\n<li>administracion@ceiplasnieves.com<\/li>\n<li>ceipnslasnieves@gmail.com<\/li>\n<\/ul>\n<\/td>\n<\/tr>\n<\/tbody>\n<\/table>\n<ul>\n<li><strong>Horarios:<\/strong><\/li>\n<\/ul>\n<p>El horario escolar est\u00e1 dividido en dos:<\/p>\n<ul>\n<li>Horario lectivo: de 9 a 14 h<\/li>\n<li>Horario no lectivo: de 8:45 a 9 h y de 14 a 14:15 h<\/li>\n<\/ul>\n<h4><strong>Oferta educativa:<\/strong><\/h4>\n<p>Imparte formaci\u00f3n en las modalidades de Educaci\u00f3n Infantil, Primaria y Especial (Aula Espec\u00edfica)<\/p>\n<h4>Instalaciones:<\/h4>\n<p>El centro cuenta con 6 grandes bloques independientes:<\/p>\n<ul>\n<li>Bloque A: con las dependencias y despachos administrativos y los niveles de 4\u00ba, 5\u00ba y 6\u00ba.<\/li>\n<li>Bloque B: con los niveles de 1\u00ba, 2\u00ba y 3\u00ba.<\/li>\n<li>Bloque C: hilera de antiguas casas de maestros adosadas donde se imparten las ense\u00f1anzas de PT y AL, Aula Espec\u00edfica, Educaci\u00f3n F\u00edsica, Educaci\u00f3n Musical, Biblioteca, Aula Matinal y Sala de Exposiciones.<\/li>\n<li>Bloques D y E: destinado a las ense\u00f1anzas de Infantil<\/li>\n<li>Comedor y SUM.<\/li>\n<\/ul>\n<h4>C\u00f3mo llegar:<\/h4>\n<p><iframe src=\"https:\/\/www.google.com\/maps\/embed?pb=!1m18!1m12!1m3!1d3171.562293053799!2d-6.19212!3d37.35286999999999!2m3!1f0!2f0!3f0!3m2!1i1024!2i768!4f13.1!3m3!1m2!1s0xd1211010c9b33eb%3A0xb516eb76285bb852!2sC+E+I+P+Ntra+Sra+de+Las+Nieves!5e0!3m2!1ses!2ses!4v1441812222282\" width=\"600\" height=\"450\" frameborder=\"0\"><\/iframe><\/p>\n","protected":false},"excerpt":{"rendered":"<p>&nbsp; El Colegio Nuestra Se\u00f1ora de las Nieves es un centro escolar p\u00fablico que se encuentra ubicado en la localidad de Benacaz\u00f3n (Sevilla). Direcci\u00f3n:&nbsp; Avd. Andaluc\u00eda 12. &nbsp;Benacaz\u00f3n&nbsp;41805 (Sevilla) Formulario de contacto Tel\u00e9fonos: &nbsp;&nbsp;955&#46;&#46;&#46;<\/p>\n","protected":false},"author":1,"featured_media":0,"parent":0,"menu_order":0,"comment_status":"open","ping_status":"open","template":"","meta":{"ngg_post_thumbnail":0,"footnotes":"","_mc_calendar":[]},"aioseo_notices":[],"_links":{"self":[{"href":"https:\/\/blogsaverroes.juntadeandalucia.es\/ceipnslasnieves\/wp-json\/wp\/v2\/pages\/35"}],"collection":[{"href":"https:\/\/blogsaverroes.juntadeandalucia.es\/ceipnslasnieves\/wp-json\/wp\/v2\/pages"}],"about":[{"href":"https:\/\/blogsaverroes.juntadeandalucia.es\/ceipnslasnieves\/wp-json\/wp\/v2\/types\/page"}],"author":[{"embeddable":true,"href":"https:\/\/blogsaverroes.juntadeandalucia.es\/ceipnslasnieves\/wp-json\/wp\/v2\/users\/1"}],"replies":[{"embeddable":true,"href":"https:\/\/blogsaverroes.juntadeandalucia.es\/ceipnslasnieves\/wp-json\/wp\/v2\/comments?post=35"}],"version-history":[{"count":34,"href":"https:\/\/blogsaverroes.juntadeandalucia.es\/ceipnslasnieves\/wp-json\/wp\/v2\/pages\/35\/revisions"}],"predecessor-version":[{"id":3195,"href":"https:\/\/blogsaverroes.juntadeandalucia.es\/ceipnslasnieves\/wp-json\/wp\/v2\/pages\/35\/revisions\/3195"}],"wp:attachment":[{"href":"https:\/\/blogsaverroes.juntadeandalucia.es\/ceipnslasnieves\/wp-json\/wp\/v2\/media?parent=35"}],"curies":[{"name":"wp","href":"https:\/\/api.w.org\/{rel}","templated":true}]}}