{"id":870,"date":"2015-03-16T07:24:27","date_gmt":"2015-03-16T07:24:27","guid":{"rendered":"http:\/\/blogsaverroes.juntadeandalucia.es\/pre\/ceip\/?page_id=103"},"modified":"2020-08-06T23:41:33","modified_gmt":"2020-08-06T23:41:33","slug":"aula-matinal","status":"publish","type":"page","link":"https:\/\/blogsaverroes.juntadeandalucia.es\/ceipntrasradefatima\/aula-matinal\/","title":{"rendered":"Aula Matinal"},"content":{"rendered":"<!--themify_builder_content-->\n<div id=\"themify_builder_content-870\" data-postid=\"870\" class=\"themify_builder_content themify_builder_content-870 themify_builder tf_clear\">\n                    <div  data-css_id=\"hcd8127\" data-lazy=\"1\" class=\"module_row themify_builder_row fullwidth_row_container tb_hcd8127 tb_first tf_w\">\n            <span class=\"builder_row_cover tf_abs\"><\/span>            <div class=\"row_inner col_align_middle tb_col_count_1 tf_box tf_rel\">\n                        <div  data-lazy=\"1\" class=\"module_column tb-column col-full tb_h504129 first\">\n                    <!-- module text -->\n<div  class=\"module module-text tb_xkrg129  repeat \" data-lazy=\"1\">\n        <div  class=\"tb_text_wrap\">\n        <h1>Aula matinal<\/h1>    <\/div>\n<\/div>\n<!-- \/module text --><!-- module text -->\n<div  class=\"module module-text tb_hr47130   \" data-lazy=\"1\">\n        <div  class=\"tb_text_wrap\">\n        <p>El Aula Matinal abre a las 7.30 horas de lunes a viernes, ofreciendo actividades diversas a los ni\u00f1os y ni\u00f1as hasta el comienzo del horario lectivo.<\/p>\n<p>El servicio incluye:<\/p>\n<ul>\n<li><strong>Recogida de los ni\u00f1os.<\/strong><\/li>\n<li><strong>Actividades educativas.<\/strong><\/li>\n<li><strong>Ayuda en la ingesta del desayuno, si lo trae.<\/strong><\/li>\n<li><strong>Incorporaci\u00f3n a las clases a las 9:00.<\/strong><\/li>\n<\/ul>\n<p><strong>Precio<\/strong>:\u00a0 \u00a0D\u00edas sueltos 1,18\u20ac (previa solicitud). Mes completo 15,40\u20ac<\/p>\n<p>Bonificaciones disponibles que pueden ir del 10% al 100%.<\/p>    <\/div>\n<\/div>\n<!-- \/module text -->        <\/div>\n                        <\/div>\n        <\/div>\n        <\/div>\n<!--\/themify_builder_content-->","protected":false},"excerpt":{"rendered":"<p>Aula matinal El Aula Matinal abre a las 7.30 horas de lunes a viernes, ofreciendo actividades diversas a los ni\u00f1os y ni\u00f1as hasta el comienzo del horario lectivo. El servicio incluye: Recogida de los ni\u00f1os. Actividades educativas. Ayuda en la ingesta del desayuno, si lo trae. Incorporaci\u00f3n a las clases a las 9:00. Precio:\u00a0 \u00a0D\u00edas [&hellip;]<\/p>\n","protected":false},"author":1,"featured_media":0,"parent":0,"menu_order":0,"comment_status":"closed","ping_status":"closed","template":"","meta":{"ngg_post_thumbnail":0,"footnotes":"","_mc_calendar":[]},"aioseo_notices":[],"_links":{"self":[{"href":"https:\/\/blogsaverroes.juntadeandalucia.es\/ceipntrasradefatima\/wp-json\/wp\/v2\/pages\/870"}],"collection":[{"href":"https:\/\/blogsaverroes.juntadeandalucia.es\/ceipntrasradefatima\/wp-json\/wp\/v2\/pages"}],"about":[{"href":"https:\/\/blogsaverroes.juntadeandalucia.es\/ceipntrasradefatima\/wp-json\/wp\/v2\/types\/page"}],"author":[{"embeddable":true,"href":"https:\/\/blogsaverroes.juntadeandalucia.es\/ceipntrasradefatima\/wp-json\/wp\/v2\/users\/1"}],"replies":[{"embeddable":true,"href":"https:\/\/blogsaverroes.juntadeandalucia.es\/ceipntrasradefatima\/wp-json\/wp\/v2\/comments?post=870"}],"version-history":[{"count":10,"href":"https:\/\/blogsaverroes.juntadeandalucia.es\/ceipntrasradefatima\/wp-json\/wp\/v2\/pages\/870\/revisions"}],"predecessor-version":[{"id":3312,"href":"https:\/\/blogsaverroes.juntadeandalucia.es\/ceipntrasradefatima\/wp-json\/wp\/v2\/pages\/870\/revisions\/3312"}],"wp:attachment":[{"href":"https:\/\/blogsaverroes.juntadeandalucia.es\/ceipntrasradefatima\/wp-json\/wp\/v2\/media?parent=870"}],"curies":[{"name":"wp","href":"https:\/\/api.w.org\/{rel}","templated":true}]}}