{"id":1118,"date":"2024-11-14T17:03:51","date_gmt":"2024-11-14T16:03:51","guid":{"rendered":"https:\/\/blogsaverroes.juntadeandalucia.es\/ceipntrasradegraciabenameji\/?page_id=1118"},"modified":"2025-01-14T16:23:17","modified_gmt":"2025-01-14T15:23:17","slug":"educacion-primaria","status":"publish","type":"page","link":"https:\/\/blogsaverroes.juntadeandalucia.es\/ceipntrasradegraciabenameji\/educacion-primaria\/","title":{"rendered":"Educaci\u00f3n primaria"},"content":{"rendered":"<p>[et_pb_section fb_built=&#8221;1&#8243; admin_label=&#8221;section&#8221; _builder_version=&#8221;4.16&#8243; global_colors_info=&#8221;{}&#8221;][et_pb_row admin_label=&#8221;row&#8221; _builder_version=&#8221;4.16&#8243; background_size=&#8221;initial&#8221; background_position=&#8221;top_left&#8221; background_repeat=&#8221;repeat&#8221; global_colors_info=&#8221;{}&#8221;][et_pb_column type=&#8221;4_4&#8243; _builder_version=&#8221;4.16&#8243; custom_padding=&#8221;|||&#8221; global_colors_info=&#8221;{}&#8221; custom_padding__hover=&#8221;|||&#8221;][et_pb_text admin_label=&#8221;Text&#8221; _builder_version=&#8221;4.24.2&#8243; background_size=&#8221;initial&#8221; background_position=&#8221;top_left&#8221; background_repeat=&#8221;repeat&#8221; hover_enabled=&#8221;0&#8243; global_colors_info=&#8221;{}&#8221; sticky_enabled=&#8221;0&#8243;]<\/p>\n<p>\u00a0 \u00a0 \u00a0Pincha sobre el enlace para acceder a la Orden de 30 de mayo de 2023, por la que se desarrolla el curr\u00edculo correspondiente a la etapa de Educaci\u00f3n Infantil en la Comunidad Aut\u00f3noma de Andaluc\u00eda, se regulan determinados aspectos de la atenci\u00f3n a la diversidad y a las diferencias individuales, se establece la ordenaci\u00f3n de la evaluaci\u00f3n del proceso de aprendizaje del alumnado y se determinan los procesos de tr\u00e1nsito entre ciclos y con Educaci\u00f3n Primaria.<\/p>\n<p><span style=\"color: #ff6600\"><a style=\"color: #ff6600\" href=\"https:\/\/blogsaverroes.juntadeandalucia.es\/ceipntrasradegraciabenameji\/files\/2024\/11\/ORDEN-30-DE-MAYO-DE-2023-EDUCACION-INFANTIL.pdf\">ORDEN 30 DE MAYO DE 2023<\/a><\/span><\/p>\n<p>\u00a0 \u00a0 \u00a0Pincha sobre el siguiente enlace para acceder al Decreto 101\/2023, de 9 de mayo, por el que se establece la ordenaci\u00f3n y el curr\u00edculo de la etapa de Educaci\u00f3n Primaria en la Comunidad Aut\u00f3noma de Andaluc\u00eda.<\/p>\n<p><span style=\"color: #ff6600\"><a style=\"color: #ff6600\" href=\"https:\/\/blogsaverroes.juntadeandalucia.es\/ceipntrasradegraciabenameji\/files\/2024\/11\/DECRETO-121-2023-DE-9-DE-MAYO-EDUCACION-PRIMARIA.pdf\">DECRETO 121-2023 DE 9 DE MAYO &#8211; EDUCACI\u00d3N PRIMARIA<\/a><\/span><\/p>\n<p>[\/et_pb_text][\/et_pb_column][\/et_pb_row][\/et_pb_section]<\/p>\n","protected":false},"excerpt":{"rendered":"<p>\u00a0 \u00a0 \u00a0Pincha sobre el enlace para acceder a la Orden de 30 de mayo de 2023, por la que se desarrolla el curr\u00edculo correspondiente a la etapa de Educaci\u00f3n Infantil en la Comunidad Aut\u00f3noma de Andaluc\u00eda, se regulan determinados aspectos de la atenci\u00f3n a la diversidad y a las diferencias individuales, se establece la [&hellip;]<\/p>\n","protected":false},"author":20234,"featured_media":0,"parent":0,"menu_order":0,"comment_status":"closed","ping_status":"closed","template":"","meta":{"_et_pb_use_builder":"on","_et_pb_old_content":"Pincha sobre el enlace para acceder a la Orden de 30 de mayo de 2023, por la que se desarrolla el curr\u00edculo correspondiente a la etapa de Educaci\u00f3n Infantil en la Comunidad Aut\u00f3noma de Andaluc\u00eda, se regulan determinados aspectos de la atenci\u00f3n a la diversidad y a las diferencias individuales, se establece la ordenaci\u00f3n de la evaluaci\u00f3n del proceso de aprendizaje del alumnado y se determinan los procesos de tr\u00e1nsito entre ciclos y con Educaci\u00f3n Primaria.\r\n\r\n<span style=\"color: #ff6600\"><a style=\"color: #ff6600\" href=\"https:\/\/blogsaverroes.juntadeandalucia.es\/ceipntrasradegraciabenameji\/files\/2024\/11\/ORDEN-30-DE-MAYO-DE-2023-EDUCACION-INFANTIL.pdf\">ORDEN 30 DE MAYO DE 2023<\/a><\/span>\r\n\r\nPincha sobre el siguiente enlace para acceder al Decreto 101\/2023, de 9 de mayo, por el que se establece la ordenaci\u00f3n y el curr\u00edculo de la etapa de Educaci\u00f3n Primaria en la Comunidad Aut\u00f3noma de Andaluc\u00eda.\r\n\r\n<span style=\"color: #ff6600\"><a style=\"color: #ff6600\" href=\"https:\/\/blogsaverroes.juntadeandalucia.es\/ceipntrasradegraciabenameji\/files\/2024\/11\/DECRETO-121-2023-DE-9-DE-MAYO-EDUCACION-PRIMARIA.pdf\">DECRETO 121-2023 DE 9 DE MAYO - EDUCACI\u00d3N PRIMARIA<\/a><\/span>","_et_gb_content_width":"","ngg_post_thumbnail":0,"footnotes":""},"aioseo_notices":[],"_links":{"self":[{"href":"https:\/\/blogsaverroes.juntadeandalucia.es\/ceipntrasradegraciabenameji\/wp-json\/wp\/v2\/pages\/1118"}],"collection":[{"href":"https:\/\/blogsaverroes.juntadeandalucia.es\/ceipntrasradegraciabenameji\/wp-json\/wp\/v2\/pages"}],"about":[{"href":"https:\/\/blogsaverroes.juntadeandalucia.es\/ceipntrasradegraciabenameji\/wp-json\/wp\/v2\/types\/page"}],"author":[{"embeddable":true,"href":"https:\/\/blogsaverroes.juntadeandalucia.es\/ceipntrasradegraciabenameji\/wp-json\/wp\/v2\/users\/20234"}],"replies":[{"embeddable":true,"href":"https:\/\/blogsaverroes.juntadeandalucia.es\/ceipntrasradegraciabenameji\/wp-json\/wp\/v2\/comments?post=1118"}],"version-history":[{"count":5,"href":"https:\/\/blogsaverroes.juntadeandalucia.es\/ceipntrasradegraciabenameji\/wp-json\/wp\/v2\/pages\/1118\/revisions"}],"predecessor-version":[{"id":1388,"href":"https:\/\/blogsaverroes.juntadeandalucia.es\/ceipntrasradegraciabenameji\/wp-json\/wp\/v2\/pages\/1118\/revisions\/1388"}],"wp:attachment":[{"href":"https:\/\/blogsaverroes.juntadeandalucia.es\/ceipntrasradegraciabenameji\/wp-json\/wp\/v2\/media?parent=1118"}],"curies":[{"name":"wp","href":"https:\/\/api.w.org\/{rel}","templated":true}]}}

Educación primaria

<p>[et_pb_section fb_built=&#8221;1&#8243; admin_label=&#8221;section&#8221; _builder_version=&#8221;4.16&#8243; global_colors_info=&#8221;{}&#8221;][et_pb_row admin_label=&#8221;row&#8221; _builder_version=&#8221;4.16&#8243; background_size=&#8221;initial&#8221; background_position=&#8221;top_left&#8221; background_repeat=&#8221;repeat&#8221; global_colors_info=&#8221;{}&#8221;][et_pb_column type=&#8221;4_4&#8243; _builder_version=&#8221;4.16&#8243; custom_padding=&#8221;|||&#8221; global_colors_info=&#8221;{}&#8221; custom_padding__hover=&#8221;|||&#8221;][et_pb_text admin_label=&#8221;Text&#8221; _builder_version=&#8221;4.24.2&#8243; background_size=&#8221;initial&#8221; background_position=&#8221;top_left&#8221; background_repeat=&#8221;repeat&#8221; hover_enabled=&#8221;0&#8243; global_colors_info=&#8221;{}&#8221; sticky_enabled=&#8221;0&#8243;]</p>
<p>     Pincha sobre el enlace para acceder a la Orden de 30 de mayo de 2023, por la que se desarrolla el currículo correspondiente a la etapa de Educación Infantil en la Comunidad Autónoma de Andalucía, se regulan determinados aspectos de la atención a la diversidad y a las diferencias individuales, se establece la ordenación de la evaluación del proceso de aprendizaje del alumnado y se determinan los procesos de tránsito entre ciclos y con Educación Primaria.</p>
<p><span style="color: #ff6600"><a style="color: #ff6600" href="https://blogsaverroes.juntadeandalucia.es/ceipntrasradegraciabenameji/files/2024/11/ORDEN-30-DE-MAYO-DE-2023-EDUCACION-INFANTIL.pdf">ORDEN 30 DE MAYO DE 2023</a></span></p>
<p>     Pincha sobre el siguiente enlace para acceder al Decreto 101/2023, de 9 de mayo, por el que se establece la ordenación y el currículo de la etapa de Educación Primaria en la Comunidad Autónoma de Andalucía.</p>
<p><span style="color: #ff6600"><a style="color: #ff6600" href="https://blogsaverroes.juntadeandalucia.es/ceipntrasradegraciabenameji/files/2024/11/DECRETO-121-2023-DE-9-DE-MAYO-EDUCACION-PRIMARIA.pdf">DECRETO 121-2023 DE 9 DE MAYO &#8211; EDUCACIÓN PRIMARIA</a></span></p>
<p>[/et_pb_text][/et_pb_column][/et_pb_row][/et_pb_section]</p>

<p>     Pincha sobre el enlace para acceder a la Orden de 30 de mayo de 2023, por la que se desarrolla el currículo correspondiente a la etapa de Educación Infantil en la Comunidad Autónoma de Andalucía, se regulan determinados aspectos de la atención a la diversidad y a las diferencias individuales, se establece la [&hellip;]</p>

Pincha sobre el enlace para acceder a la Orden de 30 de mayo de 2023, por la que se desarrolla el currículo correspondiente a la etapa de Educación Infantil en la Comunidad Autónoma de Andalucía, se regulan determinados aspectos de la atención a la diversidad y a las diferencias individuales, se establece la ordenación de la evaluación del proceso de aprendizaje del alumnado y se determinan los procesos de tránsito entre ciclos y con Educación Primaria.

<span style="color: #ff6600"><a style="color: #ff6600" href="https://blogsaverroes.juntadeandalucia.es/ceipntrasradegraciabenameji/files/2024/11/ORDEN-30-DE-MAYO-DE-2023-EDUCACION-INFANTIL.pdf">ORDEN 30 DE MAYO DE 2023</a></span>

Pincha sobre el siguiente enlace para acceder al Decreto 101/2023, de 9 de mayo, por el que se establece la ordenación y el currículo de la etapa de Educación Primaria en la Comunidad Autónoma de Andalucía.

<span style="color: #ff6600"><a style="color: #ff6600" href="https://blogsaverroes.juntadeandalucia.es/ceipntrasradegraciabenameji/files/2024/11/DECRETO-121-2023-DE-9-DE-MAYO-EDUCACION-PRIMARIA.pdf">DECRETO 121-2023 DE 9 DE MAYO - EDUCACIÓN PRIMARIA</a></span>
