{"id":1131,"date":"2024-11-15T11:24:05","date_gmt":"2024-11-15T10:24:05","guid":{"rendered":"https:\/\/blogsaverroes.juntadeandalucia.es\/ceipntrasradegraciabenameji\/?page_id=1131"},"modified":"2025-01-18T11:58:35","modified_gmt":"2025-01-18T10:58:35","slug":"normas-del-centro","status":"publish","type":"page","link":"https:\/\/blogsaverroes.juntadeandalucia.es\/ceipntrasradegraciabenameji\/normas-del-centro\/","title":{"rendered":"Normas del centro"},"content":{"rendered":"<p>[et_pb_section fb_built=&#8221;1&#8243; theme_builder_area=&#8221;post_content&#8221; _builder_version=&#8221;4.24.2&#8243; _module_preset=&#8221;default&#8221;][et_pb_row _builder_version=&#8221;4.24.2&#8243; _module_preset=&#8221;default&#8221; theme_builder_area=&#8221;post_content&#8221;][et_pb_column _builder_version=&#8221;4.24.2&#8243; _module_preset=&#8221;default&#8221; type=&#8221;4_4&#8243; theme_builder_area=&#8221;post_content&#8221;][et_pb_text _builder_version=&#8221;4.24.2&#8243; _module_preset=&#8221;default&#8221; theme_builder_area=&#8221;post_content&#8221; hover_enabled=&#8221;0&#8243; sticky_enabled=&#8221;0&#8243;]<\/p>\n<p style=\"text-align: justify\"><strong>\u00a0 \u00a0 \u00a0 \u00a0 \u00a0 \u00a0 \u00a0 \u00a0 \u00a0 \u00a0 \u00a0 \u00a0 \u00a0 \u00a0 \u00a0 \u00a0 \u00a0 \u00a0 \u00a0 \u00a0 \u00a0NORMAS DE CONVIVENCIA DEL CENTRO:<\/strong><\/p>\n<p style=\"text-align: justify\">\u25cf Respetar la libertad de conciencia y las convicciones religiosas y \u00e9ticas, as\u00ed como la dignidad, integridad e intimidad de todos los miembros de la Comunidad Educativa, evitando cualquier discriminaci\u00f3n por raz\u00f3n de nacimiento, raza, sexo o por cualquier otra circunstancia personal o social.<br \/>\u25cf No agredir, insultar, ni humillar a sus compa\u00f1eros\/as del colegio, respetando sus derechos de cada uno\/a.<br \/>\u25cf No discriminar a ning\u00fan compa\u00f1ero en raz\u00f3n de su sexo, edad, condici\u00f3n personal o social o creencias religiosas y pol\u00edticas.<br \/>\u25cf Respetar las pertenencias propias as\u00ed como las de los dem\u00e1s.<br \/>\u25cf Abstenerse de perturbar el normal desarrollo de las actividades educativas, y de interrumpir la clase, respetando el derecho de los compa\u00f1eros a una educaci\u00f3n en las mejores condiciones posibles.<br \/>\u25cf Colaborar con sus compa\u00f1eros en las actividades escolares.<br \/>\u25cf Evitar los juegos violentos y cualquier tipo de actividad que pueda resultar un riesgo f\u00edsico o ps\u00edquico para s\u00ed mismo o para sus compa\u00f1eros.<br \/>\u25cf Tener un trato respetuoso y considerado con el profesorado y personal al servicio del Centro y un comportamiento educado, as\u00ed como respetar sus pertenencias.<br \/>\u25cf Prestarse al di\u00e1logo para esclarecer las cuestiones que se planteen relativas al buen funcionamiento del Centro.<br \/>\u25cf Seguir las instrucciones de sus profesores en cuanto a la organizaci\u00f3n del trabajo en casa y en clase, y realizar las tareas y<br \/>actividades que se les asignen, orientadas al desarrollo del Proyecto Educativo de Centro y a su desarrollo personal.<br \/>\u25cf Hacer buen uso del edificio, instalaciones, mobiliario, material escolar, documentos, etc.<br \/>\u25cf Cualquier otra norma que el tutor\/a o miembro del equipo docente estime oportuna, siempre que sea acorde a la edad y circunstancias del alumnado.<\/p>\n<p>[\/et_pb_text][\/et_pb_column][\/et_pb_row][\/et_pb_section]<\/p>\n","protected":false},"excerpt":{"rendered":"<p>\u00a0 \u00a0 \u00a0 \u00a0 \u00a0 \u00a0 \u00a0 \u00a0 \u00a0 \u00a0 \u00a0 \u00a0 \u00a0 \u00a0 \u00a0 \u00a0 \u00a0 \u00a0 \u00a0 \u00a0 \u00a0NORMAS DE CONVIVENCIA DEL CENTRO: \u25cf Respetar la libertad de conciencia y las convicciones religiosas y \u00e9ticas, as\u00ed como la dignidad, integridad e intimidad de todos los miembros de la Comunidad Educativa, evitando cualquier discriminaci\u00f3n [&hellip;]<\/p>\n","protected":false},"author":20234,"featured_media":0,"parent":0,"menu_order":0,"comment_status":"closed","ping_status":"closed","template":"","meta":{"_et_pb_use_builder":"on","_et_pb_old_content":"","_et_gb_content_width":"","ngg_post_thumbnail":0,"footnotes":""},"aioseo_notices":[],"_links":{"self":[{"href":"https:\/\/blogsaverroes.juntadeandalucia.es\/ceipntrasradegraciabenameji\/wp-json\/wp\/v2\/pages\/1131"}],"collection":[{"href":"https:\/\/blogsaverroes.juntadeandalucia.es\/ceipntrasradegraciabenameji\/wp-json\/wp\/v2\/pages"}],"about":[{"href":"https:\/\/blogsaverroes.juntadeandalucia.es\/ceipntrasradegraciabenameji\/wp-json\/wp\/v2\/types\/page"}],"author":[{"embeddable":true,"href":"https:\/\/blogsaverroes.juntadeandalucia.es\/ceipntrasradegraciabenameji\/wp-json\/wp\/v2\/users\/20234"}],"replies":[{"embeddable":true,"href":"https:\/\/blogsaverroes.juntadeandalucia.es\/ceipntrasradegraciabenameji\/wp-json\/wp\/v2\/comments?post=1131"}],"version-history":[{"count":3,"href":"https:\/\/blogsaverroes.juntadeandalucia.es\/ceipntrasradegraciabenameji\/wp-json\/wp\/v2\/pages\/1131\/revisions"}],"predecessor-version":[{"id":1419,"href":"https:\/\/blogsaverroes.juntadeandalucia.es\/ceipntrasradegraciabenameji\/wp-json\/wp\/v2\/pages\/1131\/revisions\/1419"}],"wp:attachment":[{"href":"https:\/\/blogsaverroes.juntadeandalucia.es\/ceipntrasradegraciabenameji\/wp-json\/wp\/v2\/media?parent=1131"}],"curies":[{"name":"wp","href":"https:\/\/api.w.org\/{rel}","templated":true}]}}

<p>[et_pb_section fb_built=&#8221;1&#8243; theme_builder_area=&#8221;post_content&#8221; _builder_version=&#8221;4.24.2&#8243; _module_preset=&#8221;default&#8221;][et_pb_row _builder_version=&#8221;4.24.2&#8243; _module_preset=&#8221;default&#8221; theme_builder_area=&#8221;post_content&#8221;][et_pb_column _builder_version=&#8221;4.24.2&#8243; _module_preset=&#8221;default&#8221; type=&#8221;4_4&#8243; theme_builder_area=&#8221;post_content&#8221;][et_pb_text _builder_version=&#8221;4.24.2&#8243; _module_preset=&#8221;default&#8221; theme_builder_area=&#8221;post_content&#8221; hover_enabled=&#8221;0&#8243; sticky_enabled=&#8221;0&#8243;]</p>
<p style="text-align: justify"><strong>                                         NORMAS DE CONVIVENCIA DEL CENTRO:</strong></p>
<p style="text-align: justify">● Respetar la libertad de conciencia y las convicciones religiosas y éticas, así como la dignidad, integridad e intimidad de todos los miembros de la Comunidad Educativa, evitando cualquier discriminación por razón de nacimiento, raza, sexo o por cualquier otra circunstancia personal o social.<br />● No agredir, insultar, ni humillar a sus compañeros/as del colegio, respetando sus derechos de cada uno/a.<br />● No discriminar a ningún compañero en razón de su sexo, edad, condición personal o social o creencias religiosas y políticas.<br />● Respetar las pertenencias propias así como las de los demás.<br />● Abstenerse de perturbar el normal desarrollo de las actividades educativas, y de interrumpir la clase, respetando el derecho de los compañeros a una educación en las mejores condiciones posibles.<br />● Colaborar con sus compañeros en las actividades escolares.<br />● Evitar los juegos violentos y cualquier tipo de actividad que pueda resultar un riesgo físico o psíquico para sí mismo o para sus compañeros.<br />● Tener un trato respetuoso y considerado con el profesorado y personal al servicio del Centro y un comportamiento educado, así como respetar sus pertenencias.<br />● Prestarse al diálogo para esclarecer las cuestiones que se planteen relativas al buen funcionamiento del Centro.<br />● Seguir las instrucciones de sus profesores en cuanto a la organización del trabajo en casa y en clase, y realizar las tareas y<br />actividades que se les asignen, orientadas al desarrollo del Proyecto Educativo de Centro y a su desarrollo personal.<br />● Hacer buen uso del edificio, instalaciones, mobiliario, material escolar, documentos, etc.<br />● Cualquier otra norma que el tutor/a o miembro del equipo docente estime oportuna, siempre que sea acorde a la edad y circunstancias del alumnado.</p>
<p>[/et_pb_text][/et_pb_column][/et_pb_row][/et_pb_section]</p>

<p>                                         NORMAS DE CONVIVENCIA DEL CENTRO: ● Respetar la libertad de conciencia y las convicciones religiosas y éticas, así como la dignidad, integridad e intimidad de todos los miembros de la Comunidad Educativa, evitando cualquier discriminación [&hellip;]</p>
