{"id":101,"date":"2022-09-14T11:17:11","date_gmt":"2022-09-14T11:17:11","guid":{"rendered":"https:\/\/blogsaverroes.juntadeandalucia.es\/ceipnuestrasenoradebelen\/?page_id=101"},"modified":"2025-10-27T12:09:22","modified_gmt":"2025-10-27T12:09:22","slug":"alumnado","status":"publish","type":"page","link":"https:\/\/blogsaverroes.juntadeandalucia.es\/ceipnuestrasenoradebelen\/alumnado\/","title":{"rendered":"Alumnado"},"content":{"rendered":"<div id=\"cc-m-5301828010\" class=\"j-module n j-header \">\n<h1 id=\"cc-m-header-5301828010\" class=\"\">NUESTRO ALUMNADO<\/h1>\n<\/div>\n<div id=\"cc-m-5301828610\" class=\"j-module n j-text \">\n<p><strong>En el curso escolar 2025\/2026 se encuentran matriculados en nuestro centro educativo un total de 98 alumnos\/as, distribuy\u00e9ndose en las siguientes etapas educativas que se imparten:<\/strong><\/p>\n<p><strong>2\u00ba CICLO DE EDUCACI\u00d3N INFANTIL<\/strong><\/p>\n<p>&nbsp;&nbsp;&nbsp;&nbsp;&nbsp; 3 A\u00f1os&nbsp; &nbsp;6 alumnos\/as.<\/p>\n<p>&nbsp;&nbsp;&nbsp;&nbsp;&nbsp; 4 A\u00f1os&nbsp; &nbsp;8 alumnos\/as.<\/p>\n<p>&nbsp;&nbsp;&nbsp;&nbsp;&nbsp; 5 A\u00f1os&nbsp; &nbsp;9 alumnos\/as.<\/p>\n<p>&nbsp;<\/p>\n<p><strong>EDUCACI\u00d3N PRIMARIA<\/strong><\/p>\n<p>&nbsp;&nbsp;&nbsp;&nbsp;&nbsp;&nbsp; 1\u00ba Primaria&nbsp; 8 alumnos\/as.<\/p>\n<p>&nbsp;&nbsp;&nbsp;&nbsp;&nbsp;&nbsp; 2\u00ba Primaria&nbsp; 8 alumnos\/as.<\/p>\n<p>&nbsp;&nbsp;&nbsp;&nbsp;&nbsp;&nbsp; 3\u00ba Primaria&nbsp; 7 alumnos\/as.<\/p>\n<p>&nbsp;&nbsp;&nbsp;&nbsp;&nbsp;&nbsp; 4\u00ba Primaria&nbsp; &nbsp;13 alumnos\/as.<\/p>\n<p>&nbsp;&nbsp;&nbsp;&nbsp;&nbsp;&nbsp; 5\u00ba Primaria&nbsp; 14 alumnos\/as.<\/p>\n<p>&nbsp;&nbsp;&nbsp;&nbsp;&nbsp;&nbsp; 6\u00ba Primaria&nbsp; 9 alumnos\/as<\/p>\n<p>&nbsp;<\/p>\n<p><strong>1\u00ba CICLO EDUCACI\u00d3N SECUNDARIA OBLIGATORIA<\/strong><\/p>\n<p>&nbsp;&nbsp;&nbsp;&nbsp;&nbsp;&nbsp; 1\u00ba. E.S.O.&nbsp; &nbsp;13 alumnos\/as.<\/p>\n<p>&nbsp;&nbsp;&nbsp;&nbsp;&nbsp;&nbsp; 2\u00ba. E.S.O.&nbsp; &nbsp;2 alumnos\/as.<\/p>\n<p><strong>EDUCACI\u00d3N ESPECIAL (AULA ESPEC\u00cdFICA)<\/strong><\/p>\n<p>&nbsp; &nbsp; &nbsp; &nbsp;1 alumno.<\/p>\n<p>&nbsp;<\/p>\n<p><em>El n\u00famero de alumnos\/as matriculados podr\u00e1 sufrir variaciones a lo largo del curso escolar dado que somos un centro de matr\u00edcula abierta. Esta peculiaridad posibilitar\u00e1 que las cifras relacionados puedan cambiar durante el a\u00f1o.<\/em><\/p>\n<\/div>\n","protected":false},"excerpt":{"rendered":"<p>NUESTRO ALUMNADO En el curso escolar 2025\/2026 se encuentran matriculados en nuestro centro educativo un total de 98 alumnos\/as, distribuy\u00e9ndose en las siguientes etapas educativas que se imparten: 2\u00ba CICLO DE EDUCACI\u00d3N INFANTIL &nbsp;&nbsp;&nbsp;&nbsp;&nbsp;&#46;&#46;&#46;<\/p>\n","protected":false},"author":5528,"featured_media":0,"parent":0,"menu_order":0,"comment_status":"closed","ping_status":"closed","template":"","meta":{"ngg_post_thumbnail":0,"footnotes":""},"aioseo_notices":[],"_links":{"self":[{"href":"https:\/\/blogsaverroes.juntadeandalucia.es\/ceipnuestrasenoradebelen\/wp-json\/wp\/v2\/pages\/101"}],"collection":[{"href":"https:\/\/blogsaverroes.juntadeandalucia.es\/ceipnuestrasenoradebelen\/wp-json\/wp\/v2\/pages"}],"about":[{"href":"https:\/\/blogsaverroes.juntadeandalucia.es\/ceipnuestrasenoradebelen\/wp-json\/wp\/v2\/types\/page"}],"author":[{"embeddable":true,"href":"https:\/\/blogsaverroes.juntadeandalucia.es\/ceipnuestrasenoradebelen\/wp-json\/wp\/v2\/users\/5528"}],"replies":[{"embeddable":true,"href":"https:\/\/blogsaverroes.juntadeandalucia.es\/ceipnuestrasenoradebelen\/wp-json\/wp\/v2\/comments?post=101"}],"version-history":[{"count":13,"href":"https:\/\/blogsaverroes.juntadeandalucia.es\/ceipnuestrasenoradebelen\/wp-json\/wp\/v2\/pages\/101\/revisions"}],"predecessor-version":[{"id":3806,"href":"https:\/\/blogsaverroes.juntadeandalucia.es\/ceipnuestrasenoradebelen\/wp-json\/wp\/v2\/pages\/101\/revisions\/3806"}],"wp:attachment":[{"href":"https:\/\/blogsaverroes.juntadeandalucia.es\/ceipnuestrasenoradebelen\/wp-json\/wp\/v2\/media?parent=101"}],"curies":[{"name":"wp","href":"https:\/\/api.w.org\/{rel}","templated":true}]}}

<div id="cc-m-5301828010" class="j-module n j-header ">
<h1 id="cc-m-header-5301828010" class="">NUESTRO ALUMNADO</h1>
</div>
<div id="cc-m-5301828610" class="j-module n j-text ">
<p><strong>En el curso escolar 2025/2026 se encuentran matriculados en nuestro centro educativo un total de 98 alumnos/as, distribuyéndose en las siguientes etapas educativas que se imparten:</strong></p>
<p><strong>2º CICLO DE EDUCACIÓN INFANTIL</strong></p>
<p>&nbsp;&nbsp;&nbsp;&nbsp;&nbsp; 3 Años&nbsp; &nbsp;6 alumnos/as.</p>
<p>&nbsp;&nbsp;&nbsp;&nbsp;&nbsp; 4 Años&nbsp; &nbsp;8 alumnos/as.</p>
<p>&nbsp;&nbsp;&nbsp;&nbsp;&nbsp; 5 Años&nbsp; &nbsp;9 alumnos/as.</p>
<p>&nbsp;</p>
<p><strong>EDUCACIÓN PRIMARIA</strong></p>
<p>&nbsp;&nbsp;&nbsp;&nbsp;&nbsp;&nbsp; 1º Primaria&nbsp; 8 alumnos/as.</p>
<p>&nbsp;&nbsp;&nbsp;&nbsp;&nbsp;&nbsp; 2º Primaria&nbsp; 8 alumnos/as.</p>
<p>&nbsp;&nbsp;&nbsp;&nbsp;&nbsp;&nbsp; 3º Primaria&nbsp; 7 alumnos/as.</p>
<p>&nbsp;&nbsp;&nbsp;&nbsp;&nbsp;&nbsp; 4º Primaria&nbsp; &nbsp;13 alumnos/as.</p>
<p>&nbsp;&nbsp;&nbsp;&nbsp;&nbsp;&nbsp; 5º Primaria&nbsp; 14 alumnos/as.</p>
<p>&nbsp;&nbsp;&nbsp;&nbsp;&nbsp;&nbsp; 6º Primaria&nbsp; 9 alumnos/as</p>
<p>&nbsp;</p>
<p><strong>1º CICLO EDUCACIÓN SECUNDARIA OBLIGATORIA</strong></p>
<p>&nbsp;&nbsp;&nbsp;&nbsp;&nbsp;&nbsp; 1º. E.S.O.&nbsp; &nbsp;13 alumnos/as.</p>
<p>&nbsp;&nbsp;&nbsp;&nbsp;&nbsp;&nbsp; 2º. E.S.O.&nbsp; &nbsp;2 alumnos/as.</p>
<p><strong>EDUCACIÓN ESPECIAL (AULA ESPECÍFICA)</strong></p>
<p>&nbsp; &nbsp; &nbsp; &nbsp;1 alumno.</p>
<p>&nbsp;</p>
<p><em>El número de alumnos/as matriculados podrá sufrir variaciones a lo largo del curso escolar dado que somos un centro de matrícula abierta. Esta peculiaridad posibilitará que las cifras relacionados puedan cambiar durante el año.</em></p>
</div>

<p>NUESTRO ALUMNADO En el curso escolar 2025/2026 se encuentran matriculados en nuestro centro educativo un total de 98 alumnos/as, distribuyéndose en las siguientes etapas educativas que se imparten: 2º CICLO DE EDUCACIÓN INFANTIL &nbsp;&nbsp;&nbsp;&nbsp;&nbsp;&#46;&#46;&#46;</p>
