{"id":1920,"date":"2022-10-31T18:08:44","date_gmt":"2022-10-31T18:08:44","guid":{"rendered":"https:\/\/blogsaverroes.juntadeandalucia.es\/ceipnuestrasenoradebelen\/?page_id=1920"},"modified":"2025-02-10T11:19:56","modified_gmt":"2025-02-10T11:19:56","slug":"otros-documentos","status":"publish","type":"page","link":"https:\/\/blogsaverroes.juntadeandalucia.es\/ceipnuestrasenoradebelen\/el-centro\/documentos-de-centro\/otros-documentos\/","title":{"rendered":"OTROS DOCUMENTOS: PROGRAMACIONES DID\u00c1CTICAS"},"content":{"rendered":"<p>En las <strong>programaciones did\u00e1cticas<\/strong> confeccionadas para el presente curso escolar 2024\/2025 por el profesorado del centro se hallan los <strong>criterios de evaluaci\u00f3n<\/strong> para cada una de las \u00e1reas que se imparten.&nbsp;De este modo, pinchando en cada enlace, podr\u00e1n acceder a las programaciones de todos y cada uno de los niveles educativos ofertados:<\/p>\n<p><strong>3 a\u00f1os de Educaci\u00f3n Infantil<\/strong><\/p>\n<ul>\n<li><a href=\"https:\/\/drive.google.com\/file\/d\/18O5NDQfh3BqFd9eYb9SXOi9jvP59gbaZ\/view?usp=sharing\">Comunicaci\u00f3n y representaci\u00f3n de la realidad.<\/a><\/li>\n<li><a href=\"https:\/\/drive.google.com\/file\/d\/1GRb6BiCGzE2tyO4GJCUgLlHoU57LUtx3\/view?usp=sharing\">Crecimiento en armon\u00eda.<\/a><\/li>\n<li><a href=\"https:\/\/drive.google.com\/file\/d\/14PQyXE_vMU9bqKhlVWRjWUNuPSJlqMum\/view?usp=sharing\">Descubrimiento y exploraci\u00f3n del entorno.<\/a><\/li>\n<li><a href=\"https:\/\/drive.google.com\/file\/d\/14PQyXE_vMU9bqKhlVWRjWUNuPSJlqMum\/view?usp=sharing\">Religi\u00f3n y moral cat\u00f3lica.<\/a><\/li>\n<\/ul>\n<p><strong>4 a\u00f1os de Educaci\u00f3n Infantil<\/strong><\/p>\n<ul>\n<li><a href=\"https:\/\/drive.google.com\/file\/d\/1IdZPjRcXg5o4pttXIgsPfQJ4nmJw87Um\/view?usp=sharing\">Comunicaci\u00f3n y representaci\u00f3n de la realidad.<\/a><\/li>\n<li><a href=\"https:\/\/drive.google.com\/file\/d\/1v_2CDbUeSxYLBU5xryEhqN_uD5kIy_wo\/view?usp=sharing\">Crecimiento en armon\u00eda.<\/a><\/li>\n<li><a href=\"https:\/\/drive.google.com\/file\/d\/1d3d8OKYRLGk1san7xjl8VNknv20UcKF1\/view?usp=sharing\">Descubrimiento y exploraci\u00f3n del entorno.<\/a><\/li>\n<li><a href=\"https:\/\/drive.google.com\/file\/d\/1d3d8OKYRLGk1san7xjl8VNknv20UcKF1\/view?usp=sharing\">Religi\u00f3n y moral cat\u00f3lica.<\/a><\/li>\n<\/ul>\n<p><strong>5 a\u00f1os de Educaci\u00f3n Infantil<\/strong><\/p>\n<ul>\n<li><a href=\"https:\/\/drive.google.com\/file\/d\/1EYZ9YOSS3QPHr6oE35WL5WYBJWRYawPA\/view?usp=sharing\">Comunicaci\u00f3n y representaci\u00f3n de la realidad.<\/a><\/li>\n<li><a href=\"https:\/\/drive.google.com\/file\/d\/1pS5cZHZQS7HpUJOgQ39IOm_m_GBonVm1\/view?usp=sharing\">Crecimiento en armon\u00eda.<\/a><\/li>\n<li><a href=\"https:\/\/drive.google.com\/file\/d\/1W9kvSPguRhigXaQlPLRP0CLJp3wbc-YI\/view?usp=sharing\">Descubrimiento y exploraci\u00f3n del entorno.<\/a><\/li>\n<li><a href=\"https:\/\/drive.google.com\/file\/d\/1IZqVW5Q2SJEO3dXqQksRdhZAeRG2FK-_\/view?usp=sharing\">Religi\u00f3n y moral cat\u00f3lica.<\/a><\/li>\n<\/ul>\n<p><strong>1\u00ba Educaci\u00f3n Primaria<\/strong><\/p>\n<ul>\n<li><a href=\"https:\/\/drive.google.com\/file\/d\/1BvTtZby0KyDzXEWpsbllpIVjrROOtHET\/view?usp=sharing\">Matem\u00e1ticas.<\/a><\/li>\n<li><a href=\"https:\/\/drive.google.com\/file\/d\/1APuQMZ7qRJz19P-Gv47dZvc_txpWPYfH\/view?usp=sharing\">Lengua Castellana y Literatura.<\/a><\/li>\n<li><a href=\"https:\/\/drive.google.com\/file\/d\/19fy8oJKTc8ypzrKsus2TsF--J98Zfd93\/view?usp=sharing\">Conocimiento del Medio Natural, Social y Cultural.<\/a><\/li>\n<li><a href=\"https:\/\/drive.google.com\/file\/d\/16r6zJf6TTPwK1AYlY3JXuvk4SHn7HUO8\/view?usp=sharing\">Religi\u00f3n Cat\u00f3lica.<\/a><\/li>\n<li><a href=\"https:\/\/drive.google.com\/file\/d\/1eajmqvI2l_2RDdwWqj-dvMpE5ldG_oJp\/view?usp=sharing\">Educaci\u00f3n F\u00edsica.<\/a><\/li>\n<li><a href=\"https:\/\/drive.google.com\/file\/d\/14dlfVL2UcltsyH_v_AMl5C_5xsnnih9u\/view?usp=sharing\">Ingl\u00e9s.<\/a><\/li>\n<li><a href=\"https:\/\/drive.google.com\/file\/d\/167BUjdGu2ipRbahzzq9iwYwkSGUZr4RB\/view?usp=sharing\">Educaci\u00f3n art\u00edstica.<\/a><\/li>\n<\/ul>\n<p><strong>2\u00ba Educaci\u00f3n Primaria<\/strong><\/p>\n<ul>\n<li><a href=\"https:\/\/drive.google.com\/file\/d\/15BqwJlLhQmlP6P6GdfnCnjmbsMRiDLtc\/view?usp=sharing\">Matem\u00e1ticas.<\/a><\/li>\n<li><a href=\"https:\/\/drive.google.com\/file\/d\/1pszj0pqRWjbKL05i3PCnVS-iz6q-Um04\/view?usp=sharing\">Lengua Castellana y Literatura.<\/a><\/li>\n<li><a href=\"https:\/\/drive.google.com\/file\/d\/1jBfoiJwnCrTw1TXwiiUGd9EsQZq-wFD8\/view?usp=sharing\">Conocimiento del Medio Natural, Social y Cultural.<\/a><\/li>\n<li><a href=\"https:\/\/drive.google.com\/file\/d\/1Wy8vVYgTZkEazBmOWO_AjWF8mM-u4_Jf\/view?usp=sharing\">Religi\u00f3n Cat\u00f3lica.<\/a><\/li>\n<li><a href=\"https:\/\/drive.google.com\/file\/d\/1Dc0Y6jMNycAj1BPi7KskveXfRPymPB9w\/view?usp=sharing\">Educaci\u00f3n F\u00edsica.<\/a><\/li>\n<li><a href=\"https:\/\/drive.google.com\/file\/d\/15t66Nhy33E7-quB0uX0kHxKvlVKtMztZ\/view?usp=sharing\">Ingl\u00e9s.<\/a><\/li>\n<li><a href=\"https:\/\/drive.google.com\/file\/d\/1OT7JhEYD1XR1tOocb6mD1uX59xx52Dsp\/view?usp=sharing\">Educaci\u00f3n art\u00edstica.<\/a><\/li>\n<\/ul>\n<p><strong>3\u00ba Educaci\u00f3n Primaria<\/strong><\/p>\n<ul>\n<li><a href=\"https:\/\/drive.google.com\/file\/d\/1ZOe7soms88_1Il7yf478RyD4ZudhPIPb\/view?usp=sharing\">Matem\u00e1ticas.<\/a><\/li>\n<li><a href=\"https:\/\/drive.google.com\/file\/d\/15qkMZdm-Y-utVq7eHjfGwv4jPeNsrAfk\/view?usp=sharing\">Lengua Castellana y Literatura.<\/a><\/li>\n<li><a href=\"https:\/\/drive.google.com\/file\/d\/1bhsalVeRLgRmKqWcHC7TUD30RCgKBHmD\/view?usp=sharing\">Conocimiento del Medio Natural, Social y Cultural.<\/a><\/li>\n<li><a href=\"https:\/\/drive.google.com\/file\/d\/1HoWzBzpe63Q4TQgMVhCm4aNVlVEgXmxv\/view?usp=sharing\">Religi\u00f3n Cat\u00f3lica.<\/a><\/li>\n<li><a href=\"https:\/\/drive.google.com\/file\/d\/1mBgjMgbmzPXPtvMhnD8mAG3-psbVf5zG\/view?usp=sharing\">Educaci\u00f3n F\u00edsica.<\/a><\/li>\n<li><a href=\"https:\/\/drive.google.com\/file\/d\/1jS5nK9W7A_jex6kCipcGq92F0Uh3LEOI\/view?usp=sharing\">Ingl\u00e9s.<\/a><\/li>\n<li><a href=\"https:\/\/drive.google.com\/file\/d\/19X5xFGoO5EoeybomA90NWa2IQUyi9Qc4\/view?usp=sharing\">Educaci\u00f3n art\u00edstica.<\/a><\/li>\n<\/ul>\n<p><strong>4\u00ba Educaci\u00f3n Primaria<\/strong><\/p>\n<ul>\n<li><a href=\"https:\/\/drive.google.com\/file\/d\/11MmvylLtorDWalWBmDCcNDUyFcxFVZJY\/view?usp=sharing\">Matem\u00e1ticas.<\/a><\/li>\n<li><a href=\"https:\/\/drive.google.com\/file\/d\/12N4LPut40Jueh2W5hB0kt1AyYH33kwrP\/view?usp=sharing\">Lengua Castellana y Literatura.<\/a><\/li>\n<li><a href=\"https:\/\/drive.google.com\/file\/d\/1wZdjP-rpmmLdJ7tU8To-KaK3-jig14tM\/view?usp=sharing\">Conocimiento del Medio Natural, Social y Cultural.<\/a><\/li>\n<li><a href=\"https:\/\/drive.google.com\/file\/d\/1c9RTlgYZa1x7RQSr7XdR84z1NODvq8ag\/view?usp=sharing\">Religi\u00f3n Cat\u00f3lica.<\/a><\/li>\n<li><a href=\"https:\/\/drive.google.com\/file\/d\/1c9RTlgYZa1x7RQSr7XdR84z1NODvq8ag\/view?usp=sharing\">Educaci\u00f3n F\u00edsica.<\/a><\/li>\n<li><a href=\"https:\/\/drive.google.com\/file\/d\/1DqMalUlYqOzFOWDsjR9YaauguE01PIkM\/view?usp=sharing\">Ingl\u00e9s.<\/a><\/li>\n<li><a href=\"https:\/\/drive.google.com\/file\/d\/1c8Z6KsfFUX8nrGZLe2M8N5IGaU12poom\/view?usp=sharing\">Educaci\u00f3n art\u00edstica.<\/a><\/li>\n<\/ul>\n<p><strong>5\u00ba Educaci\u00f3n Primaria<\/strong><\/p>\n<ul>\n<li><a href=\"https:\/\/drive.google.com\/file\/d\/1FS2B5StRzBcwhKONms2-_J3d06Wh9k2Q\/view?usp=sharing\">Matem\u00e1ticas.<\/a><\/li>\n<li><a href=\"https:\/\/drive.google.com\/file\/d\/17lRF4EuCHLfF7epKEE8cDr-qSGpBrqPj\/view?usp=sharing\">Lengua Castellana y Literatura.<\/a><\/li>\n<li><a href=\"https:\/\/drive.google.com\/file\/d\/1KsDcfa0r0fjt_EOn1Yr2_9AqMo0OaRjj\/view?usp=sharing\">Conocimiento del Medio Natural, Cultural y Social.<\/a><\/li>\n<li><a href=\"https:\/\/drive.google.com\/file\/d\/1KsDcfa0r0fjt_EOn1Yr2_9AqMo0OaRjj\/view?usp=sharing\">Religi\u00f3n Cat\u00f3lica.<\/a><\/li>\n<li><a href=\"https:\/\/drive.google.com\/file\/d\/1E2sMhc6nK-lBHAqFJHA1ctGePgoShGnr\/view?usp=sharing\">Educaci\u00f3n F\u00edsica.<\/a><\/li>\n<li><a href=\"https:\/\/drive.google.com\/file\/d\/1E2sMhc6nK-lBHAqFJHA1ctGePgoShGnr\/view?usp=sharing\">Ingl\u00e9s.<\/a><\/li>\n<li><a href=\"https:\/\/drive.google.com\/file\/d\/1Cw3xJMLZxkBSn_B56VjEbWnXjProMKAy\/view?usp=sharing\">Franc\u00e9s.<\/a><\/li>\n<li><a href=\"https:\/\/drive.google.com\/file\/d\/1w8e-7j5tD-ENQoUP6ZBRIb1a4DYTqQ7r\/view?usp=sharing\">Educaci\u00f3n art\u00edstica.<\/a><\/li>\n<\/ul>\n<p><strong>6\u00ba Educaci\u00f3n Primaria<\/strong><\/p>\n<ul>\n<li><a href=\"https:\/\/drive.google.com\/file\/d\/1FjZcmYUV9P8W28YCa1De7AUdWvA8dm3I\/view?usp=sharing\">Matem\u00e1ticas.<\/a><\/li>\n<li><a href=\"https:\/\/drive.google.com\/file\/d\/1JOB97JpXBpqn3FkTqr3UkjnQhp5YVuOq\/view?usp=sharing\">Lengua Castellana y Literatura.<\/a><\/li>\n<li><a href=\"https:\/\/drive.google.com\/file\/d\/1_YWYJeGT0dosk-xO4DbMXKyeFA4mN181\/view?usp=sharing\">Conocimiento del Medio Natural, Social y Cultural.<\/a><\/li>\n<li><a href=\"https:\/\/drive.google.com\/file\/d\/1Apv6hr7mB87KtyJ_MWmDrd30NbXXv7kA\/view?usp=sharing\">Religi\u00f3n Cat\u00f3lica.<\/a><\/li>\n<li><a href=\"https:\/\/drive.google.com\/file\/d\/1odwBKDzCFh71Lu_hRLUZRbRrqr22loqb\/view?usp=sharing\">Educaci\u00f3n F\u00edsica.<\/a><\/li>\n<li><a href=\"https:\/\/drive.google.com\/file\/d\/1sEIiubBeiIJ5bLbGMiAT5CmDRsA5UK3E\/view?usp=sharing\">Ingl\u00e9s.<\/a><\/li>\n<li><a href=\"https:\/\/drive.google.com\/file\/d\/1W5Ee5DfliR9f87oqXfdTdwu4RLQ_HSWo\/view?usp=sharing\">Franc\u00e9s.<\/a><\/li>\n<li><a href=\"https:\/\/drive.google.com\/file\/d\/1DH-oQlUZ8kIdJNbFJgADScb2g_UO6UTK\/view?usp=sharing\">Educaci\u00f3n art\u00edstica.<\/a><\/li>\n<li><a href=\"https:\/\/drive.google.com\/file\/d\/1cc3pLoZCR9VFwbrorB3sfitw9c_VjkwN\/view?usp=sharing\">Educaci\u00f3n en valores c\u00edvicos y \u00e9ticos.<\/a><\/li>\n<\/ul>\n<p><strong>1\u00ba ESO<\/strong><\/p>\n<ul>\n<li><a href=\"https:\/\/drive.google.com\/file\/d\/1Z-BF5skcejBSEwY1ovOg96Q28aQVMJyn\/view?usp=sharing\">Matem\u00e1ticas.<\/a><\/li>\n<li><a href=\"https:\/\/drive.google.com\/file\/d\/1RPswVhOosMtNb4Q3xYYGNfvJVZl730wV\/view?usp=sharing\">Lengua Castellana y Literatura.<\/a><\/li>\n<li><a href=\"https:\/\/drive.google.com\/file\/d\/1jRzsRf6ayjlEvrLCASJBLQ3mdRMFPqu5\/view?usp=sharing\">Geograf\u00eda e Historia.<\/a><\/li>\n<li><a href=\"https:\/\/drive.google.com\/file\/d\/1rX6QvD_VMhqSY-e08oGtuzVsQkoiFkyb\/view?usp=sharing\">Biolog\u00eda y Geolog\u00eda.<\/a><\/li>\n<li><a href=\"https:\/\/drive.google.com\/file\/d\/12ib0xQd_5i2zIa9NDh8SwgBdolOpyEUP\/view?usp=sharing\">Educaci\u00f3n F\u00edsica.<\/a><\/li>\n<li><a href=\"https:\/\/drive.google.com\/file\/d\/1UFXtERzNFRuzaW4sCKRrGdB1MkqlD5w4\/view?usp=sharing\">Ingl\u00e9s.<\/a><\/li>\n<li><a href=\"https:\/\/drive.google.com\/file\/d\/1XfmccB6hKaPpV3KG4pEhZK4ABzGqRP4T\/view?usp=sharing\">Franc\u00e9s.<\/a><\/li>\n<li><a href=\"https:\/\/drive.google.com\/file\/d\/1xxFAPPElM_glIdK2JQuNe3JztaZyHA_K\/view?usp=sharing\">Educaci\u00f3n pl\u00e1stica, visual y audiovisual.<\/a><\/li>\n<li><a href=\"https:\/\/drive.google.com\/file\/d\/19dCirEBM0jAr1TEIHlJK0CTblmCjEeMB\/view?usp=sharing\">Oratoria y debate.<\/a><\/li>\n<\/ul>\n<p><strong>2\u00ba ESO<\/strong><\/p>\n<ul>\n<li><a href=\"https:\/\/drive.google.com\/file\/d\/1wFszay7Z8IQZx1q-y02JbQPdHGFYTOx4\/view?usp=sharing\">Matem\u00e1ticas.<\/a><\/li>\n<li><a href=\"https:\/\/drive.google.com\/file\/d\/1nb1usB-IWYls9P7RqbtWfkK97Yp-y7Tw\/view?usp=sharing\">Lengua Castellana y Literatura.<\/a><\/li>\n<li><a href=\"https:\/\/drive.google.com\/file\/d\/1nb1usB-IWYls9P7RqbtWfkK97Yp-y7Tw\/view?usp=sharing\">Geograf\u00eda e Historia.<\/a><\/li>\n<li><a href=\"https:\/\/drive.google.com\/file\/d\/11sEGLDWwVJFCQbfiqiQDTGC1laLzK0cw\/view?usp=sharing\">Tecnolog\u00eda y digitalizaci\u00f3n.<\/a><\/li>\n<li><a href=\"https:\/\/drive.google.com\/file\/d\/1KDJMM3_rvxm8NLExA12kGTed3bhQoIVK\/view?usp=sharing\">F\u00edsica y Qu\u00edmica.<\/a><\/li>\n<li><a href=\"https:\/\/drive.google.com\/file\/d\/1qPGSGS8IcMmbEAap16HJDtCuykKnHfrx\/view?usp=sharing\">Educaci\u00f3n F\u00edsica.<\/a><\/li>\n<li><a href=\"https:\/\/drive.google.com\/file\/d\/1Ojhkexrh2Q5fjF0dnVqfktWQ-Q52pgxu\/view?usp=sharing\">Ingl\u00e9s.<\/a><\/li>\n<li><a href=\"https:\/\/drive.google.com\/file\/d\/13M9JTzIbiIWQkU3PxONcS1moG6Rg-js4\/view?usp=sharing\">Franc\u00e9s.<\/a><\/li>\n<li><a href=\"https:\/\/drive.google.com\/file\/d\/1rFOQbNbm1HbG533dVBBQ3F4tQWTcyXl_\/view?usp=sharing\">M\u00fasica.<\/a><\/li>\n<li><a href=\"https:\/\/drive.google.com\/file\/d\/15yArFcogmf-EqhtJd5W2YS7VAiKUegY6\/view?usp=sharing\">Educaci\u00f3n en valores c\u00edvicos y \u00e9ticos.<\/a><\/li>\n<\/ul>\n","protected":false},"excerpt":{"rendered":"<p>En las programaciones did\u00e1cticas confeccionadas para el presente curso escolar 2024\/2025 por el profesorado del centro se hallan los criterios de evaluaci\u00f3n para cada una de las \u00e1reas que se imparten.&nbsp;De este modo, pinchando&#46;&#46;&#46;<\/p>\n","protected":false},"author":5528,"featured_media":0,"parent":603,"menu_order":0,"comment_status":"closed","ping_status":"closed","template":"","meta":{"ngg_post_thumbnail":0,"footnotes":""},"aioseo_notices":[],"_links":{"self":[{"href":"https:\/\/blogsaverroes.juntadeandalucia.es\/ceipnuestrasenoradebelen\/wp-json\/wp\/v2\/pages\/1920"}],"collection":[{"href":"https:\/\/blogsaverroes.juntadeandalucia.es\/ceipnuestrasenoradebelen\/wp-json\/wp\/v2\/pages"}],"about":[{"href":"https:\/\/blogsaverroes.juntadeandalucia.es\/ceipnuestrasenoradebelen\/wp-json\/wp\/v2\/types\/page"}],"author":[{"embeddable":true,"href":"https:\/\/blogsaverroes.juntadeandalucia.es\/ceipnuestrasenoradebelen\/wp-json\/wp\/v2\/users\/5528"}],"replies":[{"embeddable":true,"href":"https:\/\/blogsaverroes.juntadeandalucia.es\/ceipnuestrasenoradebelen\/wp-json\/wp\/v2\/comments?post=1920"}],"version-history":[{"count":46,"href":"https:\/\/blogsaverroes.juntadeandalucia.es\/ceipnuestrasenoradebelen\/wp-json\/wp\/v2\/pages\/1920\/revisions"}],"predecessor-version":[{"id":3683,"href":"https:\/\/blogsaverroes.juntadeandalucia.es\/ceipnuestrasenoradebelen\/wp-json\/wp\/v2\/pages\/1920\/revisions\/3683"}],"up":[{"embeddable":true,"href":"https:\/\/blogsaverroes.juntadeandalucia.es\/ceipnuestrasenoradebelen\/wp-json\/wp\/v2\/pages\/603"}],"wp:attachment":[{"href":"https:\/\/blogsaverroes.juntadeandalucia.es\/ceipnuestrasenoradebelen\/wp-json\/wp\/v2\/media?parent=1920"}],"curies":[{"name":"wp","href":"https:\/\/api.w.org\/{rel}","templated":true}]}}