{"id":227,"date":"2020-02-04T12:24:36","date_gmt":"2020-02-04T12:24:36","guid":{"rendered":"https:\/\/blogsaverroes.juntadeandalucia.es\/ceipnuestrasenoradebelen\/?page_id=227"},"modified":"2023-06-16T15:09:31","modified_gmt":"2023-06-16T15:09:31","slug":"plan-de-centro","status":"publish","type":"page","link":"https:\/\/blogsaverroes.juntadeandalucia.es\/ceipnuestrasenoradebelen\/el-centro\/documentos-de-centro\/plan-de-centro\/","title":{"rendered":""},"content":{"rendered":"<h1 class=\"entry-title\">PLAN DE CENTRO<\/h1>\n<p>En el Plan de Centro del CEIP Nuestra Se\u00f1ora de Bel\u00e9n est\u00e1n recogidas sus se\u00f1as de identidad, constituyendo el aut\u00e9ntico referente, con car\u00e1cter sist\u00e9mico e integrador, del principio de autonom\u00eda pedag\u00f3gica, de organizaci\u00f3n y de gesti\u00f3n del centro educativo.<\/p>\n<p>Tal y como establece la Ley 17\/2007, de 10 de diciembre, de Educaci\u00f3n de Andaluc\u00eda, en su Art\u00edculo 126, los documentos se halla integrado por los siguientes documentos: el Proyecto Educativo, el Reglamento de Organizaci\u00f3n y Funcionamiento y el Proyecto de Gesti\u00f3n.<\/p>\n<p>Tal y como establece el Decreto 328\/2010, de 13 de julio, por el que se aprueba el Reglamento Org\u00e1nico de las escuelas infantiles de segundo grado, de los colegios de educaci\u00f3n primaria, de los colegios de educaci\u00f3n infantil y primaria, y de los centros p\u00fablicos espec\u00edficos de educaci\u00f3n especial, en su art\u00edculo 20:<\/p>\n<ul>\n<li><em>El Plan de Centro ser\u00e1 elaborado por el equipo directivo y aprobado por el Consejo Escolar, sin perjuicio de las competencias atribuidas al Claustro de Profesorado en el apartado siguiente. En su elaboraci\u00f3n el equipo directivo requerir\u00e1 la colaboraci\u00f3n e implicaci\u00f3n del equipo t\u00e9cnico de coordinaci\u00f3n pedag\u00f3gica y de otros \u00f3rganos de coordinaci\u00f3n docente.<\/em><\/li>\n<li><em>El Claustro de Profesorado formular\u00e1 propuestas al equipo directivo para la elaboraci\u00f3n del Plan de Centro, fijar\u00e1 criterios referentes a la orientaci\u00f3n y tutor\u00eda del alumnado, informar\u00e1 el reglamento de organizaci\u00f3n y funcionamiento y aprobar\u00e1 y evaluar\u00e1 los aspectos educativos del Plan de Centro a que se refieren las letras b), c), d), e), f), g), k), n) y \u00f1) del art\u00edculo 21.3.<\/em><\/li>\n<li><em>El Plan de Centro tendr\u00e1 un car\u00e1cter plurianual, obligar\u00e1 a todo el personal del centro y vincular\u00e1 a la comunidad educativa del mismo. Se podr\u00e1 actualizar o modificar, en su caso, tras los procesos de autoevaluaci\u00f3n a que se refiere el art\u00edculo 26 o a propuesta del director o directora en funci\u00f3n de su proyecto de direcci\u00f3n.<\/em><\/li>\n<li><em>El Plan de Centro ser\u00e1 p\u00fablico y se facilitar\u00e1 su conocimiento por la comunidad educativa y la ciudadan\u00eda en general.<\/em><\/li>\n<\/ul>\n<p>En los siguientes enlaces podr\u00e1 consultar toda la documentaci\u00f3n relacionada con anterioridad:<\/p>\n<ul>\n<li><a href=\"https:\/\/drive.google.com\/file\/d\/1gqFWssn2VSqincTW5ZOTIvEP_T6m85Vm\/view?usp=sharing\">PROYECTO EDUCATIVO<\/a>.<\/li>\n<li><a href=\"https:\/\/drive.google.com\/file\/d\/1j_By8GMZqtXutd2uoi_RC6iUVNoobwKN\/view?usp=sharing\">REGLAMENTO DE ORGANIZACI\u00d3N Y FUNCIONAMIENTO<\/a>.<\/li>\n<li><a href=\"https:\/\/drive.google.com\/file\/d\/1lBMf0m98M_G0wo9qgdUZZc4qTLmTtX9r\/view?usp=sharing\">PROYECTO DE GESTI\u00d3N<\/a><a href=\"https:\/\/drive.google.com\/file\/d\/1WkF4GDvJVf6T1TvwiXjviY9IY4cetXP2\/view?usp=sharing\">.<\/a><\/li>\n<\/ul>\n<p>&nbsp;<\/p>\n","protected":false},"excerpt":{"rendered":"<p>PLAN DE CENTRO En el Plan de Centro del CEIP Nuestra Se\u00f1ora de Bel\u00e9n est\u00e1n recogidas sus se\u00f1as de identidad, constituyendo el aut\u00e9ntico referente, con car\u00e1cter sist\u00e9mico e integrador, del principio de autonom\u00eda pedag\u00f3gica,&#46;&#46;&#46;<\/p>\n","protected":false},"author":5528,"featured_media":0,"parent":603,"menu_order":1,"comment_status":"closed","ping_status":"closed","template":"","meta":{"ngg_post_thumbnail":0,"footnotes":""},"aioseo_notices":[],"_links":{"self":[{"href":"https:\/\/blogsaverroes.juntadeandalucia.es\/ceipnuestrasenoradebelen\/wp-json\/wp\/v2\/pages\/227"}],"collection":[{"href":"https:\/\/blogsaverroes.juntadeandalucia.es\/ceipnuestrasenoradebelen\/wp-json\/wp\/v2\/pages"}],"about":[{"href":"https:\/\/blogsaverroes.juntadeandalucia.es\/ceipnuestrasenoradebelen\/wp-json\/wp\/v2\/types\/page"}],"author":[{"embeddable":true,"href":"https:\/\/blogsaverroes.juntadeandalucia.es\/ceipnuestrasenoradebelen\/wp-json\/wp\/v2\/users\/5528"}],"replies":[{"embeddable":true,"href":"https:\/\/blogsaverroes.juntadeandalucia.es\/ceipnuestrasenoradebelen\/wp-json\/wp\/v2\/comments?post=227"}],"version-history":[{"count":33,"href":"https:\/\/blogsaverroes.juntadeandalucia.es\/ceipnuestrasenoradebelen\/wp-json\/wp\/v2\/pages\/227\/revisions"}],"predecessor-version":[{"id":2723,"href":"https:\/\/blogsaverroes.juntadeandalucia.es\/ceipnuestrasenoradebelen\/wp-json\/wp\/v2\/pages\/227\/revisions\/2723"}],"up":[{"embeddable":true,"href":"https:\/\/blogsaverroes.juntadeandalucia.es\/ceipnuestrasenoradebelen\/wp-json\/wp\/v2\/pages\/603"}],"wp:attachment":[{"href":"https:\/\/blogsaverroes.juntadeandalucia.es\/ceipnuestrasenoradebelen\/wp-json\/wp\/v2\/media?parent=227"}],"curies":[{"name":"wp","href":"https:\/\/api.w.org\/{rel}","templated":true}]}}

<h1 class="entry-title">PLAN DE CENTRO</h1>
<p>En el Plan de Centro del CEIP Nuestra Señora de Belén están recogidas sus señas de identidad, constituyendo el auténtico referente, con carácter sistémico e integrador, del principio de autonomía pedagógica, de organización y de gestión del centro educativo.</p>
<p>Tal y como establece la Ley 17/2007, de 10 de diciembre, de Educación de Andalucía, en su Artículo 126, los documentos se halla integrado por los siguientes documentos: el Proyecto Educativo, el Reglamento de Organización y Funcionamiento y el Proyecto de Gestión.</p>
<p>Tal y como establece el Decreto 328/2010, de 13 de julio, por el que se aprueba el Reglamento Orgánico de las escuelas infantiles de segundo grado, de los colegios de educación primaria, de los colegios de educación infantil y primaria, y de los centros públicos específicos de educación especial, en su artículo 20:</p>
<ul>
<li><em>El Plan de Centro será elaborado por el equipo directivo y aprobado por el Consejo Escolar, sin perjuicio de las competencias atribuidas al Claustro de Profesorado en el apartado siguiente. En su elaboración el equipo directivo requerirá la colaboración e implicación del equipo técnico de coordinación pedagógica y de otros órganos de coordinación docente.</em></li>
<li><em>El Claustro de Profesorado formulará propuestas al equipo directivo para la elaboración del Plan de Centro, fijará criterios referentes a la orientación y tutoría del alumnado, informará el reglamento de organización y funcionamiento y aprobará y evaluará los aspectos educativos del Plan de Centro a que se refieren las letras b), c), d), e), f), g), k), n) y ñ) del artículo 21.3.</em></li>
<li><em>El Plan de Centro tendrá un carácter plurianual, obligará a todo el personal del centro y vinculará a la comunidad educativa del mismo. Se podrá actualizar o modificar, en su caso, tras los procesos de autoevaluación a que se refiere el artículo 26 o a propuesta del director o directora en función de su proyecto de dirección.</em></li>
<li><em>El Plan de Centro será público y se facilitará su conocimiento por la comunidad educativa y la ciudadanía en general.</em></li>
</ul>
<p>En los siguientes enlaces podrá consultar toda la documentación relacionada con anterioridad:</p>
<ul>
<li><a href="https://drive.google.com/file/d/1gqFWssn2VSqincTW5ZOTIvEP_T6m85Vm/view?usp=sharing">PROYECTO EDUCATIVO</a>.</li>
<li><a href="https://drive.google.com/file/d/1j_By8GMZqtXutd2uoi_RC6iUVNoobwKN/view?usp=sharing">REGLAMENTO DE ORGANIZACIÓN Y FUNCIONAMIENTO</a>.</li>
<li><a href="https://drive.google.com/file/d/1lBMf0m98M_G0wo9qgdUZZc4qTLmTtX9r/view?usp=sharing">PROYECTO DE GESTIÓN</a><a href="https://drive.google.com/file/d/1WkF4GDvJVf6T1TvwiXjviY9IY4cetXP2/view?usp=sharing">.</a></li>
</ul>
<p>&nbsp;</p>

<p>PLAN DE CENTRO En el Plan de Centro del CEIP Nuestra Señora de Belén están recogidas sus señas de identidad, constituyendo el auténtico referente, con carácter sistémico e integrador, del principio de autonomía pedagógica,&#46;&#46;&#46;</p>
