{"id":458,"date":"2022-10-10T11:55:02","date_gmt":"2022-10-10T11:55:02","guid":{"rendered":"https:\/\/blogsaverroes.juntadeandalucia.es\/ceipnuestrasenoradebelen\/?page_id=458"},"modified":"2023-11-24T18:48:58","modified_gmt":"2023-11-24T18:48:58","slug":"erasmus","status":"publish","type":"page","link":"https:\/\/blogsaverroes.juntadeandalucia.es\/ceipnuestrasenoradebelen\/erasmus\/","title":{"rendered":"Erasmus +"},"content":{"rendered":"<div class=\"masthead-heading\">&nbsp;<\/div>\n<div>\n<div class=\"text-center\">\n<h2 class=\"section-heading text-uppercase\" style=\"text-align: left\">ERASMUS+ 2021-2027<\/h2>\n<h3 style=\"text-align: left\">El programa europeo para la educaci\u00f3n y la formaci\u00f3n, la juventud y el deporte.<\/h3>\n<h2 class=\"section-heading text-uppercase\">\u00bfQU\u00c9 ES?<\/h2>\n<h3 class=\"section-subheading text-muted\">Erasmus+ es el programa de la Uni\u00f3n Europea que ofrece&nbsp;<strong>oportunidades para todas las personas, en todos sus \u00e1mbitos y sectores educativos:<\/strong><\/h3>\n<table style=\"border-collapse: collapse;width: 100%\">\n<tbody>\n<tr>\n<td style=\"width: 33.3333%\">\n<div class=\"logosabajo\"><img decoding=\"async\" src=\"http:\/\/www.erasmusplus.gob.es\/img\/Word_SEPIE500.jpg\" alt=\"SEPIE\" width=\"200px\"><\/div>\n<h4 class=\"my-3 text-center\">Educaci\u00f3n y formaci\u00f3n<\/h4>\n<h4 class=\"my-3 text-center\"><a title=\"Educaci\u00f3n Escolar\" href=\"http:\/\/sepie.es\/educacion-escolar\/index.html\">Educaci\u00f3n Escolar<\/a><\/h4>\n<\/td>\n<td style=\"width: 33.3333%\">\n<div class=\"logosabajo\"><img decoding=\"async\" src=\"http:\/\/www.erasmusplus.gob.es\/img\/Logoanex300.jpg\" alt=\"Juventud\" width=\"200px\"><\/div>\n<h4 class=\"my-3\">Juventud<\/h4>\n<h4 class=\"my-3\"><a title=\"Acceso a Juventud\" href=\"http:\/\/www.injuve.es\/erasmusplus\/portada\">Acceso a Juventud<\/a><\/h4>\n<\/td>\n<td style=\"width: 33.3333%\">\n<div class=\"logosabajo\"><img decoding=\"async\" src=\"http:\/\/www.erasmusplus.gob.es\/img\/comision_europeax300b.jpg\" alt=\"Juventud\" width=\"200px\"><\/div>\n<h4 class=\"my-3\">Deporte<\/h4>\n<h4 class=\"my-3\"><a title=\"Acceso a Deporte\" href=\"https:\/\/sport.ec.europa.eu\/\">Acceso a Deporte<\/a><\/h4>\n<\/td>\n<\/tr>\n<\/tbody>\n<\/table>\n<h2 class=\"section-heading text-uppercase text-center\">OBJETIVO<\/h2>\n<p>Promocionar la&nbsp;<strong>movilidad educativa<\/strong>&nbsp;de las personas y los colectivos, tanto del alumnado como del personal, as\u00ed como la&nbsp;<strong>cooperaci\u00f3n<\/strong>, la calidad, la inclusi\u00f3n y la equidad, la excelencia, la creatividad y la innovaci\u00f3n a nivel de las organizaciones y las pol\u00edticas a trav\u00e9s del aprendizaje permanente, el desarrollo educativo, profesional y personal de las personas en los \u00e1mbitos de la educaci\u00f3n y la formaci\u00f3n, la juventud y el deporte, dentro de Europa y fuera de su territorio, contribuyendo as\u00ed al crecimiento sostenible, al empleo de calidad y a la cohesi\u00f3n social, adem\u00e1s de a impulsar la innovaci\u00f3n y&nbsp;<strong>fortalecer la identidad europea, la ciudadan\u00eda activa y la participaci\u00f3n en la vida democr\u00e1tica<\/strong>.<\/p>\n<\/div>\n<h2 class=\"section-heading text-uppercase text-center\">PRESUPUESTO<\/h2>\n<p><strong>Erasmus+ 2021-2027<\/strong>&nbsp;cuenta con un presupuesto de&nbsp;<strong>algo m\u00e1s de 28.000 millones de euros<\/strong>&nbsp;para toda Europa y es&nbsp;<strong>m\u00e1s inclusivo, m\u00e1s digital y m\u00e1s sostenible con el medio ambiente, apoyando la transformaci\u00f3n digital, la inclusi\u00f3n y la diversidad, adem\u00e1s del medio ambiente y la lucha contra el cambio clim\u00e1tico<\/strong>.<\/p>\n<p>Gracias a este renovado Programa, se financiar\u00e1n proyectos de movilidad y cooperaci\u00f3n transfronteriza relacionados con el aprendizaje para&nbsp;<strong>10 millones de personas de todas las edades y de todos los or\u00edgenes<\/strong>.<\/p>\n<div class=\"text-center\">\n<h2 class=\"section-heading text-uppercase\">PRIORIDADES<\/h2>\n<div><img loading=\"lazy\" decoding=\"async\" class=\"\" src=\"http:\/\/www.erasmusplus.gob.es\/img\/inclusion.svg\" alt=\"Inclusi\u00f3n\" width=\"82\" height=\"82\"><\/div>\n<div class=\"text-center\"><strong>Erasmus+ es m\u00e1s inclusivo<\/strong>, ya que ofrece&nbsp;<strong>mayores oportunidades a todo tipo de personas, incluidas las personas con or\u00edgenes culturales, sociales y econ\u00f3micos diversos<\/strong>. Con Erasmus+, se simplifican los tr\u00e1mites de solicitud para que las organizaciones m\u00e1s peque\u00f1as puedan presentar solicitudes gracias a las asociaciones a peque\u00f1a escala, con dos opciones de subvenci\u00f3n simplificadas.<\/div>\n<div>&nbsp;<\/div>\n<\/div>\n<div class=\"col-md-3\">\n<p class=\"text-center\"><img loading=\"lazy\" decoding=\"async\" src=\"http:\/\/www.erasmusplus.gob.es\/img\/digital.svg\" alt=\"Digital\" width=\"80\" height=\"80\"><\/p>\n<p class=\"text-center\"><strong>Erasmus+ es m\u00e1s digital<\/strong>, puesto que apoya el desarrollo de capacidades digitales, en consonancia con el&nbsp;<a title=\"Plan de Acci\u00f3n de Educaci\u00f3n Digital (2021-2027) de la Comisi\u00f3n Europea\" href=\"https:\/\/ec.europa.eu\/education\/education-in-the-eu\/digital-education-action-plan_es\">Plan de Acci\u00f3n de Educaci\u00f3n Digital (2021-2027) de la Comisi\u00f3n Europea<\/a>.<\/p>\n<\/div>\n<div class=\"col-md-3\">\n<p class=\"text-center\"><img loading=\"lazy\" decoding=\"async\" src=\"http:\/\/www.erasmusplus.gob.es\/img\/sostenible.svg\" alt=\"Sostenible\" width=\"80\" height=\"80\"><\/p>\n<p class=\"text-muted\"><strong>Erasmus+ es m\u00e1s sostenible con el medio ambiente<\/strong>, conforme al&nbsp;<a title=\"\" href=\"https:\/\/ec.europa.eu\/info\/strategy\/priorities-2019-2024\/european-green-deal_es\">Pacto Verde Europeo<\/a>, ya que el Programa promueve que los participantes utilicen medios de transporte m\u00e1s sostenibles como el tren y el autob\u00fas, adem\u00e1s de fomentar proyectos que impulsen la sensibilizaci\u00f3n sobre cuestiones medioambientales.<\/p>\n<\/div>\n<div class=\"col-md-3\">\n<p class=\"text-center\"><img loading=\"lazy\" decoding=\"async\" src=\"http:\/\/www.erasmusplus.gob.es\/img\/participacion.svg\" alt=\"Participaci\u00f3n\" width=\"80\" height=\"80\"><\/p>\n<p class=\"text-muted\"><strong>Erasmus+ impulsa la participaci\u00f3n ciudadana en la vida democr\u00e1tica<\/strong>. Adem\u00e1s, potencia la&nbsp;<strong>identidad europea<\/strong>, apoya la&nbsp;<strong>ciudadan\u00eda activa<\/strong>&nbsp;y la&nbsp;<strong>\u00e9tica en el aprendizaje permanente<\/strong>, impulsa el desarrollo de competencias sociales e interculturales, el pensamiento cr\u00edtico y la&nbsp;<strong>alfabetizaci\u00f3n medi\u00e1tica<\/strong>.<\/p>\n<div class=\"text-center\">\n<h2 class=\"section-heading text-uppercase\">\u00bfQUI\u00c9N GESTIONA EL PROGRAMA ERASMUS+?<\/h2>\n<div class=\"text-center\">La Comisi\u00f3n Europea (CE) es la responsable \u00faltima del desarrollo del programa Erasmus+ y su ejecuci\u00f3n se lleva a cabo con:<\/div>\n<\/div>\n<div class=\"row text-justify\">\n<div class=\"col-md-5\">\n<ul>\n<li>La gesti\u00f3n directa de las Acciones centralizadas por la CE o la Agencia Ejecutiva Europea de Educaci\u00f3n y Cultura (EACEA).<\/li>\n<li>La gesti\u00f3n indirecta de las Acciones descentralizadas por parte de las Agencias Nacionales establecidas en los pa\u00edses del programa Erasmus+.<\/li>\n<\/ul>\n<p>La acci\u00f3n \u2018Erasmus+ Deporte\u2019 est\u00e1 gestionada directamente por la Comisi\u00f3n Europea a trav\u00e9s de su Agencia Ejecutiva Europea de Educaci\u00f3n y Cultura (EACEA).<\/p>\n<\/div>\n<div class=\"col-md-5\">\n<p>En Espa\u00f1a son dos las organizaciones designadas como Agencias Nacionales para la gesti\u00f3n coordinada del programa Erasmus+:<\/p>\n<ul>\n<li>El Servicio Espa\u00f1ol para la Internacionalizaci\u00f3n de la Educaci\u00f3n (<a title=\"SEPIE\" href=\"http:\/\/sepie.es\/\">SEPIE<\/a>), para el \u00e1mbito de la educaci\u00f3n y la formaci\u00f3n.<\/li>\n<li>La Agencia Nacional Espa\u00f1ola (<a title=\"ANE\" href=\"http:\/\/www.injuve.es\/erasmusplus\/portada\">ANE<\/a>), integrada en el Instituto de la Juventud (INJUVE) para el \u00e1mbito de la juventud.<\/li>\n<\/ul>\n<\/div>\n<\/div>\n<\/div>\n<\/div>\n","protected":false},"excerpt":{"rendered":"<p>&nbsp; ERASMUS+ 2021-2027 El programa europeo para la educaci\u00f3n y la formaci\u00f3n, la juventud y el deporte. \u00bfQU\u00c9 ES? Erasmus+ es el programa de la Uni\u00f3n Europea que ofrece&nbsp;oportunidades para todas las personas, en&#46;&#46;&#46;<\/p>\n","protected":false},"author":5528,"featured_media":0,"parent":0,"menu_order":0,"comment_status":"closed","ping_status":"closed","template":"","meta":{"ngg_post_thumbnail":0,"footnotes":""},"aioseo_notices":[],"_links":{"self":[{"href":"https:\/\/blogsaverroes.juntadeandalucia.es\/ceipnuestrasenoradebelen\/wp-json\/wp\/v2\/pages\/458"}],"collection":[{"href":"https:\/\/blogsaverroes.juntadeandalucia.es\/ceipnuestrasenoradebelen\/wp-json\/wp\/v2\/pages"}],"about":[{"href":"https:\/\/blogsaverroes.juntadeandalucia.es\/ceipnuestrasenoradebelen\/wp-json\/wp\/v2\/types\/page"}],"author":[{"embeddable":true,"href":"https:\/\/blogsaverroes.juntadeandalucia.es\/ceipnuestrasenoradebelen\/wp-json\/wp\/v2\/users\/5528"}],"replies":[{"embeddable":true,"href":"https:\/\/blogsaverroes.juntadeandalucia.es\/ceipnuestrasenoradebelen\/wp-json\/wp\/v2\/comments?post=458"}],"version-history":[{"count":4,"href":"https:\/\/blogsaverroes.juntadeandalucia.es\/ceipnuestrasenoradebelen\/wp-json\/wp\/v2\/pages\/458\/revisions"}],"predecessor-version":[{"id":2022,"href":"https:\/\/blogsaverroes.juntadeandalucia.es\/ceipnuestrasenoradebelen\/wp-json\/wp\/v2\/pages\/458\/revisions\/2022"}],"wp:attachment":[{"href":"https:\/\/blogsaverroes.juntadeandalucia.es\/ceipnuestrasenoradebelen\/wp-json\/wp\/v2\/media?parent=458"}],"curies":[{"name":"wp","href":"https:\/\/api.w.org\/{rel}","templated":true}]}}